CRAN Package Check Results for Package ML2Pvae

Last updated on 2025-02-04 05:50:25 CET.

Flavor Version Tinstall Tcheck Ttotal Status Flags
r-devel-linux-x86_64-debian-clang 1.0.0.1 2.22 27.05 29.27 OK
r-devel-linux-x86_64-debian-gcc 1.0.0.1 1.80 21.09 22.89 OK
r-devel-linux-x86_64-fedora-clang 1.0.0.1 48.91 NOTE
r-devel-linux-x86_64-fedora-gcc 1.0.0.1 58.17 NOTE
r-devel-windows-x86_64 1.0.0.1 4.00 51.00 55.00 OK
r-patched-linux-x86_64 1.0.0.1 2.22 25.63 27.85 OK
r-release-linux-x86_64 1.0.0.1 2.26 25.66 27.92 OK
r-release-macos-arm64 1.0.0.1 23.00 OK
r-release-macos-x86_64 1.0.0.1 44.00 OK
r-release-windows-x86_64 1.0.0.1 4.00 50.00 54.00 OK
r-oldrel-macos-arm64 1.0.0.1 28.00 OK
r-oldrel-macos-x86_64 1.0.0.1 33.00 OK
r-oldrel-windows-x86_64 1.0.0.1 5.00 53.00 58.00 OK

Additional issues

donttest

Check Details

Version: 1.0.0.1
Check: dependencies in R code
Result: NOTE Namespace in Imports field not imported from: ‘reticulate’ All declared Imports should be used. Flavors: r-devel-linux-x86_64-fedora-clang, r-devel-linux-x86_64-fedora-gcc