Last updated on 2025-02-10 03:49:24 CET.
Flavor | Version | Tinstall | Tcheck | Ttotal | Status | Flags |
---|---|---|---|---|---|---|
r-devel-linux-x86_64-debian-clang | 1.3.7 | 28.52 | 163.72 | 192.24 | NOTE | |
r-devel-linux-x86_64-debian-gcc | 1.3.7 | 22.37 | 116.40 | 138.77 | NOTE | |
r-devel-linux-x86_64-fedora-clang | 1.3.7 | 316.22 | NOTE | |||
r-devel-linux-x86_64-fedora-gcc | 1.3.7 | 311.53 | NOTE | |||
r-devel-windows-x86_64 | 1.3.7 | 34.00 | 214.00 | 248.00 | OK | |
r-patched-linux-x86_64 | 1.3.7 | 29.56 | 151.19 | 180.75 | NOTE | |
r-release-linux-x86_64 | 1.3.7 | 27.80 | 152.06 | 179.86 | NOTE | |
r-release-macos-arm64 | 1.3.7 | 109.00 | OK | |||
r-release-macos-x86_64 | 1.3.7 | 227.00 | OK | |||
r-release-windows-x86_64 | 1.3.7 | 32.00 | 218.00 | 250.00 | OK | |
r-oldrel-macos-arm64 | 1.3.7 | 124.00 | OK | |||
r-oldrel-macos-x86_64 | 1.3.7 | 187.00 | OK | |||
r-oldrel-windows-x86_64 | 1.3.7 | 44.00 | 282.00 | 326.00 | OK |
Version: 1.3.7
Check: for non-standard things in the check directory
Result: NOTE
Found the following files/directories:
‘Data_Correlation.txt’ ‘correlation_FDR_table.txt’
Flavors: r-devel-linux-x86_64-debian-clang, r-devel-linux-x86_64-debian-gcc, r-devel-linux-x86_64-fedora-clang, r-devel-linux-x86_64-fedora-gcc, r-patched-linux-x86_64, r-release-linux-x86_64