Last updated on 2024-08-17 05:49:25 CEST.
Flavor | Version | Tinstall | Tcheck | Ttotal | Status | Flags |
---|---|---|---|---|---|---|
r-devel-linux-x86_64-debian-clang | 0.8.4 | 49.73 | 38.73 | 88.46 | NOTE | |
r-devel-linux-x86_64-debian-gcc | 0.8.4 | 35.35 | 30.08 | 65.43 | NOTE | |
r-devel-linux-x86_64-fedora-clang | 0.8.4 | 187.17 | NOTE | |||
r-devel-linux-x86_64-fedora-gcc | 0.8.4 | 183.16 | NOTE | |||
r-devel-windows-x86_64 | 0.8.4 | 60.00 | 92.00 | 152.00 | NOTE | |
r-patched-linux-x86_64 | 0.8.4 | 48.94 | 37.13 | 86.07 | NOTE | |
r-release-linux-x86_64 | 0.8.4 | 47.99 | 37.11 | 85.10 | NOTE | |
r-release-macos-arm64 | 0.8.4 | 55.00 | NOTE | |||
r-release-macos-x86_64 | 0.8.4 | 71.00 | NOTE | |||
r-release-windows-x86_64 | 0.8.4 | 59.00 | 97.00 | 156.00 | NOTE | |
r-oldrel-macos-arm64 | 0.8.4 | 57.00 | OK | |||
r-oldrel-macos-x86_64 | 0.8.4 | 109.00 | OK | |||
r-oldrel-windows-x86_64 | 0.8.4 | 55.00 | 101.00 | 156.00 | OK |
Version: 0.8.4
Check: Rd files
Result: NOTE
checkRd: (-1) laf_open.Rd:10: Lost braces; missing escapes or markup?
10 | \item{model}{a {data model}, such as one returned by \link{read_dm} or
| ^
Flavors: r-devel-linux-x86_64-debian-clang, r-devel-linux-x86_64-debian-gcc, r-devel-linux-x86_64-fedora-clang, r-devel-linux-x86_64-fedora-gcc, r-devel-windows-x86_64, r-patched-linux-x86_64, r-release-linux-x86_64, r-release-macos-arm64, r-release-macos-x86_64, r-release-windows-x86_64