Last updated on 2025-02-04 05:50:22 CET.
Flavor | Version | Tinstall | Tcheck | Ttotal | Status | Flags |
---|---|---|---|---|---|---|
r-devel-linux-x86_64-debian-clang | 0.3 | 1.78 | 18.21 | 19.99 | NOTE | |
r-devel-linux-x86_64-debian-gcc | 0.3 | 1.59 | 14.41 | 16.00 | NOTE | |
r-devel-linux-x86_64-fedora-clang | 0.3 | 32.82 | NOTE | |||
r-devel-linux-x86_64-fedora-gcc | 0.3 | 29.19 | NOTE | |||
r-devel-windows-x86_64 | 0.3 | 3.00 | 40.00 | 43.00 | OK | |
r-patched-linux-x86_64 | 0.3 | 1.73 | 16.48 | 18.21 | OK | |
r-release-linux-x86_64 | 0.3 | 1.76 | 16.81 | 18.57 | OK | |
r-release-macos-arm64 | 0.3 | 15.00 | OK | |||
r-release-macos-x86_64 | 0.3 | 20.00 | OK | |||
r-release-windows-x86_64 | 0.3 | 4.00 | 41.00 | 45.00 | OK | |
r-oldrel-macos-arm64 | 0.3 | 18.00 | OK | |||
r-oldrel-macos-x86_64 | 0.3 | 19.00 | OK | |||
r-oldrel-windows-x86_64 | 0.3 | 3.00 | 42.00 | 45.00 | OK |
Version: 0.3
Check: for unstated dependencies in ‘demo’
Result: NOTE
'library' or 'require' calls not declared from:
‘MCMCglmm’ ‘car’ ‘coda’ ‘emmeans’ ‘lattice’ ‘outliers’
Flavors: r-devel-linux-x86_64-debian-clang, r-devel-linux-x86_64-debian-gcc
Version: 0.3
Check: dependencies in R code
Result: NOTE
Namespaces in Imports field not imported from:
‘lme4’ ‘metafor’ ‘nlme’
All declared Imports should be used.
Flavors: r-devel-linux-x86_64-fedora-clang, r-devel-linux-x86_64-fedora-gcc