CRAN Package Check Results for Package IsoSpecR

Last updated on 2025-04-14 04:51:49 CEST.

Flavor Version Tinstall Tcheck Ttotal Status Flags
r-devel-linux-x86_64-debian-clang 2.1.3 23.06 23.64 46.70 NOTE
r-devel-linux-x86_64-debian-gcc 2.1.3 17.54 19.41 36.95 NOTE
r-devel-linux-x86_64-fedora-gcc 2.1.3 81.97 NOTE
r-devel-macos-arm64 2.1.3 30.00 NOTE
r-devel-macos-x86_64 2.1.3 34.00 NOTE
r-devel-windows-x86_64 2.1.3 35.00 62.00 97.00 NOTE
r-patched-linux-x86_64 2.1.3 22.63 23.83 46.46 NOTE
r-release-linux-x86_64 2.1.3 23.33 23.66 46.99 NOTE
r-release-macos-arm64 2.1.3 25.00 NOTE
r-release-macos-x86_64 2.1.3 31.00 NOTE
r-release-windows-x86_64 2.1.3 34.00 72.00 106.00 NOTE
r-oldrel-macos-arm64 2.1.3 NOTE
r-oldrel-macos-x86_64 2.1.3 45.00 NOTE
r-oldrel-windows-x86_64 2.1.3 34.00 70.00 104.00 NOTE

Check Details

Version: 2.1.3
Check: C++ specification
Result: NOTE Specified C++14: please drop specification unless essential Flavors: r-devel-linux-x86_64-debian-clang, r-devel-linux-x86_64-debian-gcc, r-devel-linux-x86_64-fedora-gcc, r-devel-macos-arm64, r-devel-macos-x86_64, r-devel-windows-x86_64, r-patched-linux-x86_64, r-release-linux-x86_64, r-release-macos-arm64, r-release-macos-x86_64, r-release-windows-x86_64, r-oldrel-macos-arm64, r-oldrel-macos-x86_64, r-oldrel-windows-x86_64