Last updated on 2025-02-10 03:49:20 CET.
Flavor | Version | Tinstall | Tcheck | Ttotal | Status | Flags |
---|---|---|---|---|---|---|
r-devel-linux-x86_64-debian-clang | 0.0.0.2 | 1.73 | 18.56 | 20.29 | OK | |
r-devel-linux-x86_64-debian-gcc | 0.0.0.2 | 1.31 | 15.17 | 16.48 | OK | |
r-devel-linux-x86_64-fedora-clang | 0.0.0.2 | 33.06 | OK | |||
r-devel-linux-x86_64-fedora-gcc | 0.0.0.2 | 30.55 | OK | |||
r-devel-windows-x86_64 | 0.0.0.2 | 4.00 | 40.00 | 44.00 | OK | |
r-patched-linux-x86_64 | 0.0.0.2 | 1.79 | 17.44 | 19.23 | NOTE | |
r-release-linux-x86_64 | 0.0.0.2 | 1.63 | 17.58 | 19.21 | NOTE | |
r-release-macos-arm64 | 0.0.0.2 | 14.00 | NOTE | |||
r-release-macos-x86_64 | 0.0.0.2 | 21.00 | NOTE | |||
r-release-windows-x86_64 | 0.0.0.2 | 3.00 | 39.00 | 42.00 | NOTE | |
r-oldrel-macos-arm64 | 0.0.0.2 | 17.00 | NOTE | |||
r-oldrel-macos-x86_64 | 0.0.0.2 | 21.00 | NOTE | |||
r-oldrel-windows-x86_64 | 0.0.0.2 | 3.00 | 46.00 | 49.00 | NOTE |
Version: 0.0.0.2
Check: LazyData
Result: NOTE
'LazyData' is specified without a 'data' directory
Flavors: r-patched-linux-x86_64, r-release-linux-x86_64, r-release-macos-arm64, r-release-macos-x86_64, r-release-windows-x86_64, r-oldrel-macos-arm64, r-oldrel-macos-x86_64, r-oldrel-windows-x86_64