Last updated on 2024-08-18 04:48:14 CEST.
Flavor | Version | Tinstall | Tcheck | Ttotal | Status | Flags |
---|---|---|---|---|---|---|
r-devel-linux-x86_64-debian-clang | 1.2 | 6.91 | 61.75 | 68.66 | NOTE | |
r-devel-linux-x86_64-debian-gcc | 1.2 | 5.73 | 45.55 | 51.28 | NOTE | |
r-devel-linux-x86_64-fedora-clang | 1.2 | 110.83 | NOTE | |||
r-devel-linux-x86_64-fedora-gcc | 1.2 | 106.63 | NOTE | |||
r-devel-windows-x86_64 | 1.2 | 8.00 | 73.00 | 81.00 | NOTE | |
r-patched-linux-x86_64 | 1.2 | 7.77 | 58.28 | 66.05 | NOTE | |
r-release-linux-x86_64 | 1.2 | 8.04 | 59.61 | 67.65 | NOTE | |
r-release-macos-arm64 | 1.2 | 33.00 | NOTE | |||
r-release-macos-x86_64 | 1.2 | 50.00 | NOTE | |||
r-release-windows-x86_64 | 1.2 | 9.00 | 71.00 | 80.00 | NOTE | |
r-oldrel-macos-arm64 | 1.2 | 36.00 | NOTE | |||
r-oldrel-macos-x86_64 | 1.2 | 63.00 | NOTE | |||
r-oldrel-windows-x86_64 | 1.2 | 10.00 | 89.00 | 99.00 | NOTE |
Version: 1.2
Check: LazyData
Result: NOTE
'LazyData' is specified without a 'data' directory
Flavors: r-devel-linux-x86_64-debian-clang, r-devel-linux-x86_64-debian-gcc, r-devel-linux-x86_64-fedora-clang, r-devel-linux-x86_64-fedora-gcc, r-devel-windows-x86_64, r-patched-linux-x86_64, r-release-linux-x86_64, r-release-macos-arm64, r-release-macos-x86_64, r-release-windows-x86_64, r-oldrel-macos-arm64, r-oldrel-macos-x86_64, r-oldrel-windows-x86_64