CRAN Package Check Results for Package IPCWK

Last updated on 2025-02-04 05:50:21 CET.

Flavor Version Tinstall Tcheck Ttotal Status Flags
r-devel-linux-x86_64-debian-clang 1.0 6.46 54.24 60.70 OK
r-devel-linux-x86_64-debian-gcc 1.0 4.70 41.12 45.82 OK
r-devel-linux-x86_64-fedora-clang 1.0 97.46 OK
r-devel-linux-x86_64-fedora-gcc 1.0 90.06 OK
r-devel-windows-x86_64 1.0 7.00 77.00 84.00 OK
r-patched-linux-x86_64 1.0 5.64 50.92 56.56 NOTE
r-release-linux-x86_64 1.0 5.24 50.90 56.14 NOTE
r-release-macos-arm64 1.0 30.00 NOTE
r-release-macos-x86_64 1.0 45.00 NOTE
r-release-windows-x86_64 1.0 7.00 67.00 74.00 NOTE
r-oldrel-macos-arm64 1.0 34.00 NOTE
r-oldrel-macos-x86_64 1.0 54.00 NOTE
r-oldrel-windows-x86_64 1.0 9.00 76.00 85.00 NOTE

Check Details

Version: 1.0
Check: LazyData
Result: NOTE 'LazyData' is specified without a 'data' directory Flavors: r-patched-linux-x86_64, r-release-linux-x86_64, r-release-macos-arm64, r-release-macos-x86_64, r-release-windows-x86_64, r-oldrel-macos-arm64, r-oldrel-macos-x86_64, r-oldrel-windows-x86_64