Last updated on 2024-08-17 05:49:25 CEST.
Flavor | Version | Tinstall | Tcheck | Ttotal | Status | Flags |
---|---|---|---|---|---|---|
r-devel-linux-x86_64-debian-clang | 0.1.8.10 | 32.54 | 115.41 | 147.95 | OK | |
r-devel-linux-x86_64-debian-gcc | 0.1.8.10 | 24.28 | 77.12 | 101.40 | OK | |
r-devel-linux-x86_64-fedora-clang | 0.1.8.10 | 248.22 | NOTE | |||
r-devel-linux-x86_64-fedora-gcc | 0.1.8.10 | 244.10 | NOTE | |||
r-devel-windows-x86_64 | 0.1.8.10 | 37.00 | 180.00 | 217.00 | OK | |
r-patched-linux-x86_64 | 0.1.8.10 | 35.53 | 106.64 | 142.17 | OK | |
r-release-linux-x86_64 | 0.1.8.10 | 30.36 | 107.78 | 138.14 | OK | |
r-release-macos-arm64 | 0.1.8.10 | 75.00 | NOTE | |||
r-release-macos-x86_64 | 0.1.8.10 | 108.00 | NOTE | |||
r-release-windows-x86_64 | 0.1.8.10 | 37.00 | 167.00 | 204.00 | OK | |
r-oldrel-macos-arm64 | 0.1.8.10 | 85.00 | NOTE | |||
r-oldrel-macos-x86_64 | 0.1.8.10 | 157.00 | NOTE | |||
r-oldrel-windows-x86_64 | 0.1.8.10 | 49.00 | 207.00 | 256.00 | OK |
Version: 0.1.8.10
Check: data for non-ASCII characters
Result: NOTE
Note: found 102 marked UTF-8 strings
Flavors: r-devel-linux-x86_64-fedora-clang, r-devel-linux-x86_64-fedora-gcc
Version: 0.1.8.10
Check: installed package size
Result: NOTE
installed size is 5.1Mb
sub-directories of 1Mb or more:
data 1.4Mb
libs 1.8Mb
shiny-server 1.0Mb
Flavors: r-release-macos-arm64, r-release-macos-x86_64, r-oldrel-macos-arm64, r-oldrel-macos-x86_64