Last updated on 2024-08-18 04:48:14 CEST.
Flavor | Version | Tinstall | Tcheck | Ttotal | Status | Flags |
---|---|---|---|---|---|---|
r-devel-linux-x86_64-debian-clang | 1.0.0 | 17.83 | 92.38 | 110.21 | OK | |
r-devel-linux-x86_64-debian-gcc | 1.0.0 | 13.17 | 69.31 | 82.48 | OK | |
r-devel-linux-x86_64-fedora-clang | 1.0.0 | 184.94 | OK | |||
r-devel-linux-x86_64-fedora-gcc | 1.0.0 | 194.00 | OK | |||
r-devel-windows-x86_64 | 1.0.0 | 23.00 | 182.00 | 205.00 | OK | |
r-patched-linux-x86_64 | 1.0.0 | 17.57 | 88.81 | 106.38 | OK | |
r-release-linux-x86_64 | 1.0.0 | 15.31 | 88.37 | 103.68 | OK | |
r-release-macos-arm64 | 1.0.0 | 81.00 | NOTE | |||
r-release-macos-x86_64 | 1.0.0 | 108.00 | NOTE | |||
r-release-windows-x86_64 | 1.0.0 | 25.00 | 185.00 | 210.00 | OK | |
r-oldrel-macos-arm64 | 1.0.0 | 82.00 | NOTE | |||
r-oldrel-macos-x86_64 | 1.0.0 | 155.00 | NOTE | |||
r-oldrel-windows-x86_64 | 1.0.0 | 29.00 | 199.00 | 228.00 | NOTE |
Version: 1.0.0
Check: installed package size
Result: NOTE
installed size is 5.0Mb
sub-directories of 1Mb or more:
data 2.1Mb
doc 1.6Mb
Flavors: r-release-macos-arm64, r-release-macos-x86_64, r-oldrel-macos-arm64, r-oldrel-macos-x86_64, r-oldrel-windows-x86_64