Last updated on 2024-08-17 05:49:24 CEST.
Flavor | Version | Tinstall | Tcheck | Ttotal | Status | Flags |
---|---|---|---|---|---|---|
r-devel-linux-x86_64-debian-clang | 0.9-1 | 2.62 | 55.05 | 57.67 | OK | |
r-devel-linux-x86_64-debian-gcc | 0.9-1 | 1.95 | 39.65 | 41.60 | OK | |
r-devel-linux-x86_64-fedora-clang | 0.9-1 | 91.71 | NOTE | |||
r-devel-linux-x86_64-fedora-gcc | 0.9-1 | 102.17 | OK | |||
r-devel-windows-x86_64 | 0.9-1 | 5.00 | 86.00 | 91.00 | OK | |
r-patched-linux-x86_64 | 0.9-1 | 3.99 | 52.49 | 56.48 | OK | |
r-release-linux-x86_64 | 0.9-1 | 2.43 | 52.49 | 54.92 | OK | |
r-release-macos-arm64 | 0.9-1 | 33.00 | OK | |||
r-release-macos-x86_64 | 0.9-1 | 51.00 | OK | |||
r-release-windows-x86_64 | 0.9-1 | 4.00 | 86.00 | 90.00 | OK | |
r-oldrel-macos-arm64 | 0.9-1 | 50.00 | OK | |||
r-oldrel-macos-x86_64 | 0.9-1 | 100.00 | OK | |||
r-oldrel-windows-x86_64 | 0.9-1 | 5.00 | 103.00 | 108.00 | OK |
Version: 0.9-1
Check: Rd cross-references
Result: NOTE
Undeclared packages ‘Guerry’, ‘alr4’, ‘agridat’, ‘coin’ in Rd xrefs
Flavor: r-devel-linux-x86_64-fedora-clang