Last updated on 2024-08-18 04:48:13 CEST.
Flavor | Version | Tinstall | Tcheck | Ttotal | Status | Flags |
---|---|---|---|---|---|---|
r-devel-linux-x86_64-debian-clang | 2.0.1 | 11.91 | 91.04 | 102.95 | OK | |
r-devel-linux-x86_64-debian-gcc | 2.0.1 | 7.39 | 65.13 | 72.52 | OK | |
r-devel-linux-x86_64-fedora-clang | 2.0.1 | 166.54 | NOTE | |||
r-devel-linux-x86_64-fedora-gcc | 2.0.1 | 170.27 | OK | |||
r-devel-windows-x86_64 | 2.0.1 | 12.00 | 118.00 | 130.00 | OK | |
r-patched-linux-x86_64 | 2.0.1 | 10.71 | 87.66 | 98.37 | OK | |
r-release-linux-x86_64 | 2.0.1 | 10.01 | 86.40 | 96.41 | OK | |
r-release-macos-arm64 | 2.0.1 | 51.00 | OK | |||
r-release-macos-x86_64 | 2.0.1 | 80.00 | OK | |||
r-release-windows-x86_64 | 2.0.1 | 13.00 | 119.00 | 132.00 | OK | |
r-oldrel-macos-arm64 | 2.0.1 | 64.00 | OK | |||
r-oldrel-macos-x86_64 | 2.0.1 | 91.00 | OK | |||
r-oldrel-windows-x86_64 | 2.0.1 | 16.00 | 141.00 | 157.00 | OK |
Version: 2.0.1
Check: Rd cross-references
Result: NOTE
Undeclared package ‘genalg’ in Rd xrefs
Flavor: r-devel-linux-x86_64-fedora-clang