Last updated on 2025-02-04 05:50:20 CET.
Flavor | Version | Tinstall | Tcheck | Ttotal | Status | Flags |
---|---|---|---|---|---|---|
r-devel-linux-x86_64-debian-clang | 3.1-52 | 28.67 | 293.06 | 321.73 | NOTE | |
r-devel-linux-x86_64-debian-gcc | 3.1-52 | 20.56 | 196.79 | 217.35 | NOTE | |
r-devel-linux-x86_64-fedora-clang | 3.1-52 | 551.14 | OK | |||
r-devel-linux-x86_64-fedora-gcc | 3.1-52 | 492.95 | OK | |||
r-devel-windows-x86_64 | 3.1-52 | 31.00 | 323.00 | 354.00 | NOTE | |
r-patched-linux-x86_64 | 3.1-52 | 37.80 | 271.51 | 309.31 | OK | |
r-release-linux-x86_64 | 3.1-52 | 28.84 | 270.79 | 299.63 | OK | |
r-release-macos-arm64 | 3.1-52 | 126.00 | OK | |||
r-release-macos-x86_64 | 3.1-52 | 201.00 | OK | |||
r-release-windows-x86_64 | 3.1-52 | 35.00 | 318.00 | 353.00 | OK | |
r-oldrel-macos-arm64 | 3.1-52 | 134.00 | OK | |||
r-oldrel-macos-x86_64 | 3.1-52 | 367.00 | OK | |||
r-oldrel-windows-x86_64 | 3.1-52 | 41.00 | 418.00 | 459.00 | OK |
Version: 3.1-52
Check: Rd cross-references
Result: NOTE
Found the following Rd file(s) with Rd \link{} targets missing package
anchors:
ResizeEtc.likertPlot.Rd: barchart
ToBW.likert.Rd: panel.bwplot
ancovaplot.Rd: panel.superpose, panel.xyplot
latticeresids.Rd: xyplot
likertWeighted.Rd: xyplot, panel.bwplot
lmatPairwise.Rd: mcp
residual.plots.lattice.Rd: xyplot
useOuterScales.Rd: trellis.par.get, xyplot, panel.axis
Please provide package anchors for all Rd \link{} targets not in the
package itself and the base packages.
Flavors: r-devel-linux-x86_64-debian-clang, r-devel-linux-x86_64-debian-gcc, r-devel-windows-x86_64
Version: 3.1-52
Check: for unstated dependencies in ‘demo’
Result: NOTE
'library' or 'require' call not declared from: ‘MASS’
Flavors: r-devel-linux-x86_64-debian-clang, r-devel-linux-x86_64-debian-gcc