Last updated on 2025-02-10 03:49:19 CET.
Flavor | Version | Tinstall | Tcheck | Ttotal | Status | Flags |
---|---|---|---|---|---|---|
r-devel-linux-x86_64-debian-clang | 0.5.3 | 6.75 | 61.48 | 68.23 | OK | |
r-devel-linux-x86_64-debian-gcc | 0.5.3 | 4.87 | 46.03 | 50.90 | OK | |
r-devel-linux-x86_64-fedora-clang | 0.5.3 | 113.72 | OK | |||
r-devel-linux-x86_64-fedora-gcc | 0.5.3 | 106.90 | OK | |||
r-devel-windows-x86_64 | 0.5.3 | 7.00 | 79.00 | 86.00 | OK | |
r-patched-linux-x86_64 | 0.5.3 | 6.83 | 59.80 | 66.63 | NOTE | |
r-release-linux-x86_64 | 0.5.3 | 6.63 | 59.67 | 66.30 | NOTE | |
r-release-macos-arm64 | 0.5.3 | 33.00 | NOTE | |||
r-release-macos-x86_64 | 0.5.3 | 50.00 | NOTE | |||
r-release-windows-x86_64 | 0.5.3 | 9.00 | 78.00 | 87.00 | NOTE | |
r-oldrel-macos-arm64 | 0.5.3 | 40.00 | NOTE | |||
r-oldrel-macos-x86_64 | 0.5.3 | 60.00 | NOTE | |||
r-oldrel-windows-x86_64 | 0.5.3 | 9.00 | 99.00 | 108.00 | NOTE |
Version: 0.5.3
Check: LazyData
Result: NOTE
'LazyData' is specified without a 'data' directory
Flavors: r-patched-linux-x86_64, r-release-linux-x86_64, r-release-macos-arm64, r-release-macos-x86_64, r-release-windows-x86_64, r-oldrel-macos-arm64, r-oldrel-macos-x86_64, r-oldrel-windows-x86_64