Last updated on 2025-02-04 05:50:19 CET.
Flavor | Version | Tinstall | Tcheck | Ttotal | Status | Flags |
---|---|---|---|---|---|---|
r-devel-linux-x86_64-debian-clang | 1.1.1 | 2.93 | 19.46 | 22.39 | NOTE | |
r-devel-linux-x86_64-debian-gcc | 1.1.1 | 2.30 | 16.44 | 18.74 | NOTE | |
r-devel-linux-x86_64-fedora-clang | 1.1.1 | 38.34 | NOTE | |||
r-devel-linux-x86_64-fedora-gcc | 1.1.1 | 35.05 | NOTE | |||
r-devel-windows-x86_64 | 1.1.1 | 6.00 | 46.00 | 52.00 | NOTE | |
r-patched-linux-x86_64 | 1.1.1 | 3.21 | 18.67 | 21.88 | NOTE | |
r-release-linux-x86_64 | 1.1.1 | 3.02 | 18.83 | 21.85 | NOTE | |
r-release-macos-arm64 | 1.1.1 | 17.00 | NOTE | |||
r-release-macos-x86_64 | 1.1.1 | 25.00 | NOTE | |||
r-release-windows-x86_64 | 1.1.1 | 6.00 | 45.00 | 51.00 | NOTE | |
r-oldrel-macos-arm64 | 1.1.1 | 18.00 | OK | |||
r-oldrel-macos-x86_64 | 1.1.1 | 34.00 | OK | |||
r-oldrel-windows-x86_64 | 1.1.1 | 7.00 | 46.00 | 53.00 | OK |
Version: 1.1.1
Check: Rd files
Result: NOTE
checkRd: (-1) Sim.Markov.Chain.Rd:14: Lost braces; missing escapes or markup?
14 | \item{eta0}{inital value in {1,...,r}.}
| ^
Flavors: r-devel-linux-x86_64-debian-clang, r-devel-linux-x86_64-debian-gcc, r-devel-linux-x86_64-fedora-clang, r-devel-linux-x86_64-fedora-gcc, r-devel-windows-x86_64, r-patched-linux-x86_64, r-release-linux-x86_64, r-release-macos-arm64, r-release-macos-x86_64, r-release-windows-x86_64