Last updated on 2024-08-18 04:48:13 CEST.
Flavor | Version | Tinstall | Tcheck | Ttotal | Status | Flags |
---|---|---|---|---|---|---|
r-devel-linux-x86_64-debian-clang | 1.2.0 | 31.50 | 77.04 | 108.54 | NOTE | |
r-devel-linux-x86_64-debian-gcc | 1.2.0 | 21.25 | 56.31 | 77.56 | NOTE | |
r-devel-linux-x86_64-fedora-clang | 1.2.0 | 185.34 | NOTE | |||
r-devel-linux-x86_64-fedora-gcc | 1.2.0 | 175.61 | NOTE | |||
r-devel-windows-x86_64 | 1.2.0 | 34.00 | 110.00 | 144.00 | NOTE | |
r-patched-linux-x86_64 | 1.2.0 | 31.75 | 73.04 | 104.79 | NOTE | |
r-release-linux-x86_64 | 1.2.0 | 31.69 | 72.37 | 104.06 | NOTE | |
r-release-macos-arm64 | 1.2.0 | 48.00 | NOTE | |||
r-release-macos-x86_64 | 1.2.0 | 118.00 | NOTE | |||
r-release-windows-x86_64 | 1.2.0 | 37.00 | 111.00 | 148.00 | NOTE | |
r-oldrel-macos-arm64 | 1.2.0 | 64.00 | OK | |||
r-oldrel-macos-x86_64 | 1.2.0 | 92.00 | OK | |||
r-oldrel-windows-x86_64 | 1.2.0 | 44.00 | 134.00 | 178.00 | OK |
Version: 1.2.0
Check: Rd files
Result: NOTE
checkRd: (-1) solve_game.Rd:86: Lost braces in \itemize; \value handles \item{}{} directly
checkRd: (-1) solve_game.Rd:87: Lost braces in \itemize; \value handles \item{}{} directly
checkRd: (-1) solve_game.Rd:88: Lost braces in \itemize; \value handles \item{}{} directly
checkRd: (-1) solve_game.Rd:89: Lost braces in \itemize; \value handles \item{}{} directly
checkRd: (-1) solve_game.Rd:90: Lost braces in \itemize; \value handles \item{}{} directly
Flavors: r-devel-linux-x86_64-debian-clang, r-devel-linux-x86_64-debian-gcc, r-devel-linux-x86_64-fedora-clang, r-devel-linux-x86_64-fedora-gcc, r-devel-windows-x86_64, r-patched-linux-x86_64, r-release-linux-x86_64, r-release-macos-arm64, r-release-macos-x86_64, r-release-windows-x86_64