Last updated on 2025-02-10 03:49:19 CET.
Flavor | Version | Tinstall | Tcheck | Ttotal | Status | Flags |
---|---|---|---|---|---|---|
r-devel-linux-x86_64-debian-clang | 1.2.0 | 31.32 | 77.56 | 108.88 | NOTE | |
r-devel-linux-x86_64-debian-gcc | 1.2.0 | 22.78 | 56.93 | 79.71 | NOTE | |
r-devel-linux-x86_64-fedora-clang | 1.2.0 | 190.04 | NOTE | |||
r-devel-linux-x86_64-fedora-gcc | 1.2.0 | 178.62 | NOTE | |||
r-devel-windows-x86_64 | 1.2.0 | 33.00 | 107.00 | 140.00 | NOTE | |
r-patched-linux-x86_64 | 1.2.0 | 32.74 | 72.17 | 104.91 | NOTE | |
r-release-linux-x86_64 | 1.2.0 | 33.25 | 72.20 | 105.45 | NOTE | |
r-release-macos-arm64 | 1.2.0 | 48.00 | NOTE | |||
r-release-macos-x86_64 | 1.2.0 | 118.00 | NOTE | |||
r-release-windows-x86_64 | 1.2.0 | 40.00 | 109.00 | 149.00 | NOTE | |
r-oldrel-macos-arm64 | 1.2.0 | 64.00 | OK | |||
r-oldrel-macos-x86_64 | 1.2.0 | 92.00 | OK | |||
r-oldrel-windows-x86_64 | 1.2.0 | 42.00 | 140.00 | 182.00 | OK |
Version: 1.2.0
Check: Rd files
Result: NOTE
checkRd: (-1) solve_game.Rd:86: Lost braces in \itemize; \value handles \item{}{} directly
checkRd: (-1) solve_game.Rd:87: Lost braces in \itemize; \value handles \item{}{} directly
checkRd: (-1) solve_game.Rd:88: Lost braces in \itemize; \value handles \item{}{} directly
checkRd: (-1) solve_game.Rd:89: Lost braces in \itemize; \value handles \item{}{} directly
checkRd: (-1) solve_game.Rd:90: Lost braces in \itemize; \value handles \item{}{} directly
Flavors: r-devel-linux-x86_64-debian-clang, r-devel-linux-x86_64-debian-gcc, r-devel-linux-x86_64-fedora-clang, r-devel-linux-x86_64-fedora-gcc, r-devel-windows-x86_64, r-patched-linux-x86_64, r-release-linux-x86_64, r-release-macos-arm64, r-release-macos-x86_64, r-release-windows-x86_64