Last updated on 2025-02-04 05:50:20 CET.
Flavor | Version | Tinstall | Tcheck | Ttotal | Status | Flags |
---|---|---|---|---|---|---|
r-devel-linux-x86_64-debian-clang | 0.1-7 | 43.40 | 186.56 | 229.96 | NOTE | |
r-devel-linux-x86_64-debian-gcc | 0.1-7 | 35.04 | 117.18 | 152.22 | NOTE | |
r-devel-linux-x86_64-fedora-clang | 0.1-7 | 439.04 | OK | |||
r-devel-linux-x86_64-fedora-gcc | 0.1-7 | 353.23 | OK | |||
r-devel-windows-x86_64 | 0.1-7 | 46.00 | 172.00 | 218.00 | NOTE | |
r-patched-linux-x86_64 | 0.1-7 | 50.94 | 158.16 | 209.10 | OK | |
r-release-linux-x86_64 | 0.1-7 | 40.44 | 157.99 | 198.43 | OK | |
r-release-macos-arm64 | 0.1-7 | 90.00 | OK | |||
r-release-macos-x86_64 | 0.1-7 | 127.00 | OK | |||
r-release-windows-x86_64 | 0.1-7 | 48.00 | 170.00 | 218.00 | OK | |
r-oldrel-macos-arm64 | 0.1-7 | 93.00 | OK | |||
r-oldrel-macos-x86_64 | 0.1-7 | 206.00 | OK | |||
r-oldrel-windows-x86_64 | 0.1-7 | 58.00 | 214.00 | 272.00 | OK |
Version: 0.1-7
Check: Rd cross-references
Result: NOTE
Found the following Rd file(s) with Rd \link{} targets missing package
anchors:
trait.posterior.Rd: pcubature
Please provide package anchors for all Rd \link{} targets not in the
package itself and the base packages.
Flavors: r-devel-linux-x86_64-debian-clang, r-devel-linux-x86_64-debian-gcc, r-devel-windows-x86_64