Last updated on 2024-08-18 04:48:13 CEST.
Flavor | Version | Tinstall | Tcheck | Ttotal | Status | Flags |
---|---|---|---|---|---|---|
r-devel-linux-x86_64-debian-clang | 1.1.5 | 119.57 | 52.48 | 172.05 | NOTE | |
r-devel-linux-x86_64-debian-gcc | 1.1.5 | 89.57 | 39.84 | 129.41 | NOTE | |
r-devel-linux-x86_64-fedora-clang | 1.1.5 | 294.84 | NOTE | |||
r-devel-linux-x86_64-fedora-gcc | 1.1.5 | 357.27 | NOTE | |||
r-devel-windows-x86_64 | 1.1.5 | 128.00 | 95.00 | 223.00 | NOTE | |
r-patched-linux-x86_64 | 1.1.5 | 129.76 | 50.22 | 179.98 | NOTE | |
r-release-linux-x86_64 | 1.1.5 | 132.88 | 50.52 | 183.40 | NOTE | |
r-release-macos-arm64 | 1.1.5 | 80.00 | NOTE | |||
r-release-macos-x86_64 | 1.1.5 | 81.00 | NOTE | |||
r-release-windows-x86_64 | 1.1.5 | 131.00 | 98.00 | 229.00 | NOTE | |
r-oldrel-macos-arm64 | 1.1.5 | 91.00 | NOTE | |||
r-oldrel-macos-x86_64 | 1.1.5 | 171.00 | NOTE | |||
r-oldrel-windows-x86_64 | 1.1.5 | 152.00 | 110.00 | 262.00 | NOTE |
Version: 1.1.5
Check: C++ specification
Result: NOTE
Specified C++11: please drop specification unless essential
Flavors: r-devel-linux-x86_64-debian-clang, r-devel-linux-x86_64-debian-gcc, r-devel-linux-x86_64-fedora-clang, r-devel-linux-x86_64-fedora-gcc, r-devel-windows-x86_64, r-patched-linux-x86_64, r-release-linux-x86_64, r-release-macos-arm64, r-release-macos-x86_64, r-release-windows-x86_64, r-oldrel-macos-arm64, r-oldrel-macos-x86_64, r-oldrel-windows-x86_64
Version: 1.1.5
Check: for GNU extensions in Makefiles
Result: NOTE
GNU make is a SystemRequirements.
Flavors: r-devel-linux-x86_64-debian-clang, r-devel-linux-x86_64-debian-gcc, r-devel-linux-x86_64-fedora-clang, r-devel-linux-x86_64-fedora-gcc, r-devel-windows-x86_64, r-patched-linux-x86_64, r-release-linux-x86_64, r-release-macos-arm64, r-release-macos-x86_64, r-release-windows-x86_64, r-oldrel-macos-arm64, r-oldrel-macos-x86_64, r-oldrel-windows-x86_64
Version: 1.1.5
Check: installed package size
Result: NOTE
installed size is 9.6Mb
sub-directories of 1Mb or more:
libs 9.5Mb
Flavors: r-release-macos-arm64, r-release-macos-x86_64, r-oldrel-macos-arm64, r-oldrel-macos-x86_64