Last updated on 2025-02-04 05:50:19 CET.
Flavor | Version | Tinstall | Tcheck | Ttotal | Status | Flags |
---|---|---|---|---|---|---|
r-devel-linux-x86_64-debian-clang | 3.1-5 | 31.54 | 231.63 | 263.17 | OK | |
r-devel-linux-x86_64-debian-gcc | 3.1-5 | 17.55 | 154.33 | 171.88 | OK | |
r-devel-linux-x86_64-fedora-clang | 3.1-5 | 425.02 | OK | |||
r-devel-linux-x86_64-fedora-gcc | 3.1-5 | 438.08 | OK | |||
r-devel-windows-x86_64 | 3.1-5 | 29.00 | 261.00 | 290.00 | OK | |
r-patched-linux-x86_64 | 3.1-5 | 29.69 | 215.86 | 245.55 | OK | |
r-release-linux-x86_64 | 3.1-5 | 25.18 | 218.19 | 243.37 | OK | |
r-release-macos-arm64 | 3.1-5 | 129.00 | NOTE | |||
r-release-macos-x86_64 | 3.1-5 | 172.00 | NOTE | |||
r-release-windows-x86_64 | 3.1-5 | 30.00 | 0.00 | 30.00 | FAIL | |
r-oldrel-macos-arm64 | 3.1-5 | 173.00 | NOTE | |||
r-oldrel-macos-x86_64 | 3.1-5 | 172.00 | NOTE | |||
r-oldrel-windows-x86_64 | 3.1-5 | 40.00 | 313.00 | 353.00 | NOTE |
Version: 3.1-5
Check: installed package size
Result: NOTE
installed size is 10.0Mb
sub-directories of 1Mb or more:
R 1.1Mb
doc 7.3Mb
Flavors: r-release-macos-arm64, r-release-macos-x86_64, r-release-windows-x86_64, r-oldrel-macos-arm64, r-oldrel-macos-x86_64, r-oldrel-windows-x86_64
Version: 3.1-5
Check: PDF version of manual
Result: FAIL
Check process probably crashed or hung up for 20 minutes ... killed
Most likely this happened in the example checks (?),
if not, ignore the following last lines of example output:
> ### Title: Round numeric columns and replace NA/NaN values by blank
> ### Aliases: tidyup_df
> ### Keywords: internal
>
> ### ** Examples
>
> # Test data frame
> df = data.frame(a = c("a", "b"), b = as.character(c(1.543218, 8.216856483)))
> tidyup_df(df = df, digits = 3)
a b
1 a 1.543
2 b 8.217
>
>
>
> ### * <FOOTER>
> ###
> cleanEx()
> options(digits = 7L)
> base::cat("Time elapsed: ", proc.time() - base::get("ptime", pos = 'CheckExEnv'),"\n")
Time elapsed: 2.94 0.26 3.21 NA NA
> grDevices::dev.off()
null device
1
> ###
> ### Local variables: ***
> ### mode: outline-minor ***
> ### outline-regexp: "\\(> \\)?### [*]+" ***
> ### End: ***
> quit('no')
======== End of example output (where/before crash/hang up occured ?) ========
Flavor: r-release-windows-x86_64