Last updated on 2025-02-10 03:49:18 CET.
Flavor | Version | Tinstall | Tcheck | Ttotal | Status | Flags |
---|---|---|---|---|---|---|
r-devel-linux-x86_64-debian-clang | 0.0.3 | 5.50 | 153.57 | 159.07 | OK | |
r-devel-linux-x86_64-debian-gcc | 0.0.3 | 3.45 | 112.90 | 116.35 | OK | |
r-devel-linux-x86_64-fedora-clang | 0.0.3 | 253.84 | OK | |||
r-devel-linux-x86_64-fedora-gcc | 0.0.3 | 240.99 | OK | |||
r-devel-windows-x86_64 | 0.0.3 | 6.00 | 148.00 | 154.00 | OK | |
r-patched-linux-x86_64 | 0.0.3 | 5.49 | 136.86 | 142.35 | ERROR | |
r-release-linux-x86_64 | 0.0.3 | 6.17 | 156.72 | 162.89 | OK | |
r-release-macos-arm64 | 0.0.3 | 75.00 | OK | |||
r-release-macos-x86_64 | 0.0.3 | 215.00 | OK | |||
r-release-windows-x86_64 | 0.0.3 | 6.00 | 154.00 | 160.00 | OK | |
r-oldrel-macos-arm64 | 0.0.3 | 60.00 | OK | |||
r-oldrel-macos-x86_64 | 0.0.3 | 130.00 | OK | |||
r-oldrel-windows-x86_64 | 0.0.3 | 8.00 | 161.00 | 169.00 | OK |
Version: 0.0.3
Check: tests
Result: ERROR
Running ‘testthat.R’ [102s/128s]
Running the tests in ‘tests/testthat.R’ failed.
Complete output:
> # This file is part of the standard setup for testthat.
> # It is recommended that you do not modify it.
> #
> # Where should you do additional test configuration?
> # Learn more about the roles of various files in:
> # * https://r-pkgs.org/testing-design.html#sec-tests-files-overview
> # * https://testthat.r-lib.org/articles/special-files.html
>
> library(testthat)
> library(GDILM.SEIRS)
>
> test_check("GDILM.SEIRS")
[ FAIL 1 | WARN 0 | SKIP 0 | PASS 1 ]
══ Failed tests ════════════════════════════════════════════════════════════════
── Error ('test-GDILM_SEIRS_Sim_Par_Est.R:2:3'): An example for a simulation study ──
Error in `if (det(EndY5r) < epsilon) {
EndY5r <- EndY5r + diag(epsilon, nrow(EndY5r))
}`: missing value where TRUE/FALSE needed
Backtrace:
▆
1. └─GDILM.SEIRS::GDILM_SEIRS_Sim_Par_Est(...) at test-GDILM_SEIRS_Sim_Par_Est.R:2:3
2. └─GDILM.SEIRS (local) estfun(...)
[ FAIL 1 | WARN 0 | SKIP 0 | PASS 1 ]
Error: Test failures
Execution halted
Flavor: r-patched-linux-x86_64