Last updated on 2025-02-04 05:50:19 CET.
Flavor | Version | Tinstall | Tcheck | Ttotal | Status | Flags |
---|---|---|---|---|---|---|
r-devel-linux-x86_64-debian-clang | 0.9.5 | 2.92 | 26.78 | 29.70 | OK | |
r-devel-linux-x86_64-debian-gcc | 0.9.5 | 3.11 | 21.04 | 24.15 | OK | |
r-devel-linux-x86_64-fedora-clang | 0.9.5 | 49.69 | OK | |||
r-devel-linux-x86_64-fedora-gcc | 0.9.5 | 46.79 | OK | |||
r-devel-windows-x86_64 | 0.9.5 | 5.00 | 50.00 | 55.00 | OK | |
r-patched-linux-x86_64 | 0.9.5 | 3.00 | 25.38 | 28.38 | OK | |
r-release-linux-x86_64 | 0.9.5 | 3.65 | 26.06 | 29.71 | OK | |
r-release-macos-arm64 | 0.9.5 | 18.00 | OK | |||
r-release-macos-x86_64 | 0.9.5 | 34.00 | OK | |||
r-release-windows-x86_64 | 0.9.5 | 5.00 | 48.00 | 53.00 | OK | |
r-oldrel-macos-arm64 | 0.9.5 | 21.00 | OK | |||
r-oldrel-macos-x86_64 | 0.9.5 | 27.00 | NOTE | |||
r-oldrel-windows-x86_64 | 0.9.5 | 6.00 | 53.00 | 59.00 | OK |
Version: 0.9.5
Check: package dependencies
Result: NOTE
Package suggested but not available for checking: ‘caret’
Flavor: r-oldrel-macos-x86_64