Last updated on 2024-08-18 04:48:12 CEST.
Flavor | Version | Tinstall | Tcheck | Ttotal | Status | Flags |
---|---|---|---|---|---|---|
r-devel-linux-x86_64-debian-clang | 3.2.4 | 40.97 | 75.83 | 116.80 | OK | |
r-devel-linux-x86_64-debian-gcc | 3.2.4 | 28.89 | 51.31 | 80.20 | OK | |
r-devel-linux-x86_64-fedora-clang | 3.2.4 | 198.13 | NOTE | |||
r-devel-linux-x86_64-fedora-gcc | 3.2.4 | 213.48 | OK | |||
r-devel-windows-x86_64 | 3.2.4 | 41.00 | 113.00 | 154.00 | NOTE | |
r-patched-linux-x86_64 | 3.2.4 | 42.26 | 72.20 | 114.46 | OK | |
r-release-linux-x86_64 | 3.2.4 | 39.81 | 71.06 | 110.87 | OK | |
r-release-macos-arm64 | 3.2.4 | 61.00 | NOTE | |||
r-release-macos-x86_64 | 3.2.4 | 93.00 | NOTE | |||
r-release-windows-x86_64 | 3.2.4 | 41.00 | 112.00 | 153.00 | NOTE | |
r-oldrel-macos-arm64 | 3.2.4 | 63.00 | NOTE | |||
r-oldrel-macos-x86_64 | 3.2.4 | 171.00 | NOTE | |||
r-oldrel-windows-x86_64 | 3.2.4 | 49.00 | 139.00 | 188.00 | NOTE |
Version: 3.2.4
Check: installed package size
Result: NOTE
installed size is 33.0Mb
sub-directories of 1Mb or more:
doc 31.8Mb
Flavors: r-devel-linux-x86_64-fedora-clang, r-devel-windows-x86_64, r-release-macos-arm64, r-release-macos-x86_64, r-release-windows-x86_64, r-oldrel-macos-arm64, r-oldrel-macos-x86_64, r-oldrel-windows-x86_64