Last updated on 2024-08-17 05:49:22 CEST.
Flavor | Version | Tinstall | Tcheck | Ttotal | Status | Flags |
---|---|---|---|---|---|---|
r-devel-linux-x86_64-debian-clang | 1.0.0 | 1.82 | 26.76 | 28.58 | OK | |
r-devel-linux-x86_64-debian-gcc | 1.0.0 | 1.32 | 18.70 | 20.02 | OK | |
r-devel-linux-x86_64-fedora-clang | 1.0.0 | 47.91 | NOTE | |||
r-devel-linux-x86_64-fedora-gcc | 1.0.0 | 44.96 | NOTE | |||
r-devel-windows-x86_64 | 1.0.0 | 3.00 | 47.00 | 50.00 | OK | |
r-patched-linux-x86_64 | 1.0.0 | 1.79 | 24.17 | 25.96 | OK | |
r-release-linux-x86_64 | 1.0.0 | 1.70 | 25.01 | 26.71 | OK | |
r-release-macos-arm64 | 1.0.0 | 17.00 | OK | |||
r-release-macos-x86_64 | 1.0.0 | 25.00 | OK | |||
r-release-windows-x86_64 | 1.0.0 | 3.00 | 47.00 | 50.00 | OK | |
r-oldrel-macos-arm64 | 1.0.0 | 18.00 | OK | |||
r-oldrel-macos-x86_64 | 1.0.0 | 23.00 | OK | |||
r-oldrel-windows-x86_64 | 1.0.0 | 3.00 | 49.00 | 52.00 | OK |
Version: 1.0.0
Check: dependencies in R code
Result: NOTE
Namespace in Imports field not imported from: ‘psych’
All declared Imports should be used.
Flavors: r-devel-linux-x86_64-fedora-clang, r-devel-linux-x86_64-fedora-gcc