Last updated on 2025-02-10 03:49:17 CET.
Flavor | Version | Tinstall | Tcheck | Ttotal | Status | Flags |
---|---|---|---|---|---|---|
r-devel-linux-x86_64-debian-clang | 3.1.0 | 9.61 | 76.73 | 86.34 | OK | |
r-devel-linux-x86_64-debian-gcc | 3.1.0 | 6.08 | 56.77 | 62.85 | OK | |
r-devel-linux-x86_64-fedora-clang | 3.1.0 | 135.73 | OK | |||
r-devel-linux-x86_64-fedora-gcc | 3.1.0 | 128.89 | OK | |||
r-devel-windows-x86_64 | 3.1.0 | 11.00 | 80.00 | 91.00 | OK | |
r-patched-linux-x86_64 | 3.1.0 | 8.92 | 70.96 | 79.88 | NOTE | |
r-release-linux-x86_64 | 3.1.0 | 8.36 | 71.24 | 79.60 | NOTE | |
r-release-macos-arm64 | 3.1.0 | 38.00 | NOTE | |||
r-release-macos-x86_64 | 3.1.0 | 81.00 | NOTE | |||
r-release-windows-x86_64 | 3.1.0 | 11.00 | 81.00 | 92.00 | NOTE | |
r-oldrel-macos-arm64 | 3.1.0 | 42.00 | NOTE | |||
r-oldrel-macos-x86_64 | 3.1.0 | 66.00 | NOTE | |||
r-oldrel-windows-x86_64 | 3.1.0 | 13.00 | 97.00 | 110.00 | NOTE |
Version: 3.1.0
Check: LazyData
Result: NOTE
'LazyData' is specified without a 'data' directory
Flavors: r-patched-linux-x86_64, r-release-linux-x86_64, r-release-macos-arm64, r-release-macos-x86_64, r-release-windows-x86_64, r-oldrel-macos-arm64, r-oldrel-macos-x86_64, r-oldrel-windows-x86_64