Last updated on 2024-08-17 05:49:21 CEST.
Flavor | Version | Tinstall | Tcheck | Ttotal | Status | Flags |
---|---|---|---|---|---|---|
r-devel-linux-x86_64-debian-clang | 2.2.1 | 4.24 | 35.70 | 39.94 | OK | |
r-devel-linux-x86_64-debian-gcc | 2.2.1 | 3.56 | 26.24 | 29.80 | OK | |
r-devel-linux-x86_64-fedora-clang | 2.2.1 | 66.17 | NOTE | |||
r-devel-linux-x86_64-fedora-gcc | 2.2.1 | 59.84 | NOTE | |||
r-devel-windows-x86_64 | 2.2.1 | 8.00 | 52.00 | 60.00 | OK | |
r-patched-linux-x86_64 | 2.2.1 | 4.89 | 33.09 | 37.98 | OK | |
r-release-linux-x86_64 | 2.2.1 | 4.01 | 33.59 | 37.60 | OK | |
r-release-macos-arm64 | 2.2.1 | 22.00 | OK | |||
r-release-macos-x86_64 | 2.2.1 | 33.00 | OK | |||
r-release-windows-x86_64 | 2.2.1 | 7.00 | 55.00 | 62.00 | OK | |
r-oldrel-macos-arm64 | 2.2.1 | 24.00 | OK | |||
r-oldrel-macos-x86_64 | 2.2.1 | 37.00 | OK | |||
r-oldrel-windows-x86_64 | 2.2.1 | 8.00 | 59.00 | 67.00 | OK |
Version: 2.2.1
Check: dependencies in R code
Result: NOTE
Namespaces in Imports field not imported from:
‘base’ ‘data.table’
All declared Imports should be used.
Flavors: r-devel-linux-x86_64-fedora-clang, r-devel-linux-x86_64-fedora-gcc