Last updated on 2025-02-04 05:50:18 CET.
Flavor | Version | Tinstall | Tcheck | Ttotal | Status | Flags |
---|---|---|---|---|---|---|
r-devel-linux-x86_64-debian-clang | 2.7 | 16.02 | 105.76 | 121.78 | OK | |
r-devel-linux-x86_64-debian-gcc | 2.7 | 13.08 | 74.95 | 88.03 | OK | |
r-devel-linux-x86_64-fedora-clang | 2.7 | 207.46 | OK | |||
r-devel-linux-x86_64-fedora-gcc | 2.7 | 183.78 | OK | |||
r-devel-windows-x86_64 | 2.7 | 15.00 | 109.00 | 124.00 | OK | |
r-patched-linux-x86_64 | 2.7 | 15.42 | 93.87 | 109.29 | OK | |
r-release-linux-x86_64 | 2.7 | 15.40 | 95.10 | 110.50 | OK | |
r-release-macos-arm64 | 2.7 | 62.00 | OK | |||
r-release-macos-x86_64 | 2.7 | 127.00 | OK | |||
r-release-windows-x86_64 | 2.7 | 16.00 | 105.00 | 121.00 | OK | |
r-oldrel-macos-arm64 | 2.7 | 60.00 | OK | |||
r-oldrel-macos-x86_64 | 2.7 | 14.00 | ERROR | |||
r-oldrel-windows-x86_64 | 2.7 | 20.00 | 133.00 | 153.00 | OK |
Version: 2.7
Check: whether package can be installed
Result: ERROR
Installation failed.
Flavor: r-oldrel-macos-x86_64