Last updated on 2024-08-17 05:49:22 CEST.
Flavor | Version | Tinstall | Tcheck | Ttotal | Status | Flags |
---|---|---|---|---|---|---|
r-devel-linux-x86_64-debian-clang | 1.3.6.3 | 7.79 | 183.35 | 191.14 | NOTE | |
r-devel-linux-x86_64-debian-gcc | 1.3.6.3 | 4.69 | 117.66 | 122.35 | NOTE | |
r-devel-linux-x86_64-fedora-clang | 1.3.6.3 | 310.15 | OK | |||
r-devel-linux-x86_64-fedora-gcc | 1.3.6.3 | 300.71 | OK | |||
r-devel-windows-x86_64 | 1.3.6.3 | 11.00 | 271.00 | 282.00 | NOTE | |
r-patched-linux-x86_64 | 1.3.6.3 | 8.19 | 172.03 | 180.22 | OK | |
r-release-linux-x86_64 | 1.3.6.3 | 6.74 | 171.96 | 178.70 | OK | |
r-release-macos-arm64 | 1.3.6.3 | 86.00 | OK | |||
r-release-macos-x86_64 | 1.3.6.3 | 166.00 | OK | |||
r-release-windows-x86_64 | 1.3.6.3 | 10.00 | 279.00 | 289.00 | OK | |
r-oldrel-macos-arm64 | 1.3.6.3 | 142.00 | OK | |||
r-oldrel-macos-x86_64 | 1.3.6.3 | 397.00 | OK | |||
r-oldrel-windows-x86_64 | 1.3.6.3 | 12.00 | 298.00 | 310.00 | OK |
Version: 1.3.6.3
Check: Rd cross-references
Result: NOTE
Found the following Rd file(s) with Rd \link{} targets missing package
anchors:
obsplot.Rd: print.deSolve, ode, deSolve
Please provide package anchors for all Rd \link{} targets not in the
package itself and the base packages.
Flavors: r-devel-linux-x86_64-debian-clang, r-devel-linux-x86_64-debian-gcc, r-devel-windows-x86_64