Last updated on 2024-08-18 04:48:10 CEST.
Flavor | Version | Tinstall | Tcheck | Ttotal | Status | Flags |
---|---|---|---|---|---|---|
r-devel-linux-x86_64-debian-clang | 0.1.1 | 14.27 | 129.58 | 143.85 | NOTE | |
r-devel-linux-x86_64-debian-gcc | 0.1.1 | 9.32 | 91.04 | 100.36 | NOTE | |
r-devel-linux-x86_64-fedora-clang | 0.1.1 | 239.72 | NOTE | |||
r-devel-linux-x86_64-fedora-gcc | 0.1.1 | 236.67 | OK | |||
r-devel-windows-x86_64 | 0.1.1 | 15.00 | 131.00 | 146.00 | NOTE | |
r-patched-linux-x86_64 | 0.1.1 | 21.35 | 122.88 | 144.23 | OK | |
r-release-linux-x86_64 | 0.1.1 | 14.36 | 122.56 | 136.92 | OK | |
r-release-macos-arm64 | 0.1.1 | 67.00 | OK | |||
r-release-macos-x86_64 | 0.1.1 | 103.00 | OK | |||
r-release-windows-x86_64 | 0.1.1 | 17.00 | 129.00 | 146.00 | OK | |
r-oldrel-macos-arm64 | 0.1.1 | 73.00 | OK | |||
r-oldrel-macos-x86_64 | 0.1.1 | 146.00 | OK | |||
r-oldrel-windows-x86_64 | 0.1.1 | 20.00 | 164.00 | 184.00 | OK |
Version: 0.1.1
Check: Rd cross-references
Result: NOTE
Found the following Rd file(s) with Rd \link{} targets missing package
anchors:
DiscreteCovariatesToOneHot.Rd: dplyr_tidy_select
charlson_score.Rd: dplyr_data_masking
flatten_date_intervals.Rd: dplyr_tidy_select, dplyr_data_masking
lms.Rd: dplyr_data_masking
Please provide package anchors for all Rd \link{} targets not in the
package itself and the base packages.
Flavors: r-devel-linux-x86_64-debian-clang, r-devel-linux-x86_64-debian-gcc, r-devel-windows-x86_64
Version: 0.1.1
Check: package dependencies
Result: NOTE
Imports includes 23 non-default packages.
Importing from so many packages makes the package vulnerable to any of
them becoming unavailable. Move as many as possible to Suggests and
use conditionally.
Flavor: r-devel-linux-x86_64-fedora-clang