Last updated on 2025-02-10 03:49:16 CET.
Flavor | Version | Tinstall | Tcheck | Ttotal | Status | Flags |
---|---|---|---|---|---|---|
r-devel-linux-x86_64-debian-clang | 1.0.9 | 3.37 | 84.03 | 87.40 | OK | |
r-devel-linux-x86_64-debian-gcc | 1.0.9 | 1.79 | 33.85 | 35.64 | ERROR | |
r-devel-linux-x86_64-fedora-clang | 1.0.9 | 143.60 | OK | |||
r-devel-linux-x86_64-fedora-gcc | 1.0.9 | 161.71 | OK | |||
r-devel-windows-x86_64 | 1.0.9 | 6.00 | 206.00 | 212.00 | OK | |
r-patched-linux-x86_64 | 1.0.9 | 3.29 | 77.39 | 80.68 | OK | |
r-release-linux-x86_64 | 1.0.9 | 3.37 | 78.14 | 81.51 | OK | |
r-release-macos-arm64 | 1.0.9 | 217.00 | OK | |||
r-release-macos-x86_64 | 1.0.9 | 245.00 | OK | |||
r-release-windows-x86_64 | 1.0.9 | 6.00 | 204.00 | 210.00 | OK | |
r-oldrel-macos-arm64 | 1.0.9 | 210.00 | OK | |||
r-oldrel-macos-x86_64 | 1.0.9 | 242.00 | OK | |||
r-oldrel-windows-x86_64 | 1.0.9 | 6.00 | 231.00 | 237.00 | OK |
Version: 1.0.9
Check: tests
Result: ERROR
Running ‘testthat.R’ [5s/56s]
Running the tests in ‘tests/testthat.R’ failed.
Complete output:
> # This file is part of the standard setup for testthat.
> # It is recommended that you do not modify it.
> #
> # Where should you do additional test configuration?
> # Learn more about the roles of various files in:
> # * https://r-pkgs.org/tests.html
> # * https://testthat.r-lib.org/reference/test_package.html#special-files
>
> library(testthat)
> library(ElevDistr)
>
> test_check("ElevDistr")
[ FAIL 6 | WARN 6 | SKIP 0 | PASS 37 ]
══ Failed tests ════════════════════════════════════════════════════════════════
── Error ('test-calculate_distance.R:5:1'): (code run outside of `test_that()`) ──
Error: [rast] file does not exist: /vsicurl/https://os.zhdk.cloud.switch.ch/chelsav2/GLOBAL/climatologies/1981-2010/bio/CHELSA_gst_1981-2010_V.2.1.tif
Backtrace:
▆
1. ├─terra::rast(gstURL, vsi = TRUE) at test-calculate_distance.R:5:1
2. └─terra::rast(gstURL, vsi = TRUE)
3. └─terra (local) .local(x, ...)
4. └─terra:::messages(r, "rast")
5. └─terra:::error(f, x@pntr$getError())
── Error ('test-classify_above_treeline.R:3:1'): (code run outside of `test_that()`) ──
Error: [rast] file does not exist: /vsicurl/https://os.zhdk.cloud.switch.ch/chelsav2/GLOBAL/climatologies/1981-2010/bio/CHELSA_gst_1981-2010_V.2.1.tif
Backtrace:
▆
1. ├─terra::rast(gstURL, vsi = TRUE) at test-classify_above_treeline.R:3:1
2. └─terra::rast(gstURL, vsi = TRUE)
3. └─terra (local) .local(x, ...)
4. └─terra:::messages(r, "rast")
5. └─terra:::error(f, x@pntr$getError())
── Error ('test-distance_to_treeline.R:3:1'): (code run outside of `test_that()`) ──
Error: [rast] file does not exist: /vsicurl/https://os.zhdk.cloud.switch.ch/chelsav2/GLOBAL/climatologies/1981-2010/bio/CHELSA_gst_1981-2010_V.2.1.tif
Backtrace:
▆
1. ├─terra::rast(gstURL, vsi = TRUE) at test-distance_to_treeline.R:3:1
2. └─terra::rast(gstURL, vsi = TRUE)
3. └─terra (local) .local(x, ...)
4. └─terra:::messages(r, "rast")
5. └─terra:::error(f, x@pntr$getError())
── Error ('test-generate_point_df.R:3:1'): (code run outside of `test_that()`) ──
Error: [rast] file does not exist: /vsicurl/https://os.zhdk.cloud.switch.ch/chelsav2/GLOBAL/climatologies/1981-2010/bio/CHELSA_gst_1981-2010_V.2.1.tif
Backtrace:
▆
1. ├─terra::rast(gstURL, vsi = TRUE) at test-generate_point_df.R:3:1
2. └─terra::rast(gstURL, vsi = TRUE)
3. └─terra (local) .local(x, ...)
4. └─terra:::messages(r, "rast")
5. └─terra:::error(f, x@pntr$getError())
── Error ('test-plot_distr.R:6:1'): (code run outside of `test_that()`) ────────
Error: [rast] file does not exist: /vsicurl/https://os.zhdk.cloud.switch.ch/chelsav2/GLOBAL/climatologies/1981-2010/bio/CHELSA_gst_1981-2010_V.2.1.tif
Backtrace:
▆
1. ├─terra::rast(gstURL, vsi = TRUE) at test-plot_distr.R:6:1
2. └─terra::rast(gstURL, vsi = TRUE)
3. └─terra (local) .local(x, ...)
4. └─terra:::messages(r, "rast")
5. └─terra:::error(f, x@pntr$getError())
── Error ('test-sample_treeline.R:5:1'): (code run outside of `test_that()`) ───
Error: [rast] file does not exist: /vsicurl/https://os.zhdk.cloud.switch.ch/chelsav2/GLOBAL/climatologies/1981-2010/bio/CHELSA_gst_1981-2010_V.2.1.tif
Backtrace:
▆
1. ├─terra::rast(gstURL, vsi = TRUE) at test-sample_treeline.R:5:1
2. └─terra::rast(gstURL, vsi = TRUE)
3. └─terra (local) .local(x, ...)
4. └─terra:::messages(r, "rast")
5. └─terra:::error(f, x@pntr$getError())
[ FAIL 6 | WARN 6 | SKIP 0 | PASS 37 ]
Error: Test failures
Execution halted
Flavor: r-devel-linux-x86_64-debian-gcc
Version: 1.0.9
Check: re-building of vignette outputs
Result: ERROR
Error(s) in re-building vignettes:
...
--- re-building ‘ElevDistr.Rmd’ using rmarkdown
Quitting from lines 44-51 [unnamed-chunk-5] (ElevDistr.Rmd)
Error: processing vignette 'ElevDistr.Rmd' failed with diagnostics:
[rast] file does not exist: /vsicurl/https://os.zhdk.cloud.switch.ch/chelsav2/GLOBAL/climatologies/1981-2010/bio/CHELSA_gst_1981-2010_V.2.1.tif
--- failed re-building ‘ElevDistr.Rmd’
SUMMARY: processing the following file failed:
‘ElevDistr.Rmd’
Error: Vignette re-building failed.
Execution halted
Flavor: r-devel-linux-x86_64-debian-gcc