Last updated on 2024-08-17 05:49:20 CEST.
Flavor | Version | Tinstall | Tcheck | Ttotal | Status | Flags |
---|---|---|---|---|---|---|
r-devel-linux-x86_64-debian-clang | 0.2.2 | 50.09 | 46.63 | 96.72 | NOTE | |
r-devel-linux-x86_64-debian-gcc | 0.2.2 | 33.95 | 35.71 | 69.66 | NOTE | |
r-devel-linux-x86_64-fedora-clang | 0.2.2 | 197.80 | NOTE | |||
r-devel-linux-x86_64-fedora-gcc | 0.2.2 | 200.95 | NOTE | |||
r-devel-windows-x86_64 | 0.2.2 | 57.00 | 109.00 | 166.00 | NOTE | |
r-patched-linux-x86_64 | 0.2.2 | 49.77 | 45.20 | 94.97 | NOTE | |
r-release-linux-x86_64 | 0.2.2 | 48.16 | 45.66 | 93.82 | NOTE | |
r-release-macos-arm64 | 0.2.2 | 51.00 | NOTE | |||
r-release-macos-x86_64 | 0.2.2 | 66.00 | WARN | |||
r-release-windows-x86_64 | 0.2.2 | 60.00 | 110.00 | 170.00 | NOTE | |
r-oldrel-macos-arm64 | 0.2.2 | 65.00 | NOTE | |||
r-oldrel-macos-x86_64 | 0.2.2 | 102.00 | NOTE | |||
r-oldrel-windows-x86_64 | 0.2.2 | 69.00 | 120.00 | 189.00 | NOTE |
Version: 0.2.2
Check: C++ specification
Result: NOTE
Specified C++11: please drop specification unless essential
Flavors: r-devel-linux-x86_64-debian-clang, r-devel-linux-x86_64-debian-gcc, r-devel-linux-x86_64-fedora-clang, r-devel-linux-x86_64-fedora-gcc, r-devel-windows-x86_64, r-patched-linux-x86_64, r-release-linux-x86_64, r-release-macos-arm64, r-release-macos-x86_64, r-release-windows-x86_64, r-oldrel-macos-arm64, r-oldrel-macos-x86_64, r-oldrel-windows-x86_64
Version: 0.2.2
Check: LazyData
Result: NOTE
'LazyData' is specified without a 'data' directory
Flavors: r-devel-linux-x86_64-debian-clang, r-devel-linux-x86_64-debian-gcc, r-devel-linux-x86_64-fedora-clang, r-devel-linux-x86_64-fedora-gcc, r-devel-windows-x86_64, r-patched-linux-x86_64, r-release-linux-x86_64, r-release-macos-arm64, r-release-macos-x86_64, r-release-windows-x86_64, r-oldrel-macos-arm64, r-oldrel-macos-x86_64, r-oldrel-windows-x86_64
Version: 0.2.2
Check: re-building of vignette outputs
Result: WARN
Error(s) in re-building vignettes:
...
--- re-building ‘Distance-to-default.Rnw’ using knitr
Error: processing vignette 'Distance-to-default.Rnw' failed with diagnostics:
Running 'texi2dvi' on 'Distance-to-default.tex' failed.
LaTeX errors:
! Undefined control sequence.
l.111 \hlkwd{library}\hldef
{(DtD)}
?
! Emergency stop.
! Emergency stop.
l.111
End of file on the terminal!
! ==> Fatal error occurred, no output PDF file produced!
--- failed re-building ‘Distance-to-default.Rnw’
SUMMARY: processing the following file failed:
‘Distance-to-default.Rnw’
Error: Vignette re-building failed.
Execution halted
Flavor: r-release-macos-x86_64