Last updated on 2025-02-04 05:50:17 CET.
Flavor | Version | Tinstall | Tcheck | Ttotal | Status | Flags |
---|---|---|---|---|---|---|
r-devel-linux-x86_64-debian-clang | 0.4.0 | 34.03 | 86.09 | 120.12 | NOTE | |
r-devel-linux-x86_64-debian-gcc | 0.4.0 | 22.99 | 61.07 | 84.06 | NOTE | |
r-devel-linux-x86_64-fedora-clang | 0.4.0 | 204.91 | NOTE | |||
r-devel-linux-x86_64-fedora-gcc | 0.4.0 | 197.29 | NOTE | |||
r-devel-windows-x86_64 | 0.4.0 | 38.00 | 114.00 | 152.00 | NOTE | |
r-patched-linux-x86_64 | 0.4.0 | 35.90 | 79.00 | 114.90 | NOTE | |
r-release-linux-x86_64 | 0.4.0 | 31.79 | 78.50 | 110.29 | NOTE | |
r-release-macos-arm64 | 0.4.0 | 47.00 | NOTE | |||
r-release-macos-x86_64 | 0.4.0 | 72.00 | NOTE | |||
r-release-windows-x86_64 | 0.4.0 | 37.00 | 112.00 | 149.00 | NOTE | |
r-oldrel-macos-arm64 | 0.4.0 | 54.00 | NOTE | |||
r-oldrel-macos-x86_64 | 0.4.0 | 91.00 | NOTE | |||
r-oldrel-windows-x86_64 | 0.4.0 | 42.00 | 143.00 | 185.00 | NOTE |
Version: 0.4.0
Check: Rd cross-references
Result: NOTE
Found the following Rd file(s) with Rd \link{} targets missing package
anchors:
Voss.density.Rd: dLBA, ddiffusion, dwiener
estDstarM.Rd: DEoptim.control, DEoptim
estND.Rd: DEoptim.control
Please provide package anchors for all Rd \link{} targets not in the
package itself and the base packages.
Flavors: r-devel-linux-x86_64-debian-clang, r-devel-linux-x86_64-debian-gcc, r-devel-windows-x86_64
Version: 0.4.0
Check: dependencies in R code
Result: NOTE
Namespace in Imports field not imported from: ‘Rcpp’
All declared Imports should be used.
Flavors: r-devel-linux-x86_64-fedora-clang, r-devel-linux-x86_64-fedora-gcc
Version: 0.4.0
Check: LazyData
Result: NOTE
'LazyData' is specified without a 'data' directory
Flavors: r-patched-linux-x86_64, r-release-linux-x86_64, r-release-macos-arm64, r-release-macos-x86_64, r-release-windows-x86_64, r-oldrel-macos-arm64, r-oldrel-macos-x86_64, r-oldrel-windows-x86_64