Last updated on 2025-02-04 05:50:17 CET.
Flavor | Version | Tinstall | Tcheck | Ttotal | Status | Flags |
---|---|---|---|---|---|---|
r-devel-linux-x86_64-debian-clang | 0.4.0.1 | 27.18 | 42.64 | 69.82 | NOTE | |
r-devel-linux-x86_64-debian-gcc | 0.4.0.1 | 18.04 | 33.93 | 51.97 | NOTE | |
r-devel-linux-x86_64-fedora-clang | 0.4.0.1 | 120.47 | NOTE | |||
r-devel-linux-x86_64-fedora-gcc | 0.4.0.1 | 115.84 | NOTE | |||
r-devel-windows-x86_64 | 0.4.0.1 | 32.00 | 75.00 | 107.00 | NOTE | |
r-patched-linux-x86_64 | 0.4.0.1 | 27.57 | 42.62 | 70.19 | NOTE | |
r-release-linux-x86_64 | 0.4.0.1 | 27.27 | 46.85 | 74.12 | NOTE | |
r-release-macos-arm64 | 0.4.0.1 | 33.00 | NOTE | |||
r-release-macos-x86_64 | 0.4.0.1 | 41.00 | NOTE | |||
r-release-windows-x86_64 | 0.4.0.1 | 32.00 | 77.00 | 109.00 | NOTE | |
r-oldrel-macos-arm64 | 0.4.0.1 | 38.00 | NOTE | |||
r-oldrel-macos-x86_64 | 0.4.0.1 | 59.00 | NOTE | |||
r-oldrel-windows-x86_64 | 0.4.0.1 | 38.00 | 142.00 | 180.00 | NOTE |
Version: 0.4.0.1
Check: C++ specification
Result: NOTE
Specified C++11: please drop specification unless essential
Flavors: r-devel-linux-x86_64-debian-clang, r-devel-linux-x86_64-debian-gcc, r-devel-linux-x86_64-fedora-clang, r-devel-linux-x86_64-fedora-gcc, r-devel-windows-x86_64, r-patched-linux-x86_64, r-release-linux-x86_64, r-release-macos-arm64, r-release-macos-x86_64, r-release-windows-x86_64, r-oldrel-macos-arm64, r-oldrel-macos-x86_64, r-oldrel-windows-x86_64