Last updated on 2024-08-17 05:49:19 CEST.
Flavor | Version | Tinstall | Tcheck | Ttotal | Status | Flags |
---|---|---|---|---|---|---|
r-devel-linux-x86_64-debian-clang | 1.9.7 | 10.67 | 46.95 | 57.62 | OK | |
r-devel-linux-x86_64-debian-gcc | 1.9.7 | 7.68 | 34.56 | 42.24 | OK | |
r-devel-linux-x86_64-fedora-clang | 1.9.7 | 95.94 | NOTE | |||
r-devel-linux-x86_64-fedora-gcc | 1.9.7 | 88.19 | NOTE | |||
r-devel-windows-x86_64 | 1.9.7 | 14.00 | 66.00 | 80.00 | OK | |
r-patched-linux-x86_64 | 1.9.7 | 10.27 | 43.95 | 54.22 | OK | |
r-release-linux-x86_64 | 1.9.7 | 11.26 | 44.57 | 55.83 | OK | |
r-release-macos-arm64 | 1.9.7 | 32.00 | OK | |||
r-release-macos-x86_64 | 1.9.7 | 42.00 | OK | |||
r-release-windows-x86_64 | 1.9.7 | 13.00 | 65.00 | 78.00 | OK | |
r-oldrel-macos-arm64 | 1.9.7 | 34.00 | OK | |||
r-oldrel-macos-x86_64 | 1.9.7 | 68.00 | OK | |||
r-oldrel-windows-x86_64 | 1.9.7 | 19.00 | 74.00 | 93.00 | OK |
Version: 1.9.7
Check: data for non-ASCII characters
Result: NOTE
Note: found 8 marked Latin-1 strings
Flavors: r-devel-linux-x86_64-fedora-clang, r-devel-linux-x86_64-fedora-gcc