Last updated on 2024-08-17 05:49:19 CEST.
Flavor | Version | Tinstall | Tcheck | Ttotal | Status | Flags |
---|---|---|---|---|---|---|
r-devel-linux-x86_64-debian-clang | 1.3.2 | 25.71 | 193.56 | 219.27 | NOTE | |
r-devel-linux-x86_64-debian-gcc | 1.3.2 | 18.91 | 129.99 | 148.90 | NOTE | |
r-devel-linux-x86_64-fedora-clang | 1.3.2 | 383.83 | NOTE | |||
r-devel-linux-x86_64-fedora-gcc | 1.3.2 | 387.63 | OK | |||
r-devel-windows-x86_64 | 1.3.2 | 35.00 | 228.00 | 263.00 | NOTE | |
r-patched-linux-x86_64 | 1.3.2 | 34.02 | 187.92 | 221.94 | OK | |
r-release-linux-x86_64 | 1.3.2 | 27.97 | 193.51 | 221.48 | OK | |
r-release-macos-arm64 | 1.3.2 | 83.00 | OK | |||
r-release-macos-x86_64 | 1.3.2 | 133.00 | OK | |||
r-release-windows-x86_64 | 1.3.2 | 35.00 | 210.00 | 245.00 | OK | |
r-oldrel-macos-arm64 | 1.3.2 | 86.00 | OK | |||
r-oldrel-macos-x86_64 | 1.3.2 | 222.00 | OK | |||
r-oldrel-windows-x86_64 | 1.3.2 | 43.00 | 256.00 | 299.00 | OK |
Version: 1.3.2
Check: Rd cross-references
Result: NOTE
Found the following Rd file(s) with Rd \link{} targets missing package
anchors:
stat_pde_density.Rd: aes, aes_, ggplot, fortify, layer, borders
Please provide package anchors for all Rd \link{} targets not in the
package itself and the base packages.
Flavors: r-devel-linux-x86_64-debian-clang, r-devel-linux-x86_64-debian-gcc, r-devel-windows-x86_64
Version: 1.3.2
Check: Rd cross-references
Result: NOTE
Undeclared package ‘FCPS’ in Rd xrefs
Flavor: r-devel-linux-x86_64-fedora-clang