Last updated on 2025-02-11 03:50:07 CET.
Flavor | Version | Tinstall | Tcheck | Ttotal | Status | Flags |
---|---|---|---|---|---|---|
r-devel-linux-x86_64-debian-clang | 1.3 | 7.37 | 62.22 | 69.59 | OK | |
r-devel-linux-x86_64-debian-gcc | 1.3 | 6.40 | 49.06 | 55.46 | OK | |
r-devel-linux-x86_64-fedora-clang | 1.3 | 113.40 | OK | |||
r-devel-linux-x86_64-fedora-gcc | 1.3 | 112.97 | OK | |||
r-devel-windows-x86_64 | 1.3 | 9.00 | 67.00 | 76.00 | OK | |
r-patched-linux-x86_64 | 1.3 | 6.88 | 60.53 | 67.41 | NOTE | |
r-release-linux-x86_64 | 1.3 | 6.73 | 60.29 | 67.02 | NOTE | |
r-release-macos-arm64 | 1.3 | 30.00 | NOTE | |||
r-release-macos-x86_64 | 1.3 | 44.00 | NOTE | |||
r-release-windows-x86_64 | 1.3 | 10.00 | 68.00 | 78.00 | NOTE | |
r-oldrel-macos-arm64 | 1.3 | 36.00 | NOTE | |||
r-oldrel-macos-x86_64 | 1.3 | 44.00 | NOTE | |||
r-oldrel-windows-x86_64 | 1.3 | 9.00 | 78.00 | 87.00 | NOTE |
Version: 1.3
Check: LazyData
Result: NOTE
'LazyData' is specified without a 'data' directory
Flavors: r-patched-linux-x86_64, r-release-linux-x86_64, r-release-macos-arm64, r-release-macos-x86_64, r-release-windows-x86_64, r-oldrel-macos-arm64, r-oldrel-macos-x86_64, r-oldrel-windows-x86_64