Last updated on 2024-08-17 05:49:20 CEST.
Flavor | Version | Tinstall | Tcheck | Ttotal | Status | Flags |
---|---|---|---|---|---|---|
r-devel-linux-x86_64-debian-clang | 0.3-7 | 14.32 | 140.51 | 154.83 | NOTE | |
r-devel-linux-x86_64-debian-gcc | 0.3-7 | 9.59 | 99.32 | 108.91 | NOTE | |
r-devel-linux-x86_64-fedora-clang | 0.3-7 | 247.30 | OK | |||
r-devel-linux-x86_64-fedora-gcc | 0.3-7 | 245.84 | OK | |||
r-devel-windows-x86_64 | 0.3-7 | 14.00 | 183.00 | 197.00 | NOTE | |
r-patched-linux-x86_64 | 0.3-7 | 17.15 | 129.98 | 147.13 | OK | |
r-release-linux-x86_64 | 0.3-7 | 13.26 | 133.16 | 146.42 | OK | |
r-release-macos-arm64 | 0.3-7 | 80.00 | OK | |||
r-release-macos-x86_64 | 0.3-7 | 119.00 | OK | |||
r-release-windows-x86_64 | 0.3-7 | 15.00 | 184.00 | 199.00 | OK | |
r-oldrel-macos-arm64 | 0.3-7 | 91.00 | OK | |||
r-oldrel-macos-x86_64 | 0.3-7 | 192.00 | OK | |||
r-oldrel-windows-x86_64 | 0.3-7 | 20.00 | 210.00 | 230.00 | OK |
Version: 0.3-7
Check: Rd cross-references
Result: NOTE
Found the following Rd file(s) with Rd \link{} targets missing package
anchors:
Onoue.Friberg.Rd: pomp
Please provide package anchors for all Rd \link{} targets not in the
package itself and the base packages.
Flavors: r-devel-linux-x86_64-debian-clang, r-devel-linux-x86_64-debian-gcc, r-devel-windows-x86_64