Last updated on 2024-08-17 05:49:20 CEST.
Flavor | Version | Tinstall | Tcheck | Ttotal | Status | Flags |
---|---|---|---|---|---|---|
r-devel-linux-x86_64-debian-clang | 2.5-2 | 37.89 | 675.68 | 713.57 | NOTE | |
r-devel-linux-x86_64-debian-gcc | 2.5-2 | 26.56 | 461.88 | 488.44 | NOTE | |
r-devel-linux-x86_64-fedora-clang | 2.5-2 | 1162.83 | NOTE | |||
r-devel-linux-x86_64-fedora-gcc | 2.5-2 | 1108.37 | OK | |||
r-devel-windows-x86_64 | 2.5-2 | 36.00 | 577.00 | 613.00 | NOTE | |
r-patched-linux-x86_64 | 2.5-2 | 41.68 | 636.91 | 678.59 | OK | |
r-release-linux-x86_64 | 2.5-2 | 34.45 | 633.26 | 667.71 | OK | |
r-release-macos-arm64 | 2.5-2 | 295.00 | NOTE | |||
r-release-macos-x86_64 | 2.5-2 | 479.00 | NOTE | |||
r-release-windows-x86_64 | 2.5-2 | 37.00 | 572.00 | 609.00 | NOTE | |
r-oldrel-macos-arm64 | 2.5-2 | 301.00 | NOTE | |||
r-oldrel-macos-x86_64 | 2.5-2 | 609.00 | NOTE | |||
r-oldrel-windows-x86_64 | 2.5-2 | 52.00 | 799.00 | 851.00 | NOTE |
Version: 2.5-2
Check: Rd cross-references
Result: NOTE
Found the following Rd file(s) with Rd \link{} targets missing package
anchors:
RNAseqdata.Rd: rlog, vst
itemselect.Rd: lmFit, eBayes, topTable, DESeqDataSetFromMatrix,
DESeq, results
microarraydata.Rd: normalizeBetweenArrays
Please provide package anchors for all Rd \link{} targets not in the
package itself and the base packages.
Flavors: r-devel-linux-x86_64-debian-clang, r-devel-linux-x86_64-debian-gcc, r-devel-windows-x86_64
Version: 2.5-2
Check: installed package size
Result: NOTE
installed size is 6.1Mb
sub-directories of 1Mb or more:
doc 2.9Mb
Flavors: r-devel-linux-x86_64-fedora-clang, r-devel-windows-x86_64, r-release-macos-arm64, r-release-macos-x86_64, r-release-windows-x86_64, r-oldrel-macos-arm64, r-oldrel-macos-x86_64, r-oldrel-windows-x86_64