Last updated on 2025-02-10 03:49:16 CET.
Flavor | Version | Tinstall | Tcheck | Ttotal | Status | Flags |
---|---|---|---|---|---|---|
r-devel-linux-x86_64-debian-clang | 0.3.6 | 6.27 | 100.99 | 107.26 | ERROR | |
r-devel-linux-x86_64-debian-gcc | 0.3.7 | 3.37 | 62.94 | 66.31 | OK | |
r-devel-linux-x86_64-fedora-clang | 0.3.7 | 110.06 | OK | |||
r-devel-linux-x86_64-fedora-gcc | 0.3.7 | 105.25 | OK | |||
r-devel-windows-x86_64 | 0.3.7 | 11.00 | 116.00 | 127.00 | OK | |
r-patched-linux-x86_64 | 0.3.6 | 6.39 | 84.04 | 90.43 | OK | |
r-release-linux-x86_64 | 0.3.7 | 5.64 | 78.97 | 84.61 | OK | |
r-release-macos-arm64 | 0.3.7 | 51.00 | OK | |||
r-release-macos-x86_64 | 0.3.7 | 103.00 | OK | |||
r-release-windows-x86_64 | 0.3.7 | 15.00 | 117.00 | 132.00 | OK | |
r-oldrel-macos-arm64 | 0.3.6 | 49.00 | OK | |||
r-oldrel-macos-x86_64 | 0.3.6 | 81.00 | OK | |||
r-oldrel-windows-x86_64 | 0.3.7 | 12.00 | 125.00 | 137.00 | OK |
Version: 0.3.6
Check: tests
Result: ERROR
Running ‘testthat.R’ [49s/48s]
Running the tests in ‘tests/testthat.R’ failed.
Complete output:
> library(testthat)
> library(DQAstats)
> library(utils)
>
> if (getRversion() >= "2.15.1") {
+ utils::globalVariables(c("logfile_dir"))
+ }
[1] "logfile_dir"
> test_check("DQAstats")
Version of 'DIZtools': 1.0.1
Version of 'DIZutils': 0.1.3
Version of 'DQAstats': 0.3.6
INFO [2025-02-06 16:12:51] using future::plan("sequential") (4294f43e54)
INFO [2025-02-06 16:12:52] No time contstraints will be applied to input data. Either `restricting_date_start` or `restricting_date_end` was null. (08b1a85c61)
INFO [2025-02-06 16:12:52] Don't checking the time filtering columns because time filtering is not necessarry. (`rv$restricting_date$use_it` is not TRUE). (feec24b71b)
INFO [2025-02-06 16:12:52] Found the path to the csv files in the environment: '/home/hornik/tmp/R.check/r-devel-clang/Work/build/Packages/DQAstats/demo_data (d45dad8b72)
INFO [2025-02-06 16:12:52] /home/hornik/tmp/R.check/r-devel-clang/Work/build/Packages/DQAstats/demo_data/dqa_example_data_01.csv (208282630a)
INFO [2025-02-06 16:12:52] /home/hornik/tmp/R.check/r-devel-clang/Work/build/Packages/DQAstats/demo_data/dqa_example_data_02.csv (208282630a)
INFO [2025-02-06 16:12:52] Reading dqa_example_data_01.csv from CSV. (73c0aae8d4)
INFO [2025-02-06 16:12:52] Getting dqa_example_data_01.csv (81ba7f702f)
INFO [2025-02-06 16:12:52] Transforming source variable types dqa_example_data_01.csv (776ba03cbf)
INFO [2025-02-06 16:12:52] Found the path to the csv files in the environment: '/home/hornik/tmp/R.check/r-devel-clang/Work/build/Packages/DQAstats/demo_data (d45dad8b72)
INFO [2025-02-06 16:12:52] /home/hornik/tmp/R.check/r-devel-clang/Work/build/Packages/DQAstats/demo_data/dqa_example_data_01.csv (208282630a)
INFO [2025-02-06 16:12:52] /home/hornik/tmp/R.check/r-devel-clang/Work/build/Packages/DQAstats/demo_data/dqa_example_data_02.csv (208282630a)
INFO [2025-02-06 16:12:52] Reading dqa_example_data_02.csv from CSV. (73c0aae8d4)
INFO [2025-02-06 16:12:52] Getting dqa_example_data_02.csv (81ba7f702f)
INFO [2025-02-06 16:12:52] Transforming source variable types dqa_example_data_02.csv (776ba03cbf)
INFO [2025-02-06 16:12:52] Start the time_compare (tc5a1dwezt)
INFO [2025-02-06 16:12:52] Start comparing timestamps of: dqa_example_data_01.csv (tcst1dwe12)
INFO [2025-02-06 16:12:52] End of time-compare (tcen1dwe67)
INFO [2025-02-06 16:12:53] Getting atemporal plausibility Pl.atemporal.Item01 (0c70327436)
INFO [2025-02-06 16:12:54] Getting variable descriptions of Age in years (eb95542ec1)
INFO [2025-02-06 16:12:54] Calculating variable counts of Age in years (056f1ee2e0)
INFO [2025-02-06 16:12:54] Calculating variable statistics of Age in years (edf4f006a9)
INFO [2025-02-06 16:12:54] Getting variable descriptions of Amount of credit (eb95542ec1)
INFO [2025-02-06 16:12:54] Calculating variable counts of Amount of credit (056f1ee2e0)
INFO [2025-02-06 16:12:54] Calculating variable statistics of Amount of credit (edf4f006a9)
INFO [2025-02-06 16:12:54] Getting variable descriptions of Birthdate (eb95542ec1)
INFO [2025-02-06 16:12:54] Calculating variable counts of Birthdate (056f1ee2e0)
INFO [2025-02-06 16:12:54] Calculating variable statistics of Birthdate (edf4f006a9)
ERROR [2025-02-06 16:12:54] Error occured when calculating simple source numStats: Error in `[.data.frame`(ar, , 2): undefined columns selected
(0b7d075ee0)
<simpleError in `[.data.frame`(ar, , 2): undefined columns selected>
INFO [2025-02-06 16:12:54] Error occured when calculating simple target numStats (10b1904a51)
<simpleError in `[.data.frame`(ar, , 2): undefined columns selected>
INFO [2025-02-06 16:12:54] Getting variable descriptions of Credit worthy? (eb95542ec1)
INFO [2025-02-06 16:12:54] Calculating variable counts of Credit worthy? (056f1ee2e0)
INFO [2025-02-06 16:12:54] Calculating variable statistics of Credit worthy? (edf4f006a9)
INFO [2025-02-06 16:12:54] Getting variable descriptions of Current bank balance (eb95542ec1)
INFO [2025-02-06 16:12:54] Calculating variable counts of Current bank balance (056f1ee2e0)
INFO [2025-02-06 16:12:54] Calculating variable statistics of Current bank balance (edf4f006a9)
INFO [2025-02-06 16:12:54] Getting variable descriptions of Date of contact (eb95542ec1)
INFO [2025-02-06 16:12:54] Calculating variable counts of Date of contact (056f1ee2e0)
INFO [2025-02-06 16:12:54] Calculating variable statistics of Date of contact (edf4f006a9)
ERROR [2025-02-06 16:12:54] Error occured when calculating simple source numStats: Error in `[.data.frame`(ar, , 2): undefined columns selected
(0b7d075ee0)
<simpleError in `[.data.frame`(ar, , 2): undefined columns selected>
INFO [2025-02-06 16:12:54] Error occured when calculating simple target numStats (10b1904a51)
<simpleError in `[.data.frame`(ar, , 2): undefined columns selected>
INFO [2025-02-06 16:12:54] Getting variable descriptions of Forename (eb95542ec1)
INFO [2025-02-06 16:12:54] Calculating variable counts of Forename (056f1ee2e0)
INFO [2025-02-06 16:12:54] Calculating variable statistics of Forename (edf4f006a9)
INFO [2025-02-06 16:12:54] Getting variable descriptions of Income (eb95542ec1)
INFO [2025-02-06 16:12:54] Calculating variable counts of Income (056f1ee2e0)
INFO [2025-02-06 16:12:54] Calculating variable statistics of Income (edf4f006a9)
INFO [2025-02-06 16:12:54] Getting variable descriptions of Job (eb95542ec1)
INFO [2025-02-06 16:12:54] Calculating variable counts of Job (056f1ee2e0)
INFO [2025-02-06 16:12:54] Calculating variable statistics of Job (edf4f006a9)
INFO [2025-02-06 16:12:55] Getting variable descriptions of Name (eb95542ec1)
INFO [2025-02-06 16:12:55] Calculating variable counts of Name (056f1ee2e0)
INFO [2025-02-06 16:12:55] Calculating variable statistics of Name (edf4f006a9)
INFO [2025-02-06 16:12:55] Getting variable descriptions of Person ID (eb95542ec1)
INFO [2025-02-06 16:12:55] Calculating variable counts of Person ID (056f1ee2e0)
INFO [2025-02-06 16:12:55] Calculating variable statistics of Person ID (edf4f006a9)
INFO [2025-02-06 16:12:55] Getting variable descriptions of Sex (eb95542ec1)
INFO [2025-02-06 16:12:55] Calculating variable counts of Sex (056f1ee2e0)
INFO [2025-02-06 16:12:55] Calculating variable statistics of Sex (edf4f006a9)
INFO [2025-02-06 16:12:55] Getting plausibility descriptions of pl.atemporal.item01 (0888fa800d)
INFO [2025-02-06 16:12:55] Calculating plausibility counts of pl.atemporal.item01 (0e918bd0fd)
INFO [2025-02-06 16:12:55] Calculating plausibility statistics of pl.atemporal.item01 (cf90f11533)
INFO [2025-02-06 16:12:56] Getting uniqueness plausibility Pl.uniqueness.Item01 (e4fe49cd9e)
INFO [2025-02-06 16:12:57] Performing value conformance check for 'Age in years' (5d061425eb)
INFO [2025-02-06 16:12:57] Analyzing variable 'Age in years' with type 'integer' (source_data)... (d9f44d5c97)
INFO [2025-02-06 16:12:57] Analyzing variable 'Age in years' with type 'integer' (target_data)... (d9f44d5c97)
INFO [2025-02-06 16:12:57] Age in years from target_data : result_max > range$max (44264e3a64)
INFO [2025-02-06 16:12:57] Performing value conformance check for 'Amount of credit' (5d061425eb)
INFO [2025-02-06 16:12:57] Analyzing variable 'Amount of credit' with type 'integer' (source_data)... (d9f44d5c97)
INFO [2025-02-06 16:12:57] Analyzing variable 'Amount of credit' with type 'integer' (target_data)... (d9f44d5c97)
INFO [2025-02-06 16:12:57] Performing value conformance check for 'Birthdate' (5d061425eb)
INFO [2025-02-06 16:12:57] Analyzing variable 'Birthdate' with type 'datetime' (source_data)... (d9f44d5c97)
INFO [2025-02-06 16:12:57] ✔ Date restriction parameters are valid in the MDR. (47da559fd2)
INFO [2025-02-06 16:12:57] Found the path to the csv files in the environment: '/home/hornik/tmp/R.check/r-devel-clang/Work/build/Packages/DQAstats/demo_data (d45dad8b72)
INFO [2025-02-06 16:12:57] /home/hornik/tmp/R.check/r-devel-clang/Work/build/Packages/DQAstats/demo_data/dqa_example_data_01.csv (208282630a)
INFO [2025-02-06 16:12:57] /home/hornik/tmp/R.check/r-devel-clang/Work/build/Packages/DQAstats/demo_data/dqa_example_data_02.csv (208282630a)
INFO [2025-02-06 16:12:57] Reading dqa_example_data_01.csv from CSV. (73c0aae8d4)
INFO [2025-02-06 16:12:57] Getting dqa_example_data_01.csv (81ba7f702f)
INFO [2025-02-06 16:12:57] Transforming source variable types dqa_example_data_01.csv (776ba03cbf)
INFO [2025-02-06 16:12:57] Found the path to the csv files in the environment: '/home/hornik/tmp/R.check/r-devel-clang/Work/build/Packages/DQAstats/demo_data (d45dad8b72)
INFO [2025-02-06 16:12:57] /home/hornik/tmp/R.check/r-devel-clang/Work/build/Packages/DQAstats/demo_data/dqa_example_data_01.csv (208282630a)
INFO [2025-02-06 16:12:57] /home/hornik/tmp/R.check/r-devel-clang/Work/build/Packages/DQAstats/demo_data/dqa_example_data_02.csv (208282630a)
INFO [2025-02-06 16:12:57] Reading dqa_example_data_02.csv from CSV. (73c0aae8d4)
INFO [2025-02-06 16:12:57] Getting dqa_example_data_02.csv (81ba7f702f)
INFO [2025-02-06 16:12:57] Transforming source variable types dqa_example_data_02.csv (776ba03cbf)
INFO [2025-02-06 16:12:58] Getting atemporal plausibility Pl.atemporal.Item01 (0c70327436)
INFO [2025-02-06 16:12:58] Getting variable descriptions of Age in years (eb95542ec1)
INFO [2025-02-06 16:12:58] Calculating variable counts of Age in years (056f1ee2e0)
INFO [2025-02-06 16:12:58] Calculating variable statistics of Age in years (edf4f006a9)
INFO [2025-02-06 16:12:58] Getting variable descriptions of Amount of credit (eb95542ec1)
INFO [2025-02-06 16:12:59] Calculating variable counts of Amount of credit (056f1ee2e0)
INFO [2025-02-06 16:12:59] Calculating variable statistics of Amount of credit (edf4f006a9)
INFO [2025-02-06 16:12:59] Getting variable descriptions of Birthdate (eb95542ec1)
INFO [2025-02-06 16:12:59] Calculating variable counts of Birthdate (056f1ee2e0)
INFO [2025-02-06 16:12:59] Calculating variable statistics of Birthdate (edf4f006a9)
ERROR [2025-02-06 16:12:59] Error occured when calculating simple source numStats: Error in `[.data.frame`(ar, , 2): undefined columns selected
(0b7d075ee0)
<simpleError in `[.data.frame`(ar, , 2): undefined columns selected>
INFO [2025-02-06 16:12:59] Error occured when calculating simple target numStats (10b1904a51)
<simpleError in `[.data.frame`(ar, , 2): undefined columns selected>
INFO [2025-02-06 16:12:59] Getting variable descriptions of Credit worthy? (eb95542ec1)
INFO [2025-02-06 16:12:59] Calculating variable counts of Credit worthy? (056f1ee2e0)
INFO [2025-02-06 16:12:59] Calculating variable statistics of Credit worthy? (edf4f006a9)
INFO [2025-02-06 16:12:59] Getting variable descriptions of Current bank balance (eb95542ec1)
INFO [2025-02-06 16:12:59] Calculating variable counts of Current bank balance (056f1ee2e0)
INFO [2025-02-06 16:12:59] Calculating variable statistics of Current bank balance (edf4f006a9)
INFO [2025-02-06 16:12:59] Getting variable descriptions of Date of contact (eb95542ec1)
INFO [2025-02-06 16:12:59] Calculating variable counts of Date of contact (056f1ee2e0)
INFO [2025-02-06 16:12:59] Calculating variable statistics of Date of contact (edf4f006a9)
ERROR [2025-02-06 16:12:59] Error occured when calculating simple source numStats: Error in `[.data.frame`(ar, , 2): undefined columns selected
(0b7d075ee0)
<simpleError in `[.data.frame`(ar, , 2): undefined columns selected>
INFO [2025-02-06 16:12:59] Error occured when calculating simple target numStats (10b1904a51)
<simpleError in `[.data.frame`(ar, , 2): undefined columns selected>
INFO [2025-02-06 16:12:59] Getting variable descriptions of Forename (eb95542ec1)
INFO [2025-02-06 16:12:59] Calculating variable counts of Forename (056f1ee2e0)
INFO [2025-02-06 16:12:59] Calculating variable statistics of Forename (edf4f006a9)
INFO [2025-02-06 16:12:59] Getting variable descriptions of Income (eb95542ec1)
INFO [2025-02-06 16:12:59] Calculating variable counts of Income (056f1ee2e0)
INFO [2025-02-06 16:12:59] Calculating variable statistics of Income (edf4f006a9)
INFO [2025-02-06 16:12:59] Getting variable descriptions of Job (eb95542ec1)
INFO [2025-02-06 16:12:59] Calculating variable counts of Job (056f1ee2e0)
INFO [2025-02-06 16:12:59] Calculating variable statistics of Job (edf4f006a9)
INFO [2025-02-06 16:12:59] Getting variable descriptions of Name (eb95542ec1)
INFO [2025-02-06 16:12:59] Calculating variable counts of Name (056f1ee2e0)
INFO [2025-02-06 16:12:59] Calculating variable statistics of Name (edf4f006a9)
INFO [2025-02-06 16:12:59] Getting variable descriptions of Person ID (eb95542ec1)
INFO [2025-02-06 16:12:59] Calculating variable counts of Person ID (056f1ee2e0)
INFO [2025-02-06 16:12:59] Calculating variable statistics of Person ID (edf4f006a9)
INFO [2025-02-06 16:12:59] Getting variable descriptions of Sex (eb95542ec1)
INFO [2025-02-06 16:12:59] Calculating variable counts of Sex (056f1ee2e0)
INFO [2025-02-06 16:12:59] Calculating variable statistics of Sex (edf4f006a9)
INFO [2025-02-06 16:13:00] Performing missing analysis Age in years (7a28e87b30)
INFO [2025-02-06 16:13:00] Performing missing analysis Amount of credit (7a28e87b30)
INFO [2025-02-06 16:13:00] Performing missing analysis Birthdate (7a28e87b30)
INFO [2025-02-06 16:13:00] Performing missing analysis Credit worthy? (7a28e87b30)
INFO [2025-02-06 16:13:00] Performing missing analysis Current bank balance (7a28e87b30)
INFO [2025-02-06 16:13:00] Performing missing analysis Date of contact (7a28e87b30)
INFO [2025-02-06 16:13:00] Performing missing analysis Forename (7a28e87b30)
INFO [2025-02-06 16:13:00] Performing missing analysis Income (7a28e87b30)
INFO [2025-02-06 16:13:00] Performing missing analysis Job (7a28e87b30)
INFO [2025-02-06 16:13:00] Performing missing analysis Name (7a28e87b30)
INFO [2025-02-06 16:13:00] Performing missing analysis Person ID (7a28e87b30)
INFO [2025-02-06 16:13:00] Performing missing analysis Sex (7a28e87b30)
INFO [2025-02-06 16:13:00] Found the path to the csv files in the environment: '/home/hornik/tmp/R.check/r-devel-clang/Work/build/Packages/DQAstats/demo_data (d45dad8b72)
INFO [2025-02-06 16:13:00] /home/hornik/tmp/R.check/r-devel-clang/Work/build/Packages/DQAstats/demo_data/dqa_example_data_01.csv (208282630a)
INFO [2025-02-06 16:13:00] /home/hornik/tmp/R.check/r-devel-clang/Work/build/Packages/DQAstats/demo_data/dqa_example_data_02.csv (208282630a)
INFO [2025-02-06 16:13:00] Reading dqa_example_data_01.csv from CSV. (73c0aae8d4)
INFO [2025-02-06 16:13:00] Getting dqa_example_data_01.csv (81ba7f702f)
INFO [2025-02-06 16:13:00] Transforming source variable types dqa_example_data_01.csv (776ba03cbf)
INFO [2025-02-06 16:13:00] Found the path to the csv files in the environment: '/home/hornik/tmp/R.check/r-devel-clang/Work/build/Packages/DQAstats/demo_data (d45dad8b72)
INFO [2025-02-06 16:13:00] /home/hornik/tmp/R.check/r-devel-clang/Work/build/Packages/DQAstats/demo_data/dqa_example_data_01.csv (208282630a)
INFO [2025-02-06 16:13:00] /home/hornik/tmp/R.check/r-devel-clang/Work/build/Packages/DQAstats/demo_data/dqa_example_data_02.csv (208282630a)
INFO [2025-02-06 16:13:00] Reading dqa_example_data_02.csv from CSV. (73c0aae8d4)
INFO [2025-02-06 16:13:00] Getting dqa_example_data_02.csv (81ba7f702f)
INFO [2025-02-06 16:13:00] Transforming source variable types dqa_example_data_02.csv (776ba03cbf)
INFO [2025-02-06 16:13:01] Getting atemporal plausibility Pl.atemporal.Item01 (0c70327436)
INFO [2025-02-06 16:13:01] Getting variable descriptions of Age in years (eb95542ec1)
INFO [2025-02-06 16:13:01] Calculating variable counts of Age in years (056f1ee2e0)
INFO [2025-02-06 16:13:01] Calculating variable statistics of Age in years (edf4f006a9)
INFO [2025-02-06 16:13:01] Getting variable descriptions of Amount of credit (eb95542ec1)
INFO [2025-02-06 16:13:01] Calculating variable counts of Amount of credit (056f1ee2e0)
INFO [2025-02-06 16:13:01] Calculating variable statistics of Amount of credit (edf4f006a9)
INFO [2025-02-06 16:13:01] Getting variable descriptions of Birthdate (eb95542ec1)
INFO [2025-02-06 16:13:01] Calculating variable counts of Birthdate (056f1ee2e0)
INFO [2025-02-06 16:13:01] Calculating variable statistics of Birthdate (edf4f006a9)
ERROR [2025-02-06 16:13:01] Error occured when calculating simple source numStats: Error in `[.data.frame`(ar, , 2): undefined columns selected
(0b7d075ee0)
<simpleError in `[.data.frame`(ar, , 2): undefined columns selected>
INFO [2025-02-06 16:13:01] Error occured when calculating simple target numStats (10b1904a51)
<simpleError in `[.data.frame`(ar, , 2): undefined columns selected>
INFO [2025-02-06 16:13:01] Getting variable descriptions of Credit worthy? (eb95542ec1)
INFO [2025-02-06 16:13:01] Calculating variable counts of Credit worthy? (056f1ee2e0)
INFO [2025-02-06 16:13:01] Calculating variable statistics of Credit worthy? (edf4f006a9)
INFO [2025-02-06 16:13:01] Getting variable descriptions of Current bank balance (eb95542ec1)
INFO [2025-02-06 16:13:01] Calculating variable counts of Current bank balance (056f1ee2e0)
INFO [2025-02-06 16:13:02] Calculating variable statistics of Current bank balance (edf4f006a9)
INFO [2025-02-06 16:13:02] Getting variable descriptions of Date of contact (eb95542ec1)
INFO [2025-02-06 16:13:02] Calculating variable counts of Date of contact (056f1ee2e0)
INFO [2025-02-06 16:13:02] Calculating variable statistics of Date of contact (edf4f006a9)
ERROR [2025-02-06 16:13:02] Error occured when calculating simple source numStats: Error in `[.data.frame`(ar, , 2): undefined columns selected
(0b7d075ee0)
<simpleError in `[.data.frame`(ar, , 2): undefined columns selected>
INFO [2025-02-06 16:13:02] Error occured when calculating simple target numStats (10b1904a51)
<simpleError in `[.data.frame`(ar, , 2): undefined columns selected>
INFO [2025-02-06 16:13:02] Getting variable descriptions of Forename (eb95542ec1)
INFO [2025-02-06 16:13:02] Calculating variable counts of Forename (056f1ee2e0)
INFO [2025-02-06 16:13:02] Calculating variable statistics of Forename (edf4f006a9)
INFO [2025-02-06 16:13:02] Getting variable descriptions of Income (eb95542ec1)
INFO [2025-02-06 16:13:02] Calculating variable counts of Income (056f1ee2e0)
INFO [2025-02-06 16:13:02] Calculating variable statistics of Income (edf4f006a9)
INFO [2025-02-06 16:13:02] Getting variable descriptions of Job (eb95542ec1)
INFO [2025-02-06 16:13:02] Calculating variable counts of Job (056f1ee2e0)
INFO [2025-02-06 16:13:02] Calculating variable statistics of Job (edf4f006a9)
INFO [2025-02-06 16:13:02] Getting variable descriptions of Name (eb95542ec1)
INFO [2025-02-06 16:13:02] Calculating variable counts of Name (056f1ee2e0)
INFO [2025-02-06 16:13:02] Calculating variable statistics of Name (edf4f006a9)
INFO [2025-02-06 16:13:02] Getting variable descriptions of Person ID (eb95542ec1)
INFO [2025-02-06 16:13:02] Calculating variable counts of Person ID (056f1ee2e0)
INFO [2025-02-06 16:13:02] Calculating variable statistics of Person ID (edf4f006a9)
INFO [2025-02-06 16:13:02] Getting variable descriptions of Sex (eb95542ec1)
INFO [2025-02-06 16:13:02] Calculating variable counts of Sex (056f1ee2e0)
INFO [2025-02-06 16:13:02] Calculating variable statistics of Sex (edf4f006a9)
INFO [2025-02-06 16:13:02] Getting plausibility descriptions of pl.atemporal.item01 (0888fa800d)
INFO [2025-02-06 16:13:02] Calculating plausibility counts of pl.atemporal.item01 (0e918bd0fd)
INFO [2025-02-06 16:13:02] Calculating plausibility statistics of pl.atemporal.item01 (cf90f11533)
INFO [2025-02-06 16:13:03] Getting uniqueness plausibility Pl.uniqueness.Item01 (e4fe49cd9e)
INFO [2025-02-06 16:13:04] Performing value conformance check for 'Age in years' (5d061425eb)
INFO [2025-02-06 16:13:04] Analyzing variable 'Age in years' with type 'integer' (source_data)... (d9f44d5c97)
INFO [2025-02-06 16:13:04] Analyzing variable 'Age in years' with type 'integer' (target_data)... (d9f44d5c97)
INFO [2025-02-06 16:13:04] Age in years from target_data : result_max > range$max (44264e3a64)
INFO [2025-02-06 16:13:04] Performing value conformance check for 'Amount of credit' (5d061425eb)
INFO [2025-02-06 16:13:04] Analyzing variable 'Amount of credit' with type 'integer' (source_data)... (d9f44d5c97)
INFO [2025-02-06 16:13:04] Analyzing variable 'Amount of credit' with type 'integer' (target_data)... (d9f44d5c97)
INFO [2025-02-06 16:13:04] Performing value conformance check for 'Birthdate' (5d061425eb)
INFO [2025-02-06 16:13:04] Analyzing variable 'Birthdate' with type 'datetime' (source_data)... (d9f44d5c97)
INFO [2025-02-06 16:13:04] Found the path to the csv files in the environment: '/home/hornik/tmp/R.check/r-devel-clang/Work/build/Packages/DQAstats/demo_data (d45dad8b72)
INFO [2025-02-06 16:13:04] /home/hornik/tmp/R.check/r-devel-clang/Work/build/Packages/DQAstats/demo_data/dqa_example_data_01.csv (208282630a)
INFO [2025-02-06 16:13:04] /home/hornik/tmp/R.check/r-devel-clang/Work/build/Packages/DQAstats/demo_data/dqa_example_data_02.csv (208282630a)
INFO [2025-02-06 16:13:04] Reading dqa_example_data_01.csv from CSV. (73c0aae8d4)
INFO [2025-02-06 16:13:04] Getting dqa_example_data_01.csv (81ba7f702f)
INFO [2025-02-06 16:13:04] Transforming source variable types dqa_example_data_01.csv (776ba03cbf)
INFO [2025-02-06 16:13:04] Found the path to the csv files in the environment: '/home/hornik/tmp/R.check/r-devel-clang/Work/build/Packages/DQAstats/demo_data (d45dad8b72)
INFO [2025-02-06 16:13:04] /home/hornik/tmp/R.check/r-devel-clang/Work/build/Packages/DQAstats/demo_data/dqa_example_data_01.csv (208282630a)
INFO [2025-02-06 16:13:04] /home/hornik/tmp/R.check/r-devel-clang/Work/build/Packages/DQAstats/demo_data/dqa_example_data_02.csv (208282630a)
INFO [2025-02-06 16:13:04] Reading dqa_example_data_02.csv from CSV. (73c0aae8d4)
INFO [2025-02-06 16:13:04] Getting dqa_example_data_02.csv (81ba7f702f)
INFO [2025-02-06 16:13:04] Transforming source variable types dqa_example_data_02.csv (776ba03cbf)
INFO [2025-02-06 16:13:05] Found the path to the csv files in the environment: '/home/hornik/tmp/R.check/r-devel-clang/Work/build/Packages/DQAstats/demo_data (d45dad8b72)
INFO [2025-02-06 16:13:05] /home/hornik/tmp/R.check/r-devel-clang/Work/build/Packages/DQAstats/demo_data/dqa_example_data_01.csv (208282630a)
INFO [2025-02-06 16:13:05] /home/hornik/tmp/R.check/r-devel-clang/Work/build/Packages/DQAstats/demo_data/dqa_example_data_02.csv (208282630a)
INFO [2025-02-06 16:13:05] Reading dqa_example_data_01.csv from CSV. (73c0aae8d4)
INFO [2025-02-06 16:13:05] Getting dqa_example_data_01.csv (81ba7f702f)
INFO [2025-02-06 16:13:05] Transforming source variable types dqa_example_data_01.csv (776ba03cbf)
INFO [2025-02-06 16:13:05] Found the path to the csv files in the environment: '/home/hornik/tmp/R.check/r-devel-clang/Work/build/Packages/DQAstats/demo_data (d45dad8b72)
INFO [2025-02-06 16:13:05] /home/hornik/tmp/R.check/r-devel-clang/Work/build/Packages/DQAstats/demo_data/dqa_example_data_01.csv (208282630a)
INFO [2025-02-06 16:13:05] /home/hornik/tmp/R.check/r-devel-clang/Work/build/Packages/DQAstats/demo_data/dqa_example_data_02.csv (208282630a)
INFO [2025-02-06 16:13:05] Reading dqa_example_data_02.csv from CSV. (73c0aae8d4)
INFO [2025-02-06 16:13:05] Getting dqa_example_data_02.csv (81ba7f702f)
INFO [2025-02-06 16:13:05] Transforming source variable types dqa_example_data_02.csv (776ba03cbf)
INFO [2025-02-06 16:13:06] Getting atemporal plausibility Pl.atemporal.Item01 (0c70327436)
INFO [2025-02-06 16:13:06] Getting variable descriptions of Age in years (eb95542ec1)
INFO [2025-02-06 16:13:06] Calculating variable counts of Age in years (056f1ee2e0)
INFO [2025-02-06 16:13:06] Calculating variable statistics of Age in years (edf4f006a9)
INFO [2025-02-06 16:13:06] Getting variable descriptions of Amount of credit (eb95542ec1)
INFO [2025-02-06 16:13:06] Calculating variable counts of Amount of credit (056f1ee2e0)
INFO [2025-02-06 16:13:06] Calculating variable statistics of Amount of credit (edf4f006a9)
INFO [2025-02-06 16:13:06] Getting variable descriptions of Birthdate (eb95542ec1)
INFO [2025-02-06 16:13:06] Calculating variable counts of Birthdate (056f1ee2e0)
INFO [2025-02-06 16:13:06] Calculating variable statistics of Birthdate (edf4f006a9)
ERROR [2025-02-06 16:13:06] Error occured when calculating simple source numStats: Error in `[.data.frame`(ar, , 2): undefined columns selected
(0b7d075ee0)
<simpleError in `[.data.frame`(ar, , 2): undefined columns selected>
INFO [2025-02-06 16:13:06] Error occured when calculating simple target numStats (10b1904a51)
<simpleError in `[.data.frame`(ar, , 2): undefined columns selected>
INFO [2025-02-06 16:13:06] Getting variable descriptions of Credit worthy? (eb95542ec1)
INFO [2025-02-06 16:13:06] Calculating variable counts of Credit worthy? (056f1ee2e0)
INFO [2025-02-06 16:13:06] Calculating variable statistics of Credit worthy? (edf4f006a9)
INFO [2025-02-06 16:13:06] Getting variable descriptions of Current bank balance (eb95542ec1)
INFO [2025-02-06 16:13:06] Calculating variable counts of Current bank balance (056f1ee2e0)
INFO [2025-02-06 16:13:06] Calculating variable statistics of Current bank balance (edf4f006a9)
INFO [2025-02-06 16:13:06] Getting variable descriptions of Date of contact (eb95542ec1)
INFO [2025-02-06 16:13:06] Calculating variable counts of Date of contact (056f1ee2e0)
INFO [2025-02-06 16:13:06] Calculating variable statistics of Date of contact (edf4f006a9)
ERROR [2025-02-06 16:13:06] Error occured when calculating simple source numStats: Error in `[.data.frame`(ar, , 2): undefined columns selected
(0b7d075ee0)
<simpleError in `[.data.frame`(ar, , 2): undefined columns selected>
INFO [2025-02-06 16:13:06] Error occured when calculating simple target numStats (10b1904a51)
<simpleError in `[.data.frame`(ar, , 2): undefined columns selected>
INFO [2025-02-06 16:13:06] Getting variable descriptions of Forename (eb95542ec1)
INFO [2025-02-06 16:13:06] Calculating variable counts of Forename (056f1ee2e0)
INFO [2025-02-06 16:13:06] Calculating variable statistics of Forename (edf4f006a9)
INFO [2025-02-06 16:13:06] Getting variable descriptions of Income (eb95542ec1)
INFO [2025-02-06 16:13:06] Calculating variable counts of Income (056f1ee2e0)
INFO [2025-02-06 16:13:06] Calculating variable statistics of Income (edf4f006a9)
INFO [2025-02-06 16:13:06] Getting variable descriptions of Job (eb95542ec1)
INFO [2025-02-06 16:13:07] Calculating variable counts of Job (056f1ee2e0)
INFO [2025-02-06 16:13:07] Calculating variable statistics of Job (edf4f006a9)
INFO [2025-02-06 16:13:07] Getting variable descriptions of Name (eb95542ec1)
INFO [2025-02-06 16:13:07] Calculating variable counts of Name (056f1ee2e0)
INFO [2025-02-06 16:13:07] Calculating variable statistics of Name (edf4f006a9)
INFO [2025-02-06 16:13:07] Getting variable descriptions of Person ID (eb95542ec1)
INFO [2025-02-06 16:13:07] Calculating variable counts of Person ID (056f1ee2e0)
INFO [2025-02-06 16:13:07] Calculating variable statistics of Person ID (edf4f006a9)
INFO [2025-02-06 16:13:07] Getting variable descriptions of Sex (eb95542ec1)
INFO [2025-02-06 16:13:07] Calculating variable counts of Sex (056f1ee2e0)
INFO [2025-02-06 16:13:07] Calculating variable statistics of Sex (edf4f006a9)
INFO [2025-02-06 16:13:07] ✔ Date restriction parameters are valid in the MDR. (47da559fd2)
INFO [2025-02-06 16:13:07] Found the path to the csv files in the environment: '/home/hornik/tmp/R.check/r-devel-clang/Work/build/Packages/DQAstats/demo_data (d45dad8b72)
INFO [2025-02-06 16:13:07] /home/hornik/tmp/R.check/r-devel-clang/Work/build/Packages/DQAstats/demo_data/dqa_example_data_01.csv (208282630a)
INFO [2025-02-06 16:13:07] /home/hornik/tmp/R.check/r-devel-clang/Work/build/Packages/DQAstats/demo_data/dqa_example_data_02.csv (208282630a)
INFO [2025-02-06 16:13:07] Reading dqa_example_data_01.csv from CSV. (73c0aae8d4)
INFO [2025-02-06 16:13:07] Getting dqa_example_data_01.csv (81ba7f702f)
INFO [2025-02-06 16:13:07] Transforming source variable types dqa_example_data_01.csv (776ba03cbf)
INFO [2025-02-06 16:13:08] Found the path to the csv files in the environment: '/home/hornik/tmp/R.check/r-devel-clang/Work/build/Packages/DQAstats/demo_data (d45dad8b72)
INFO [2025-02-06 16:13:08] /home/hornik/tmp/R.check/r-devel-clang/Work/build/Packages/DQAstats/demo_data/dqa_example_data_01.csv (208282630a)
INFO [2025-02-06 16:13:08] /home/hornik/tmp/R.check/r-devel-clang/Work/build/Packages/DQAstats/demo_data/dqa_example_data_02.csv (208282630a)
INFO [2025-02-06 16:13:08] Reading dqa_example_data_02.csv from CSV. (73c0aae8d4)
INFO [2025-02-06 16:13:08] Getting dqa_example_data_02.csv (81ba7f702f)
INFO [2025-02-06 16:13:08] Transforming source variable types dqa_example_data_02.csv (776ba03cbf)
INFO [2025-02-06 16:13:08] Getting variable descriptions of Age in years (eb95542ec1)
INFO [2025-02-06 16:13:08] Calculating variable counts of Age in years (056f1ee2e0)
INFO [2025-02-06 16:13:08] Calculating variable statistics of Age in years (edf4f006a9)
INFO [2025-02-06 16:13:08] Getting variable descriptions of Amount of credit (eb95542ec1)
INFO [2025-02-06 16:13:08] Calculating variable counts of Amount of credit (056f1ee2e0)
INFO [2025-02-06 16:13:08] Calculating variable statistics of Amount of credit (edf4f006a9)
INFO [2025-02-06 16:13:08] Getting variable descriptions of Birthdate (eb95542ec1)
INFO [2025-02-06 16:13:08] Calculating variable counts of Birthdate (056f1ee2e0)
INFO [2025-02-06 16:13:08] Calculating variable statistics of Birthdate (edf4f006a9)
ERROR [2025-02-06 16:13:08] Error occured when calculating simple source numStats: Error in `[.data.frame`(ar, , 2): undefined columns selected
(0b7d075ee0)
<simpleError in `[.data.frame`(ar, , 2): undefined columns selected>
INFO [2025-02-06 16:13:08] Error occured when calculating simple target numStats (10b1904a51)
<simpleError in `[.data.frame`(ar, , 2): undefined columns selected>
INFO [2025-02-06 16:13:08] Getting variable descriptions of Credit worthy? (eb95542ec1)
INFO [2025-02-06 16:13:08] Calculating variable counts of Credit worthy? (056f1ee2e0)
INFO [2025-02-06 16:13:08] Calculating variable statistics of Credit worthy? (edf4f006a9)
INFO [2025-02-06 16:13:08] Getting variable descriptions of Current bank balance (eb95542ec1)
INFO [2025-02-06 16:13:08] Calculating variable counts of Current bank balance (056f1ee2e0)
INFO [2025-02-06 16:13:08] Calculating variable statistics of Current bank balance (edf4f006a9)
INFO [2025-02-06 16:13:09] Getting variable descriptions of Date of contact (eb95542ec1)
INFO [2025-02-06 16:13:09] Calculating variable counts of Date of contact (056f1ee2e0)
INFO [2025-02-06 16:13:09] Calculating variable statistics of Date of contact (edf4f006a9)
ERROR [2025-02-06 16:13:09] Error occured when calculating simple source numStats: Error in `[.data.frame`(ar, , 2): undefined columns selected
(0b7d075ee0)
<simpleError in `[.data.frame`(ar, , 2): undefined columns selected>
INFO [2025-02-06 16:13:09] Error occured when calculating simple target numStats (10b1904a51)
<simpleError in `[.data.frame`(ar, , 2): undefined columns selected>
INFO [2025-02-06 16:13:09] Getting variable descriptions of Forename (eb95542ec1)
INFO [2025-02-06 16:13:09] Calculating variable counts of Forename (056f1ee2e0)
INFO [2025-02-06 16:13:09] Calculating variable statistics of Forename (edf4f006a9)
INFO [2025-02-06 16:13:09] Getting variable descriptions of Income (eb95542ec1)
INFO [2025-02-06 16:13:09] Calculating variable counts of Income (056f1ee2e0)
INFO [2025-02-06 16:13:09] Calculating variable statistics of Income (edf4f006a9)
INFO [2025-02-06 16:13:09] Getting variable descriptions of Job (eb95542ec1)
INFO [2025-02-06 16:13:09] Calculating variable counts of Job (056f1ee2e0)
INFO [2025-02-06 16:13:09] Calculating variable statistics of Job (edf4f006a9)
INFO [2025-02-06 16:13:09] Getting variable descriptions of Name (eb95542ec1)
INFO [2025-02-06 16:13:09] Calculating variable counts of Name (056f1ee2e0)
INFO [2025-02-06 16:13:09] Calculating variable statistics of Name (edf4f006a9)
INFO [2025-02-06 16:13:09] Getting variable descriptions of Person ID (eb95542ec1)
INFO [2025-02-06 16:13:09] Calculating variable counts of Person ID (056f1ee2e0)
INFO [2025-02-06 16:13:09] Calculating variable statistics of Person ID (edf4f006a9)
INFO [2025-02-06 16:13:09] Getting variable descriptions of Sex (eb95542ec1)
INFO [2025-02-06 16:13:09] Calculating variable counts of Sex (056f1ee2e0)
INFO [2025-02-06 16:13:09] Calculating variable statistics of Sex (edf4f006a9)
INFO [2025-02-06 16:13:10] Performing value conformance check for 'Age in years' (5d061425eb)
INFO [2025-02-06 16:13:10] Analyzing variable 'Age in years' with type 'integer' (source_data)... (d9f44d5c97)
INFO [2025-02-06 16:13:10] Analyzing variable 'Age in years' with type 'integer' (target_data)... (d9f44d5c97)
INFO [2025-02-06 16:13:10] Age in years from target_data : result_max > range$max (44264e3a64)
INFO [2025-02-06 16:13:10] Performing value conformance check for 'Amount of credit' (5d061425eb)
INFO [2025-02-06 16:13:10] Analyzing variable 'Amount of credit' with type 'integer' (source_data)... (d9f44d5c97)
INFO [2025-02-06 16:13:10] Analyzing variable 'Amount of credit' with type 'integer' (target_data)... (d9f44d5c97)
INFO [2025-02-06 16:13:10] Performing value conformance check for 'Birthdate' (5d061425eb)
INFO [2025-02-06 16:13:10] Analyzing variable 'Birthdate' with type 'datetime' (source_data)... (d9f44d5c97)
INFO [2025-02-06 16:13:10] Found the path to the csv files in the environment: '/home/hornik/tmp/R.check/r-devel-clang/Work/build/Packages/DQAstats/demo_data (d45dad8b72)
INFO [2025-02-06 16:13:10] /home/hornik/tmp/R.check/r-devel-clang/Work/build/Packages/DQAstats/demo_data/dqa_example_data_01.csv (208282630a)
INFO [2025-02-06 16:13:10] /home/hornik/tmp/R.check/r-devel-clang/Work/build/Packages/DQAstats/demo_data/dqa_example_data_02.csv (208282630a)
INFO [2025-02-06 16:13:10] Reading dqa_example_data_01.csv from CSV. (73c0aae8d4)
INFO [2025-02-06 16:13:10] Getting dqa_example_data_01.csv (81ba7f702f)
INFO [2025-02-06 16:13:10] Transforming source variable types dqa_example_data_01.csv (776ba03cbf)
INFO [2025-02-06 16:13:11] Found the path to the csv files in the environment: '/home/hornik/tmp/R.check/r-devel-clang/Work/build/Packages/DQAstats/demo_data (d45dad8b72)
INFO [2025-02-06 16:13:11] /home/hornik/tmp/R.check/r-devel-clang/Work/build/Packages/DQAstats/demo_data/dqa_example_data_01.csv (208282630a)
INFO [2025-02-06 16:13:11] /home/hornik/tmp/R.check/r-devel-clang/Work/build/Packages/DQAstats/demo_data/dqa_example_data_02.csv (208282630a)
INFO [2025-02-06 16:13:11] Reading dqa_example_data_02.csv from CSV. (73c0aae8d4)
INFO [2025-02-06 16:13:11] Getting dqa_example_data_02.csv (81ba7f702f)
INFO [2025-02-06 16:13:11] Transforming source variable types dqa_example_data_02.csv (776ba03cbf)
INFO [2025-02-06 16:13:11] Getting variable descriptions of Age in years (eb95542ec1)
INFO [2025-02-06 16:13:11] Calculating variable counts of Age in years (056f1ee2e0)
INFO [2025-02-06 16:13:11] Calculating variable statistics of Age in years (edf4f006a9)
INFO [2025-02-06 16:13:11] Getting variable descriptions of Amount of credit (eb95542ec1)
INFO [2025-02-06 16:13:11] Calculating variable counts of Amount of credit (056f1ee2e0)
INFO [2025-02-06 16:13:11] Calculating variable statistics of Amount of credit (edf4f006a9)
INFO [2025-02-06 16:13:11] Getting variable descriptions of Birthdate (eb95542ec1)
INFO [2025-02-06 16:13:11] Calculating variable counts of Birthdate (056f1ee2e0)
INFO [2025-02-06 16:13:11] Calculating variable statistics of Birthdate (edf4f006a9)
ERROR [2025-02-06 16:13:11] Error occured when calculating simple source numStats: Error in `[.data.frame`(ar, , 2): undefined columns selected
(0b7d075ee0)
<simpleError in `[.data.frame`(ar, , 2): undefined columns selected>
INFO [2025-02-06 16:13:11] Error occured when calculating simple target numStats (10b1904a51)
<simpleError in `[.data.frame`(ar, , 2): undefined columns selected>
INFO [2025-02-06 16:13:11] Getting variable descriptions of Credit worthy? (eb95542ec1)
INFO [2025-02-06 16:13:11] Calculating variable counts of Credit worthy? (056f1ee2e0)
INFO [2025-02-06 16:13:11] Calculating variable statistics of Credit worthy? (edf4f006a9)
INFO [2025-02-06 16:13:11] Getting variable descriptions of Current bank balance (eb95542ec1)
INFO [2025-02-06 16:13:11] Calculating variable counts of Current bank balance (056f1ee2e0)
INFO [2025-02-06 16:13:11] Calculating variable statistics of Current bank balance (edf4f006a9)
INFO [2025-02-06 16:13:11] Getting variable descriptions of Date of contact (eb95542ec1)
INFO [2025-02-06 16:13:11] Calculating variable counts of Date of contact (056f1ee2e0)
INFO [2025-02-06 16:13:11] Calculating variable statistics of Date of contact (edf4f006a9)
ERROR [2025-02-06 16:13:11] Error occured when calculating simple source numStats: Error in `[.data.frame`(ar, , 2): undefined columns selected
(0b7d075ee0)
<simpleError in `[.data.frame`(ar, , 2): undefined columns selected>
INFO [2025-02-06 16:13:11] Error occured when calculating simple target numStats (10b1904a51)
<simpleError in `[.data.frame`(ar, , 2): undefined columns selected>
INFO [2025-02-06 16:13:11] Getting variable descriptions of Forename (eb95542ec1)
INFO [2025-02-06 16:13:11] Calculating variable counts of Forename (056f1ee2e0)
INFO [2025-02-06 16:13:11] Calculating variable statistics of Forename (edf4f006a9)
INFO [2025-02-06 16:13:11] Getting variable descriptions of Income (eb95542ec1)
INFO [2025-02-06 16:13:11] Calculating variable counts of Income (056f1ee2e0)
INFO [2025-02-06 16:13:11] Calculating variable statistics of Income (edf4f006a9)
INFO [2025-02-06 16:13:11] Getting variable descriptions of Job (eb95542ec1)
INFO [2025-02-06 16:13:11] Calculating variable counts of Job (056f1ee2e0)
INFO [2025-02-06 16:13:11] Calculating variable statistics of Job (edf4f006a9)
INFO [2025-02-06 16:13:11] Getting variable descriptions of Name (eb95542ec1)
INFO [2025-02-06 16:13:12] Calculating variable counts of Name (056f1ee2e0)
INFO [2025-02-06 16:13:12] Calculating variable statistics of Name (edf4f006a9)
INFO [2025-02-06 16:13:12] Getting variable descriptions of Person ID (eb95542ec1)
INFO [2025-02-06 16:13:12] Calculating variable counts of Person ID (056f1ee2e0)
INFO [2025-02-06 16:13:12] Calculating variable statistics of Person ID (edf4f006a9)
INFO [2025-02-06 16:13:12] Getting variable descriptions of Sex (eb95542ec1)
INFO [2025-02-06 16:13:12] Calculating variable counts of Sex (056f1ee2e0)
INFO [2025-02-06 16:13:12] Calculating variable statistics of Sex (edf4f006a9)
INFO [2025-02-06 16:13:12] Performing value conformance check for 'Age in years' (5d061425eb)
INFO [2025-02-06 16:13:12] Analyzing variable 'Age in years' with type 'integer' (source_data)... (d9f44d5c97)
INFO [2025-02-06 16:13:12] Analyzing variable 'Age in years' with type 'integer' (target_data)... (d9f44d5c97)
INFO [2025-02-06 16:13:13] Age in years from target_data : result_max > range$max (44264e3a64)
INFO [2025-02-06 16:13:13] Performing value conformance check for 'Amount of credit' (5d061425eb)
INFO [2025-02-06 16:13:13] Analyzing variable 'Amount of credit' with type 'integer' (source_data)... (d9f44d5c97)
INFO [2025-02-06 16:13:13] Analyzing variable 'Amount of credit' with type 'integer' (target_data)... (d9f44d5c97)
INFO [2025-02-06 16:13:13] Performing value conformance check for 'Birthdate' (5d061425eb)
INFO [2025-02-06 16:13:13] Analyzing variable 'Birthdate' with type 'datetime' (source_data)... (d9f44d5c97)
INFO [2025-02-06 16:13:13] Found the path to the csv files in the environment: '/home/hornik/tmp/R.check/r-devel-clang/Work/build/Packages/DQAstats/demo_data (d45dad8b72)
INFO [2025-02-06 16:13:13] /home/hornik/tmp/R.check/r-devel-clang/Work/build/Packages/DQAstats/demo_data/dqa_example_data_01.csv (208282630a)
INFO [2025-02-06 16:13:13] /home/hornik/tmp/R.check/r-devel-clang/Work/build/Packages/DQAstats/demo_data/dqa_example_data_02.csv (208282630a)
INFO [2025-02-06 16:13:13] Reading dqa_example_data_01.csv from CSV. (73c0aae8d4)
INFO [2025-02-06 16:13:13] Getting dqa_example_data_01.csv (81ba7f702f)
INFO [2025-02-06 16:13:13] Transforming source variable types dqa_example_data_01.csv (776ba03cbf)
INFO [2025-02-06 16:13:13] Found the path to the csv files in the environment: '/home/hornik/tmp/R.check/r-devel-clang/Work/build/Packages/DQAstats/demo_data (d45dad8b72)
INFO [2025-02-06 16:13:13] /home/hornik/tmp/R.check/r-devel-clang/Work/build/Packages/DQAstats/demo_data/dqa_example_data_01.csv (208282630a)
INFO [2025-02-06 16:13:13] /home/hornik/tmp/R.check/r-devel-clang/Work/build/Packages/DQAstats/demo_data/dqa_example_data_02.csv (208282630a)
INFO [2025-02-06 16:13:13] Reading dqa_example_data_02.csv from CSV. (73c0aae8d4)
INFO [2025-02-06 16:13:13] Getting dqa_example_data_02.csv (81ba7f702f)
INFO [2025-02-06 16:13:13] Transforming source variable types dqa_example_data_02.csv (776ba03cbf)
INFO [2025-02-06 16:13:13] Getting atemporal plausibility Pl.atemporal.Item01 (0c70327436)
INFO [2025-02-06 16:13:14] Getting variable descriptions of Age in years (eb95542ec1)
INFO [2025-02-06 16:13:14] Calculating variable counts of Age in years (056f1ee2e0)
INFO [2025-02-06 16:13:14] Calculating variable statistics of Age in years (edf4f006a9)
INFO [2025-02-06 16:13:14] Getting variable descriptions of Amount of credit (eb95542ec1)
INFO [2025-02-06 16:13:14] Calculating variable counts of Amount of credit (056f1ee2e0)
INFO [2025-02-06 16:13:14] Calculating variable statistics of Amount of credit (edf4f006a9)
INFO [2025-02-06 16:13:14] Getting variable descriptions of Birthdate (eb95542ec1)
INFO [2025-02-06 16:13:14] Calculating variable counts of Birthdate (056f1ee2e0)
INFO [2025-02-06 16:13:14] Calculating variable statistics of Birthdate (edf4f006a9)
ERROR [2025-02-06 16:13:14] Error occured when calculating simple source numStats: Error in `[.data.frame`(ar, , 2): undefined columns selected
(0b7d075ee0)
<simpleError in `[.data.frame`(ar, , 2): undefined columns selected>
INFO [2025-02-06 16:13:14] Error occured when calculating simple target numStats (10b1904a51)
<simpleError in `[.data.frame`(ar, , 2): undefined columns selected>
INFO [2025-02-06 16:13:14] Getting variable descriptions of Credit worthy? (eb95542ec1)
INFO [2025-02-06 16:13:14] Calculating variable counts of Credit worthy? (056f1ee2e0)
INFO [2025-02-06 16:13:14] Calculating variable statistics of Credit worthy? (edf4f006a9)
INFO [2025-02-06 16:13:14] Getting variable descriptions of Current bank balance (eb95542ec1)
INFO [2025-02-06 16:13:14] Calculating variable counts of Current bank balance (056f1ee2e0)
INFO [2025-02-06 16:13:14] Calculating variable statistics of Current bank balance (edf4f006a9)
INFO [2025-02-06 16:13:14] Getting variable descriptions of Date of contact (eb95542ec1)
INFO [2025-02-06 16:13:14] Calculating variable counts of Date of contact (056f1ee2e0)
INFO [2025-02-06 16:13:14] Calculating variable statistics of Date of contact (edf4f006a9)
ERROR [2025-02-06 16:13:14] Error occured when calculating simple source numStats: Error in `[.data.frame`(ar, , 2): undefined columns selected
(0b7d075ee0)
<simpleError in `[.data.frame`(ar, , 2): undefined columns selected>
INFO [2025-02-06 16:13:14] Error occured when calculating simple target numStats (10b1904a51)
<simpleError in `[.data.frame`(ar, , 2): undefined columns selected>
INFO [2025-02-06 16:13:14] Getting variable descriptions of Forename (eb95542ec1)
INFO [2025-02-06 16:13:14] Calculating variable counts of Forename (056f1ee2e0)
INFO [2025-02-06 16:13:15] Calculating variable statistics of Forename (edf4f006a9)
INFO [2025-02-06 16:13:15] Getting variable descriptions of Income (eb95542ec1)
INFO [2025-02-06 16:13:15] Calculating variable counts of Income (056f1ee2e0)
INFO [2025-02-06 16:13:15] Calculating variable statistics of Income (edf4f006a9)
INFO [2025-02-06 16:13:15] Getting variable descriptions of Job (eb95542ec1)
INFO [2025-02-06 16:13:15] Calculating variable counts of Job (056f1ee2e0)
INFO [2025-02-06 16:13:15] Calculating variable statistics of Job (edf4f006a9)
INFO [2025-02-06 16:13:15] Getting variable descriptions of Name (eb95542ec1)
INFO [2025-02-06 16:13:15] Calculating variable counts of Name (056f1ee2e0)
INFO [2025-02-06 16:13:15] Calculating variable statistics of Name (edf4f006a9)
INFO [2025-02-06 16:13:15] Getting variable descriptions of Person ID (eb95542ec1)
INFO [2025-02-06 16:13:15] Calculating variable counts of Person ID (056f1ee2e0)
INFO [2025-02-06 16:13:15] Calculating variable statistics of Person ID (edf4f006a9)
INFO [2025-02-06 16:13:15] Getting variable descriptions of Sex (eb95542ec1)
INFO [2025-02-06 16:13:15] Calculating variable counts of Sex (056f1ee2e0)
INFO [2025-02-06 16:13:15] Calculating variable statistics of Sex (edf4f006a9)
INFO [2025-02-06 16:13:15] Found the path to the csv files in the environment: '/home/hornik/tmp/R.check/r-devel-clang/Work/build/Packages/DQAstats/demo_data (d45dad8b72)
INFO [2025-02-06 16:13:15] /home/hornik/tmp/R.check/r-devel-clang/Work/build/Packages/DQAstats/demo_data/dqa_example_data_01.csv (208282630a)
INFO [2025-02-06 16:13:15] /home/hornik/tmp/R.check/r-devel-clang/Work/build/Packages/DQAstats/demo_data/dqa_example_data_02.csv (208282630a)
INFO [2025-02-06 16:13:15] Reading dqa_example_data_01.csv from CSV. (73c0aae8d4)
INFO [2025-02-06 16:13:15] Getting dqa_example_data_01.csv (81ba7f702f)
INFO [2025-02-06 16:13:15] Transforming source variable types dqa_example_data_01.csv (776ba03cbf)
INFO [2025-02-06 16:13:15] Found the path to the csv files in the environment: '/home/hornik/tmp/R.check/r-devel-clang/Work/build/Packages/DQAstats/demo_data (d45dad8b72)
INFO [2025-02-06 16:13:15] /home/hornik/tmp/R.check/r-devel-clang/Work/build/Packages/DQAstats/demo_data/dqa_example_data_01.csv (208282630a)
INFO [2025-02-06 16:13:15] /home/hornik/tmp/R.check/r-devel-clang/Work/build/Packages/DQAstats/demo_data/dqa_example_data_02.csv (208282630a)
INFO [2025-02-06 16:13:15] Reading dqa_example_data_02.csv from CSV. (73c0aae8d4)
INFO [2025-02-06 16:13:15] Getting dqa_example_data_02.csv (81ba7f702f)
INFO [2025-02-06 16:13:15] Transforming source variable types dqa_example_data_02.csv (776ba03cbf)
INFO [2025-02-06 16:13:16] Getting atemporal plausibility Pl.atemporal.Item01 (0c70327436)
INFO [2025-02-06 16:13:16] Getting variable descriptions of Age in years (eb95542ec1)
INFO [2025-02-06 16:13:16] Calculating variable counts of Age in years (056f1ee2e0)
INFO [2025-02-06 16:13:16] Calculating variable statistics of Age in years (edf4f006a9)
INFO [2025-02-06 16:13:17] Getting variable descriptions of Amount of credit (eb95542ec1)
INFO [2025-02-06 16:13:17] Calculating variable counts of Amount of credit (056f1ee2e0)
INFO [2025-02-06 16:13:17] Calculating variable statistics of Amount of credit (edf4f006a9)
INFO [2025-02-06 16:13:17] Getting variable descriptions of Birthdate (eb95542ec1)
INFO [2025-02-06 16:13:17] Calculating variable counts of Birthdate (056f1ee2e0)
INFO [2025-02-06 16:13:17] Calculating variable statistics of Birthdate (edf4f006a9)
ERROR [2025-02-06 16:13:17] Error occured when calculating simple source numStats: Error in `[.data.frame`(ar, , 2): undefined columns selected
(0b7d075ee0)
<simpleError in `[.data.frame`(ar, , 2): undefined columns selected>
INFO [2025-02-06 16:13:17] Error occured when calculating simple target numStats (10b1904a51)
<simpleError in `[.data.frame`(ar, , 2): undefined columns selected>
INFO [2025-02-06 16:13:17] Getting variable descriptions of Credit worthy? (eb95542ec1)
INFO [2025-02-06 16:13:17] Calculating variable counts of Credit worthy? (056f1ee2e0)
INFO [2025-02-06 16:13:17] Calculating variable statistics of Credit worthy? (edf4f006a9)
INFO [2025-02-06 16:13:17] Getting variable descriptions of Current bank balance (eb95542ec1)
INFO [2025-02-06 16:13:17] Calculating variable counts of Current bank balance (056f1ee2e0)
INFO [2025-02-06 16:13:17] Calculating variable statistics of Current bank balance (edf4f006a9)
INFO [2025-02-06 16:13:17] Getting variable descriptions of Date of contact (eb95542ec1)
INFO [2025-02-06 16:13:17] Calculating variable counts of Date of contact (056f1ee2e0)
INFO [2025-02-06 16:13:17] Calculating variable statistics of Date of contact (edf4f006a9)
ERROR [2025-02-06 16:13:17] Error occured when calculating simple source numStats: Error in `[.data.frame`(ar, , 2): undefined columns selected
(0b7d075ee0)
<simpleError in `[.data.frame`(ar, , 2): undefined columns selected>
INFO [2025-02-06 16:13:17] Error occured when calculating simple target numStats (10b1904a51)
<simpleError in `[.data.frame`(ar, , 2): undefined columns selected>
INFO [2025-02-06 16:13:17] Getting variable descriptions of Forename (eb95542ec1)
INFO [2025-02-06 16:13:17] Calculating variable counts of Forename (056f1ee2e0)
INFO [2025-02-06 16:13:17] Calculating variable statistics of Forename (edf4f006a9)
INFO [2025-02-06 16:13:17] Getting variable descriptions of Income (eb95542ec1)
INFO [2025-02-06 16:13:17] Calculating variable counts of Income (056f1ee2e0)
INFO [2025-02-06 16:13:17] Calculating variable statistics of Income (edf4f006a9)
INFO [2025-02-06 16:13:17] Getting variable descriptions of Job (eb95542ec1)
INFO [2025-02-06 16:13:17] Calculating variable counts of Job (056f1ee2e0)
INFO [2025-02-06 16:13:17] Calculating variable statistics of Job (edf4f006a9)
INFO [2025-02-06 16:13:17] Getting variable descriptions of Name (eb95542ec1)
INFO [2025-02-06 16:13:17] Calculating variable counts of Name (056f1ee2e0)
INFO [2025-02-06 16:13:17] Calculating variable statistics of Name (edf4f006a9)
INFO [2025-02-06 16:13:17] Getting variable descriptions of Person ID (eb95542ec1)
INFO [2025-02-06 16:13:17] Calculating variable counts of Person ID (056f1ee2e0)
INFO [2025-02-06 16:13:17] Calculating variable statistics of Person ID (edf4f006a9)
INFO [2025-02-06 16:13:17] Getting variable descriptions of Sex (eb95542ec1)
INFO [2025-02-06 16:13:17] Calculating variable counts of Sex (056f1ee2e0)
INFO [2025-02-06 16:13:18] Calculating variable statistics of Sex (edf4f006a9)
INFO [2025-02-06 16:13:18] Performing missing analysis Age in years (7a28e87b30)
INFO [2025-02-06 16:13:18] Performing missing analysis Amount of credit (7a28e87b30)
INFO [2025-02-06 16:13:18] Performing missing analysis Birthdate (7a28e87b30)
INFO [2025-02-06 16:13:18] Performing missing analysis Credit worthy? (7a28e87b30)
INFO [2025-02-06 16:13:18] Performing missing analysis Current bank balance (7a28e87b30)
INFO [2025-02-06 16:13:18] Performing missing analysis Date of contact (7a28e87b30)
INFO [2025-02-06 16:13:18] Performing missing analysis Forename (7a28e87b30)
INFO [2025-02-06 16:13:18] Performing missing analysis Income (7a28e87b30)
INFO [2025-02-06 16:13:18] Performing missing analysis Job (7a28e87b30)
INFO [2025-02-06 16:13:18] Performing missing analysis Name (7a28e87b30)
INFO [2025-02-06 16:13:18] Performing missing analysis Person ID (7a28e87b30)
INFO [2025-02-06 16:13:18] Performing missing analysis Sex (7a28e87b30)
INFO [2025-02-06 16:13:18] Creating /home/hornik/tmp/scratch/Rtmpi5k1Hf/export/ (4f10124602)
INFO [2025-02-06 16:13:19] Found the path to the csv files in the environment: '/home/hornik/tmp/R.check/r-devel-clang/Work/build/Packages/DQAstats/demo_data (d45dad8b72)
INFO [2025-02-06 16:13:19] /home/hornik/tmp/R.check/r-devel-clang/Work/build/Packages/DQAstats/demo_data/dqa_example_data_01.csv (208282630a)
INFO [2025-02-06 16:13:19] /home/hornik/tmp/R.check/r-devel-clang/Work/build/Packages/DQAstats/demo_data/dqa_example_data_02.csv (208282630a)
INFO [2025-02-06 16:13:19] Reading dqa_example_data_01.csv from CSV. (73c0aae8d4)
INFO [2025-02-06 16:13:19] Getting dqa_example_data_01.csv (81ba7f702f)
INFO [2025-02-06 16:13:19] Transforming source variable types dqa_example_data_01.csv (776ba03cbf)
INFO [2025-02-06 16:13:19] Found the path to the csv files in the environment: '/home/hornik/tmp/R.check/r-devel-clang/Work/build/Packages/DQAstats/demo_data (d45dad8b72)
INFO [2025-02-06 16:13:19] /home/hornik/tmp/R.check/r-devel-clang/Work/build/Packages/DQAstats/demo_data/dqa_example_data_01.csv (208282630a)
INFO [2025-02-06 16:13:19] /home/hornik/tmp/R.check/r-devel-clang/Work/build/Packages/DQAstats/demo_data/dqa_example_data_02.csv (208282630a)
INFO [2025-02-06 16:13:19] Reading dqa_example_data_02.csv from CSV. (73c0aae8d4)
INFO [2025-02-06 16:13:19] Getting dqa_example_data_02.csv (81ba7f702f)
INFO [2025-02-06 16:13:19] Transforming source variable types dqa_example_data_02.csv (776ba03cbf)
INFO [2025-02-06 16:13:19] Getting atemporal plausibility Pl.atemporal.Item01 (0c70327436)
INFO [2025-02-06 16:13:20] Getting variable descriptions of Age in years (eb95542ec1)
INFO [2025-02-06 16:13:20] Calculating variable counts of Age in years (056f1ee2e0)
INFO [2025-02-06 16:13:20] Calculating variable statistics of Age in years (edf4f006a9)
INFO [2025-02-06 16:13:20] Getting variable descriptions of Amount of credit (eb95542ec1)
INFO [2025-02-06 16:13:20] Calculating variable counts of Amount of credit (056f1ee2e0)
INFO [2025-02-06 16:13:20] Calculating variable statistics of Amount of credit (edf4f006a9)
INFO [2025-02-06 16:13:20] Getting variable descriptions of Birthdate (eb95542ec1)
INFO [2025-02-06 16:13:20] Calculating variable counts of Birthdate (056f1ee2e0)
INFO [2025-02-06 16:13:20] Calculating variable statistics of Birthdate (edf4f006a9)
ERROR [2025-02-06 16:13:20] Error occured when calculating simple source numStats: Error in `[.data.frame`(ar, , 2): undefined columns selected
(0b7d075ee0)
<simpleError in `[.data.frame`(ar, , 2): undefined columns selected>
INFO [2025-02-06 16:13:20] Error occured when calculating simple target numStats (10b1904a51)
<simpleError in `[.data.frame`(ar, , 2): undefined columns selected>
INFO [2025-02-06 16:13:20] Getting variable descriptions of Credit worthy? (eb95542ec1)
INFO [2025-02-06 16:13:20] Calculating variable counts of Credit worthy? (056f1ee2e0)
INFO [2025-02-06 16:13:20] Calculating variable statistics of Credit worthy? (edf4f006a9)
INFO [2025-02-06 16:13:20] Getting variable descriptions of Current bank balance (eb95542ec1)
INFO [2025-02-06 16:13:20] Calculating variable counts of Current bank balance (056f1ee2e0)
INFO [2025-02-06 16:13:20] Calculating variable statistics of Current bank balance (edf4f006a9)
INFO [2025-02-06 16:13:20] Getting variable descriptions of Date of contact (eb95542ec1)
INFO [2025-02-06 16:13:20] Calculating variable counts of Date of contact (056f1ee2e0)
INFO [2025-02-06 16:13:20] Calculating variable statistics of Date of contact (edf4f006a9)
ERROR [2025-02-06 16:13:20] Error occured when calculating simple source numStats: Error in `[.data.frame`(ar, , 2): undefined columns selected
(0b7d075ee0)
<simpleError in `[.data.frame`(ar, , 2): undefined columns selected>
INFO [2025-02-06 16:13:20] Error occured when calculating simple target numStats (10b1904a51)
<simpleError in `[.data.frame`(ar, , 2): undefined columns selected>
INFO [2025-02-06 16:13:20] Getting variable descriptions of Forename (eb95542ec1)
INFO [2025-02-06 16:13:20] Calculating variable counts of Forename (056f1ee2e0)
INFO [2025-02-06 16:13:20] Calculating variable statistics of Forename (edf4f006a9)
INFO [2025-02-06 16:13:20] Getting variable descriptions of Income (eb95542ec1)
INFO [2025-02-06 16:13:20] Calculating variable counts of Income (056f1ee2e0)
INFO [2025-02-06 16:13:21] Calculating variable statistics of Income (edf4f006a9)
INFO [2025-02-06 16:13:21] Getting variable descriptions of Job (eb95542ec1)
INFO [2025-02-06 16:13:21] Calculating variable counts of Job (056f1ee2e0)
INFO [2025-02-06 16:13:21] Calculating variable statistics of Job (edf4f006a9)
INFO [2025-02-06 16:13:21] Getting variable descriptions of Name (eb95542ec1)
INFO [2025-02-06 16:13:21] Calculating variable counts of Name (056f1ee2e0)
INFO [2025-02-06 16:13:21] Calculating variable statistics of Name (edf4f006a9)
INFO [2025-02-06 16:13:21] Getting variable descriptions of Person ID (eb95542ec1)
INFO [2025-02-06 16:13:21] Calculating variable counts of Person ID (056f1ee2e0)
INFO [2025-02-06 16:13:21] Calculating variable statistics of Person ID (edf4f006a9)
INFO [2025-02-06 16:13:21] Getting variable descriptions of Sex (eb95542ec1)
INFO [2025-02-06 16:13:21] Calculating variable counts of Sex (056f1ee2e0)
INFO [2025-02-06 16:13:21] Calculating variable statistics of Sex (edf4f006a9)
INFO [2025-02-06 16:13:21] Getting plausibility descriptions of pl.atemporal.item01 (0888fa800d)
INFO [2025-02-06 16:13:21] Calculating plausibility counts of pl.atemporal.item01 (0e918bd0fd)
INFO [2025-02-06 16:13:21] Calculating plausibility statistics of pl.atemporal.item01 (cf90f11533)
INFO [2025-02-06 16:13:21] Getting uniqueness plausibility Pl.uniqueness.Item01 (e4fe49cd9e)
Version of 'DIZtools': 1.0.1
Version of 'DIZutils': 0.1.3
Version of 'DQAstats': 0.3.6
INFO [2025-02-06 16:13:22] using future::plan("sequential") (4294f43e54)
INFO [2025-02-06 16:13:22] No time contstraints will be applied to input data. Either `restricting_date_start` or `restricting_date_end` was null. (08b1a85c61)
INFO [2025-02-06 16:13:22] Don't checking the time filtering columns because time filtering is not necessarry. (`rv$restricting_date$use_it` is not TRUE). (feec24b71b)
INFO [2025-02-06 16:13:22] Found the path to the csv files in the environment: '/home/hornik/tmp/R.check/r-devel-clang/Work/build/Packages/DQAstats/demo_data (d45dad8b72)
INFO [2025-02-06 16:13:22] /home/hornik/tmp/R.check/r-devel-clang/Work/build/Packages/DQAstats/demo_data/dqa_example_data_01.csv (208282630a)
INFO [2025-02-06 16:13:22] /home/hornik/tmp/R.check/r-devel-clang/Work/build/Packages/DQAstats/demo_data/dqa_example_data_02.csv (208282630a)
INFO [2025-02-06 16:13:22] Reading dqa_example_data_01.csv from CSV. (73c0aae8d4)
INFO [2025-02-06 16:13:22] Getting dqa_example_data_01.csv (81ba7f702f)
INFO [2025-02-06 16:13:22] Transforming source variable types dqa_example_data_01.csv (776ba03cbf)
INFO [2025-02-06 16:13:22] Found the path to the csv files in the environment: '/home/hornik/tmp/R.check/r-devel-clang/Work/build/Packages/DQAstats/demo_data (d45dad8b72)
INFO [2025-02-06 16:13:22] /home/hornik/tmp/R.check/r-devel-clang/Work/build/Packages/DQAstats/demo_data/dqa_example_data_01.csv (208282630a)
INFO [2025-02-06 16:13:22] /home/hornik/tmp/R.check/r-devel-clang/Work/build/Packages/DQAstats/demo_data/dqa_example_data_02.csv (208282630a)
INFO [2025-02-06 16:13:22] Reading dqa_example_data_02.csv from CSV. (73c0aae8d4)
INFO [2025-02-06 16:13:22] Getting dqa_example_data_02.csv (81ba7f702f)
INFO [2025-02-06 16:13:22] Transforming source variable types dqa_example_data_02.csv (776ba03cbf)
INFO [2025-02-06 16:13:22] Start the time_compare (tc5a1dwezt)
INFO [2025-02-06 16:13:22] Start comparing timestamps of: dqa_example_data_01.csv (tcst1dwe12)
INFO [2025-02-06 16:13:22] End of time-compare (tcen1dwe67)
INFO [2025-02-06 16:13:22] Getting atemporal plausibility Pl.atemporal.Item01 (0c70327436)
INFO [2025-02-06 16:13:23] Getting variable descriptions of Age in years (eb95542ec1)
INFO [2025-02-06 16:13:23] Calculating variable counts of Age in years (056f1ee2e0)
INFO [2025-02-06 16:13:23] Calculating variable statistics of Age in years (edf4f006a9)
INFO [2025-02-06 16:13:23] Getting variable descriptions of Amount of credit (eb95542ec1)
INFO [2025-02-06 16:13:23] Calculating variable counts of Amount of credit (056f1ee2e0)
INFO [2025-02-06 16:13:23] Calculating variable statistics of Amount of credit (edf4f006a9)
INFO [2025-02-06 16:13:23] Getting variable descriptions of Birthdate (eb95542ec1)
INFO [2025-02-06 16:13:23] Calculating variable counts of Birthdate (056f1ee2e0)
INFO [2025-02-06 16:13:23] Calculating variable statistics of Birthdate (edf4f006a9)
ERROR [2025-02-06 16:13:23] Error occured when calculating simple source numStats: Error in `[.data.frame`(ar, , 2): undefined columns selected
(0b7d075ee0)
<simpleError in `[.data.frame`(ar, , 2): undefined columns selected>
INFO [2025-02-06 16:13:23] Error occured when calculating simple target numStats (10b1904a51)
<simpleError in `[.data.frame`(ar, , 2): undefined columns selected>
INFO [2025-02-06 16:13:23] Getting variable descriptions of Credit worthy? (eb95542ec1)
INFO [2025-02-06 16:13:23] Calculating variable counts of Credit worthy? (056f1ee2e0)
INFO [2025-02-06 16:13:23] Calculating variable statistics of Credit worthy? (edf4f006a9)
INFO [2025-02-06 16:13:23] Getting variable descriptions of Current bank balance (eb95542ec1)
INFO [2025-02-06 16:13:23] Calculating variable counts of Current bank balance (056f1ee2e0)
INFO [2025-02-06 16:13:23] Calculating variable statistics of Current bank balance (edf4f006a9)
INFO [2025-02-06 16:13:23] Getting variable descriptions of Date of contact (eb95542ec1)
INFO [2025-02-06 16:13:23] Calculating variable counts of Date of contact (056f1ee2e0)
INFO [2025-02-06 16:13:23] Calculating variable statistics of Date of contact (edf4f006a9)
ERROR [2025-02-06 16:13:23] Error occured when calculating simple source numStats: Error in `[.data.frame`(ar, , 2): undefined columns selected
(0b7d075ee0)
<simpleError in `[.data.frame`(ar, , 2): undefined columns selected>
INFO [2025-02-06 16:13:23] Error occured when calculating simple target numStats (10b1904a51)
<simpleError in `[.data.frame`(ar, , 2): undefined columns selected>
INFO [2025-02-06 16:13:23] Getting variable descriptions of Forename (eb95542ec1)
INFO [2025-02-06 16:13:24] Calculating variable counts of Forename (056f1ee2e0)
INFO [2025-02-06 16:13:24] Calculating variable statistics of Forename (edf4f006a9)
INFO [2025-02-06 16:13:24] Getting variable descriptions of Income (eb95542ec1)
INFO [2025-02-06 16:13:24] Calculating variable counts of Income (056f1ee2e0)
INFO [2025-02-06 16:13:24] Calculating variable statistics of Income (edf4f006a9)
INFO [2025-02-06 16:13:24] Getting variable descriptions of Job (eb95542ec1)
INFO [2025-02-06 16:13:24] Calculating variable counts of Job (056f1ee2e0)
INFO [2025-02-06 16:13:24] Calculating variable statistics of Job (edf4f006a9)
INFO [2025-02-06 16:13:24] Getting variable descriptions of Name (eb95542ec1)
INFO [2025-02-06 16:13:24] Calculating variable counts of Name (056f1ee2e0)
INFO [2025-02-06 16:13:24] Calculating variable statistics of Name (edf4f006a9)
INFO [2025-02-06 16:13:24] Getting variable descriptions of Person ID (eb95542ec1)
INFO [2025-02-06 16:13:24] Calculating variable counts of Person ID (056f1ee2e0)
INFO [2025-02-06 16:13:24] Calculating variable statistics of Person ID (edf4f006a9)
INFO [2025-02-06 16:13:24] Getting variable descriptions of Sex (eb95542ec1)
INFO [2025-02-06 16:13:24] Calculating variable counts of Sex (056f1ee2e0)
INFO [2025-02-06 16:13:24] Calculating variable statistics of Sex (edf4f006a9)
INFO [2025-02-06 16:13:24] Getting plausibility descriptions of pl.atemporal.item01 (0888fa800d)
INFO [2025-02-06 16:13:24] Calculating plausibility counts of pl.atemporal.item01 (0e918bd0fd)
INFO [2025-02-06 16:13:24] Calculating plausibility statistics of pl.atemporal.item01 (cf90f11533)
INFO [2025-02-06 16:13:25] Getting uniqueness plausibility Pl.uniqueness.Item01 (e4fe49cd9e)
INFO [2025-02-06 16:13:26] Performing value conformance check for 'Age in years' (5d061425eb)
INFO [2025-02-06 16:13:26] Analyzing variable 'Age in years' with type 'integer' (source_data)... (d9f44d5c97)
INFO [2025-02-06 16:13:26] Analyzing variable 'Age in years' with type 'integer' (target_data)... (d9f44d5c97)
INFO [2025-02-06 16:13:26] Age in years from target_data : result_max > range$max (44264e3a64)
INFO [2025-02-06 16:13:26] Performing value conformance check for 'Amount of credit' (5d061425eb)
INFO [2025-02-06 16:13:26] Analyzing variable 'Amount of credit' with type 'integer' (source_data)... (d9f44d5c97)
INFO [2025-02-06 16:13:26] Analyzing variable 'Amount of credit' with type 'integer' (target_data)... (d9f44d5c97)
INFO [2025-02-06 16:13:26] Performing value conformance check for 'Birthdate' (5d061425eb)
INFO [2025-02-06 16:13:26] Analyzing variable 'Birthdate' with type 'datetime' (source_data)... (d9f44d5c97)
Version of 'DIZtools': 1.0.1
Version of 'DIZutils': 0.1.3
Version of 'DQAstats': 0.3.6
INFO [2025-02-06 16:13:26] using future::plan("multicore") (8e8817df64)
INFO [2025-02-06 16:13:26] No time contstraints will be applied to input data. Either `restricting_date_start` or `restricting_date_end` was null. (08b1a85c61)
INFO [2025-02-06 16:13:26] Don't checking the time filtering columns because time filtering is not necessarry. (`rv$restricting_date$use_it` is not TRUE). (feec24b71b)
INFO [2025-02-06 16:13:26] Found the path to the csv files in the environment: '/home/hornik/tmp/R.check/r-devel-clang/Work/build/Packages/DQAstats/demo_data (d45dad8b72)
INFO [2025-02-06 16:13:26] /home/hornik/tmp/R.check/r-devel-clang/Work/build/Packages/DQAstats/demo_data/dqa_example_data_01.csv (208282630a)
INFO [2025-02-06 16:13:26] /home/hornik/tmp/R.check/r-devel-clang/Work/build/Packages/DQAstats/demo_data/dqa_example_data_02.csv (208282630a)
INFO [2025-02-06 16:13:26] Reading dqa_example_data_01.csv from CSV. (73c0aae8d4)
INFO [2025-02-06 16:13:26] Getting dqa_example_data_01.csv (81ba7f702f)
INFO [2025-02-06 16:13:26] Transforming source variable types dqa_example_data_01.csv (776ba03cbf)
INFO [2025-02-06 16:13:26] Found the path to the csv files in the environment: '/home/hornik/tmp/R.check/r-devel-clang/Work/build/Packages/DQAstats/demo_data (d45dad8b72)
INFO [2025-02-06 16:13:26] /home/hornik/tmp/R.check/r-devel-clang/Work/build/Packages/DQAstats/demo_data/dqa_example_data_01.csv (208282630a)
INFO [2025-02-06 16:13:26] /home/hornik/tmp/R.check/r-devel-clang/Work/build/Packages/DQAstats/demo_data/dqa_example_data_02.csv (208282630a)
INFO [2025-02-06 16:13:26] Reading dqa_example_data_02.csv from CSV. (73c0aae8d4)
INFO [2025-02-06 16:13:26] Getting dqa_example_data_02.csv (81ba7f702f)
INFO [2025-02-06 16:13:26] Transforming source variable types dqa_example_data_02.csv (776ba03cbf)
INFO [2025-02-06 16:13:27] Start the time_compare (tc5a1dwezt)
INFO [2025-02-06 16:13:27] Start comparing timestamps of: dqa_example_data_01.csv (tcst1dwe12)
INFO [2025-02-06 16:13:27] End of time-compare (tcen1dwe67)
INFO [2025-02-06 16:13:27] Getting atemporal plausibility Pl.atemporal.Item01 (0c70327436)
INFO [2025-02-06 16:13:28] Getting variable descriptions of Age in years (eb95542ec1)
INFO [2025-02-06 16:13:28] Calculating variable counts of Age in years (056f1ee2e0)
INFO [2025-02-06 16:13:28] Calculating variable statistics of Age in years (edf4f006a9)
INFO [2025-02-06 16:13:28] Getting variable descriptions of Amount of credit (eb95542ec1)
INFO [2025-02-06 16:13:28] Calculating variable counts of Amount of credit (056f1ee2e0)
INFO [2025-02-06 16:13:28] Calculating variable statistics of Amount of credit (edf4f006a9)
INFO [2025-02-06 16:13:28] Getting variable descriptions of Birthdate (eb95542ec1)
INFO [2025-02-06 16:13:28] Calculating variable counts of Birthdate (056f1ee2e0)
INFO [2025-02-06 16:13:28] Calculating variable statistics of Birthdate (edf4f006a9)
ERROR [2025-02-06 16:13:28] Error occured when calculating simple source numStats: Error in `[.data.frame`(ar, , 2): undefined columns selected
(0b7d075ee0)
<simpleError in `[.data.frame`(ar, , 2): undefined columns selected>
INFO [2025-02-06 16:13:28] Error occured when calculating simple target numStats (10b1904a51)
<simpleError in `[.data.frame`(ar, , 2): undefined columns selected>
INFO [2025-02-06 16:13:28] Getting variable descriptions of Credit worthy? (eb95542ec1)
INFO [2025-02-06 16:13:28] Calculating variable counts of Credit worthy? (056f1ee2e0)
INFO [2025-02-06 16:13:28] Calculating variable statistics of Credit worthy? (edf4f006a9)
INFO [2025-02-06 16:13:28] Getting variable descriptions of Current bank balance (eb95542ec1)
INFO [2025-02-06 16:13:28] Calculating variable counts of Current bank balance (056f1ee2e0)
INFO [2025-02-06 16:13:28] Calculating variable statistics of Current bank balance (edf4f006a9)
INFO [2025-02-06 16:13:28] Getting variable descriptions of Date of contact (eb95542ec1)
INFO [2025-02-06 16:13:28] Calculating variable counts of Date of contact (056f1ee2e0)
INFO [2025-02-06 16:13:28] Calculating variable statistics of Date of contact (edf4f006a9)
ERROR [2025-02-06 16:13:28] Error occured when calculating simple source numStats: Error in `[.data.frame`(ar, , 2): undefined columns selected
(0b7d075ee0)
<simpleError in `[.data.frame`(ar, , 2): undefined columns selected>
INFO [2025-02-06 16:13:28] Error occured when calculating simple target numStats (10b1904a51)
<simpleError in `[.data.frame`(ar, , 2): undefined columns selected>
INFO [2025-02-06 16:13:28] Getting variable descriptions of Forename (eb95542ec1)
INFO [2025-02-06 16:13:28] Calculating variable counts of Forename (056f1ee2e0)
INFO [2025-02-06 16:13:28] Calculating variable statistics of Forename (edf4f006a9)
INFO [2025-02-06 16:13:28] Getting variable descriptions of Income (eb95542ec1)
INFO [2025-02-06 16:13:28] Calculating variable counts of Income (056f1ee2e0)
INFO [2025-02-06 16:13:28] Calculating variable statistics of Income (edf4f006a9)
INFO [2025-02-06 16:13:28] Getting variable descriptions of Job (eb95542ec1)
INFO [2025-02-06 16:13:28] Calculating variable counts of Job (056f1ee2e0)
INFO [2025-02-06 16:13:28] Calculating variable statistics of Job (edf4f006a9)
INFO [2025-02-06 16:13:28] Getting variable descriptions of Name (eb95542ec1)
INFO [2025-02-06 16:13:28] Calculating variable counts of Name (056f1ee2e0)
INFO [2025-02-06 16:13:28] Calculating variable statistics of Name (edf4f006a9)
INFO [2025-02-06 16:13:28] Getting variable descriptions of Person ID (eb95542ec1)
INFO [2025-02-06 16:13:28] Calculating variable counts of Person ID (056f1ee2e0)
INFO [2025-02-06 16:13:28] Calculating variable statistics of Person ID (edf4f006a9)
INFO [2025-02-06 16:13:28] Getting variable descriptions of Sex (eb95542ec1)
INFO [2025-02-06 16:13:28] Calculating variable counts of Sex (056f1ee2e0)
INFO [2025-02-06 16:13:28] Calculating variable statistics of Sex (edf4f006a9)
INFO [2025-02-06 16:13:29] Getting plausibility descriptions of pl.atemporal.item01 (0888fa800d)
INFO [2025-02-06 16:13:29] Calculating plausibility counts of pl.atemporal.item01 (0e918bd0fd)
INFO [2025-02-06 16:13:29] Calculating plausibility statistics of pl.atemporal.item01 (cf90f11533)
INFO [2025-02-06 16:13:29] Getting uniqueness plausibility Pl.uniqueness.Item01 (e4fe49cd9e)
INFO [2025-02-06 16:13:30] Performing value conformance check for 'Age in years' (5d061425eb)
INFO [2025-02-06 16:13:30] Analyzing variable 'Age in years' with type 'integer' (source_data)... (d9f44d5c97)
INFO [2025-02-06 16:13:30] Analyzing variable 'Age in years' with type 'integer' (target_data)... (d9f44d5c97)
INFO [2025-02-06 16:13:30] Age in years from target_data : result_max > range$max (44264e3a64)
INFO [2025-02-06 16:13:30] Performing value conformance check for 'Amount of credit' (5d061425eb)
INFO [2025-02-06 16:13:30] Analyzing variable 'Amount of credit' with type 'integer' (source_data)... (d9f44d5c97)
INFO [2025-02-06 16:13:30] Analyzing variable 'Amount of credit' with type 'integer' (target_data)... (d9f44d5c97)
INFO [2025-02-06 16:13:30] Performing value conformance check for 'Birthdate' (5d061425eb)
INFO [2025-02-06 16:13:30] Analyzing variable 'Birthdate' with type 'datetime' (source_data)... (d9f44d5c97)
INFO [2025-02-06 16:13:30] Found the path to the csv files in the environment: '/home/hornik/tmp/R.check/r-devel-clang/Work/build/Packages/DQAstats/demo_data (d45dad8b72)
INFO [2025-02-06 16:13:30] /home/hornik/tmp/R.check/r-devel-clang/Work/build/Packages/DQAstats/demo_data/dqa_example_data_01.csv (208282630a)
INFO [2025-02-06 16:13:30] /home/hornik/tmp/R.check/r-devel-clang/Work/build/Packages/DQAstats/demo_data/dqa_example_data_02.csv (208282630a)
INFO [2025-02-06 16:13:30] Reading dqa_example_data_01.csv from CSV. (73c0aae8d4)
INFO [2025-02-06 16:13:30] Getting dqa_example_data_01.csv (81ba7f702f)
INFO [2025-02-06 16:13:30] Transforming source variable types dqa_example_data_01.csv (776ba03cbf)
INFO [2025-02-06 16:13:30] Found the path to the csv files in the environment: '/home/hornik/tmp/R.check/r-devel-clang/Work/build/Packages/DQAstats/demo_data (d45dad8b72)
INFO [2025-02-06 16:13:30] /home/hornik/tmp/R.check/r-devel-clang/Work/build/Packages/DQAstats/demo_data/dqa_example_data_01.csv (208282630a)
INFO [2025-02-06 16:13:30] /home/hornik/tmp/R.check/r-devel-clang/Work/build/Packages/DQAstats/demo_data/dqa_example_data_02.csv (208282630a)
INFO [2025-02-06 16:13:30] Reading dqa_example_data_02.csv from CSV. (73c0aae8d4)
INFO [2025-02-06 16:13:30] Getting dqa_example_data_02.csv (81ba7f702f)
INFO [2025-02-06 16:13:30] Transforming source variable types dqa_example_data_02.csv (776ba03cbf)
INFO [2025-02-06 16:13:30] Getting atemporal plausibility Pl.atemporal.Item01 (0c70327436)
INFO [2025-02-06 16:13:31] Getting variable descriptions of Age in years (eb95542ec1)
INFO [2025-02-06 16:13:31] Calculating variable counts of Age in years (056f1ee2e0)
INFO [2025-02-06 16:13:31] Calculating variable statistics of Age in years (edf4f006a9)
INFO [2025-02-06 16:13:31] Getting variable descriptions of Amount of credit (eb95542ec1)
INFO [2025-02-06 16:13:31] Calculating variable counts of Amount of credit (056f1ee2e0)
INFO [2025-02-06 16:13:31] Calculating variable statistics of Amount of credit (edf4f006a9)
INFO [2025-02-06 16:13:31] Getting variable descriptions of Birthdate (eb95542ec1)
INFO [2025-02-06 16:13:31] Calculating variable counts of Birthdate (056f1ee2e0)
INFO [2025-02-06 16:13:31] Calculating variable statistics of Birthdate (edf4f006a9)
ERROR [2025-02-06 16:13:31] Error occured when calculating simple source numStats: Error in `[.data.frame`(ar, , 2): undefined columns selected
(0b7d075ee0)
<simpleError in `[.data.frame`(ar, , 2): undefined columns selected>
INFO [2025-02-06 16:13:31] Error occured when calculating simple target numStats (10b1904a51)
<simpleError in `[.data.frame`(ar, , 2): undefined columns selected>
INFO [2025-02-06 16:13:31] Getting variable descriptions of Credit worthy? (eb95542ec1)
INFO [2025-02-06 16:13:31] Calculating variable counts of Credit worthy? (056f1ee2e0)
INFO [2025-02-06 16:13:31] Calculating variable statistics of Credit worthy? (edf4f006a9)
INFO [2025-02-06 16:13:31] Getting variable descriptions of Current bank balance (eb95542ec1)
INFO [2025-02-06 16:13:31] Calculating variable counts of Current bank balance (056f1ee2e0)
INFO [2025-02-06 16:13:31] Calculating variable statistics of Current bank balance (edf4f006a9)
INFO [2025-02-06 16:13:31] Getting variable descriptions of Date of contact (eb95542ec1)
INFO [2025-02-06 16:13:31] Calculating variable counts of Date of contact (056f1ee2e0)
INFO [2025-02-06 16:13:31] Calculating variable statistics of Date of contact (edf4f006a9)
ERROR [2025-02-06 16:13:31] Error occured when calculating simple source numStats: Error in `[.data.frame`(ar, , 2): undefined columns selected
(0b7d075ee0)
<simpleError in `[.data.frame`(ar, , 2): undefined columns selected>
INFO [2025-02-06 16:13:31] Error occured when calculating simple target numStats (10b1904a51)
<simpleError in `[.data.frame`(ar, , 2): undefined columns selected>
INFO [2025-02-06 16:13:31] Getting variable descriptions of Forename (eb95542ec1)
INFO [2025-02-06 16:13:31] Calculating variable counts of Forename (056f1ee2e0)
INFO [2025-02-06 16:13:31] Calculating variable statistics of Forename (edf4f006a9)
INFO [2025-02-06 16:13:32] Getting variable descriptions of Income (eb95542ec1)
INFO [2025-02-06 16:13:32] Calculating variable counts of Income (056f1ee2e0)
INFO [2025-02-06 16:13:32] Calculating variable statistics of Income (edf4f006a9)
INFO [2025-02-06 16:13:32] Getting variable descriptions of Job (eb95542ec1)
INFO [2025-02-06 16:13:32] Calculating variable counts of Job (056f1ee2e0)
INFO [2025-02-06 16:13:32] Calculating variable statistics of Job (edf4f006a9)
INFO [2025-02-06 16:13:32] Getting variable descriptions of Name (eb95542ec1)
INFO [2025-02-06 16:13:32] Calculating variable counts of Name (056f1ee2e0)
INFO [2025-02-06 16:13:32] Calculating variable statistics of Name (edf4f006a9)
INFO [2025-02-06 16:13:32] Getting variable descriptions of Person ID (eb95542ec1)
INFO [2025-02-06 16:13:32] Calculating variable counts of Person ID (056f1ee2e0)
INFO [2025-02-06 16:13:32] Calculating variable statistics of Person ID (edf4f006a9)
INFO [2025-02-06 16:13:32] Getting variable descriptions of Sex (eb95542ec1)
INFO [2025-02-06 16:13:32] Calculating variable counts of Sex (056f1ee2e0)
INFO [2025-02-06 16:13:32] Calculating variable statistics of Sex (edf4f006a9)
INFO [2025-02-06 16:13:32] Performing missing analysis Age in years (7a28e87b30)
INFO [2025-02-06 16:13:32] Performing missing analysis Amount of credit (7a28e87b30)
INFO [2025-02-06 16:13:32] Performing missing analysis Birthdate (7a28e87b30)
INFO [2025-02-06 16:13:32] Performing missing analysis Credit worthy? (7a28e87b30)
INFO [2025-02-06 16:13:32] Performing missing analysis Current bank balance (7a28e87b30)
INFO [2025-02-06 16:13:32] Performing missing analysis Date of contact (7a28e87b30)
INFO [2025-02-06 16:13:32] Performing missing analysis Forename (7a28e87b30)
INFO [2025-02-06 16:13:32] Performing missing analysis Income (7a28e87b30)
INFO [2025-02-06 16:13:32] Performing missing analysis Job (7a28e87b30)
INFO [2025-02-06 16:13:32] Performing missing analysis Name (7a28e87b30)
INFO [2025-02-06 16:13:32] Performing missing analysis Person ID (7a28e87b30)
INFO [2025-02-06 16:13:32] Performing missing analysis Sex (7a28e87b30)
INFO [2025-02-06 16:13:32] Found the path to the csv files in the environment: '/home/hornik/tmp/R.check/r-devel-clang/Work/build/Packages/DQAstats/demo_data (d45dad8b72)
INFO [2025-02-06 16:13:32] /home/hornik/tmp/R.check/r-devel-clang/Work/build/Packages/DQAstats/demo_data/dqa_example_data_01.csv (208282630a)
INFO [2025-02-06 16:13:32] /home/hornik/tmp/R.check/r-devel-clang/Work/build/Packages/DQAstats/demo_data/dqa_example_data_02.csv (208282630a)
INFO [2025-02-06 16:13:32] Reading dqa_example_data_01.csv from CSV. (73c0aae8d4)
INFO [2025-02-06 16:13:32] Getting dqa_example_data_01.csv (81ba7f702f)
INFO [2025-02-06 16:13:32] Transforming source variable types dqa_example_data_01.csv (776ba03cbf)
INFO [2025-02-06 16:13:33] Found the path to the csv files in the environment: '/home/hornik/tmp/R.check/r-devel-clang/Work/build/Packages/DQAstats/demo_data (d45dad8b72)
INFO [2025-02-06 16:13:33] /home/hornik/tmp/R.check/r-devel-clang/Work/build/Packages/DQAstats/demo_data/dqa_example_data_01.csv (208282630a)
INFO [2025-02-06 16:13:33] /home/hornik/tmp/R.check/r-devel-clang/Work/build/Packages/DQAstats/demo_data/dqa_example_data_02.csv (208282630a)
INFO [2025-02-06 16:13:33] Reading dqa_example_data_02.csv from CSV. (73c0aae8d4)
INFO [2025-02-06 16:13:33] Getting dqa_example_data_02.csv (81ba7f702f)
INFO [2025-02-06 16:13:33] Transforming source variable types dqa_example_data_02.csv (776ba03cbf)
INFO [2025-02-06 16:13:33] Getting atemporal plausibility Pl.atemporal.Item01 (0c70327436)
INFO [2025-02-06 16:13:33] Getting variable descriptions of Age in years (eb95542ec1)
INFO [2025-02-06 16:13:33] Calculating variable counts of Age in years (056f1ee2e0)
INFO [2025-02-06 16:13:33] Calculating variable statistics of Age in years (edf4f006a9)
INFO [2025-02-06 16:13:34] Getting variable descriptions of Amount of credit (eb95542ec1)
INFO [2025-02-06 16:13:34] Calculating variable counts of Amount of credit (056f1ee2e0)
INFO [2025-02-06 16:13:34] Calculating variable statistics of Amount of credit (edf4f006a9)
INFO [2025-02-06 16:13:34] Getting variable descriptions of Birthdate (eb95542ec1)
INFO [2025-02-06 16:13:34] Calculating variable counts of Birthdate (056f1ee2e0)
INFO [2025-02-06 16:13:34] Calculating variable statistics of Birthdate (edf4f006a9)
ERROR [2025-02-06 16:13:34] Error occured when calculating simple source numStats: Error in `[.data.frame`(ar, , 2): undefined columns selected
(0b7d075ee0)
<simpleError in `[.data.frame`(ar, , 2): undefined columns selected>
INFO [2025-02-06 16:13:34] Error occured when calculating simple target numStats (10b1904a51)
<simpleError in `[.data.frame`(ar, , 2): undefined columns selected>
INFO [2025-02-06 16:13:34] Getting variable descriptions of Credit worthy? (eb95542ec1)
INFO [2025-02-06 16:13:34] Calculating variable counts of Credit worthy? (056f1ee2e0)
INFO [2025-02-06 16:13:34] Calculating variable statistics of Credit worthy? (edf4f006a9)
INFO [2025-02-06 16:13:34] Getting variable descriptions of Current bank balance (eb95542ec1)
INFO [2025-02-06 16:13:34] Calculating variable counts of Current bank balance (056f1ee2e0)
INFO [2025-02-06 16:13:34] Calculating variable statistics of Current bank balance (edf4f006a9)
INFO [2025-02-06 16:13:34] Getting variable descriptions of Date of contact (eb95542ec1)
INFO [2025-02-06 16:13:34] Calculating variable counts of Date of contact (056f1ee2e0)
INFO [2025-02-06 16:13:34] Calculating variable statistics of Date of contact (edf4f006a9)
ERROR [2025-02-06 16:13:34] Error occured when calculating simple source numStats: Error in `[.data.frame`(ar, , 2): undefined columns selected
(0b7d075ee0)
<simpleError in `[.data.frame`(ar, , 2): undefined columns selected>
INFO [2025-02-06 16:13:34] Error occured when calculating simple target numStats (10b1904a51)
<simpleError in `[.data.frame`(ar, , 2): undefined columns selected>
INFO [2025-02-06 16:13:34] Getting variable descriptions of Forename (eb95542ec1)
INFO [2025-02-06 16:13:34] Calculating variable counts of Forename (056f1ee2e0)
INFO [2025-02-06 16:13:34] Calculating variable statistics of Forename (edf4f006a9)
INFO [2025-02-06 16:13:34] Getting variable descriptions of Income (eb95542ec1)
INFO [2025-02-06 16:13:34] Calculating variable counts of Income (056f1ee2e0)
INFO [2025-02-06 16:13:34] Calculating variable statistics of Income (edf4f006a9)
INFO [2025-02-06 16:13:34] Getting variable descriptions of Job (eb95542ec1)
INFO [2025-02-06 16:13:34] Calculating variable counts of Job (056f1ee2e0)
INFO [2025-02-06 16:13:34] Calculating variable statistics of Job (edf4f006a9)
INFO [2025-02-06 16:13:34] Getting variable descriptions of Name (eb95542ec1)
INFO [2025-02-06 16:13:34] Calculating variable counts of Name (056f1ee2e0)
INFO [2025-02-06 16:13:34] Calculating variable statistics of Name (edf4f006a9)
INFO [2025-02-06 16:13:34] Getting variable descriptions of Person ID (eb95542ec1)
INFO [2025-02-06 16:13:34] Calculating variable counts of Person ID (056f1ee2e0)
INFO [2025-02-06 16:13:34] Calculating variable statistics of Person ID (edf4f006a9)
INFO [2025-02-06 16:13:34] Getting variable descriptions of Sex (eb95542ec1)
INFO [2025-02-06 16:13:34] Calculating variable counts of Sex (056f1ee2e0)
INFO [2025-02-06 16:13:34] Calculating variable statistics of Sex (edf4f006a9)
INFO [2025-02-06 16:13:34] Getting plausibility descriptions of pl.atemporal.item01 (0888fa800d)
INFO [2025-02-06 16:13:35] Calculating plausibility counts of pl.atemporal.item01 (0e918bd0fd)
INFO [2025-02-06 16:13:35] Calculating plausibility statistics of pl.atemporal.item01 (cf90f11533)
INFO [2025-02-06 16:13:35] Getting uniqueness plausibility Pl.uniqueness.Item01 (e4fe49cd9e)
INFO [2025-02-06 16:13:36] Performing value conformance check for 'Age in years' (5d061425eb)
INFO [2025-02-06 16:13:36] Analyzing variable 'Age in years' with type 'integer' (source_data)... (d9f44d5c97)
INFO [2025-02-06 16:13:36] Analyzing variable 'Age in years' with type 'integer' (target_data)... (d9f44d5c97)
INFO [2025-02-06 16:13:36] Age in years from target_data : result_max > range$max (44264e3a64)
INFO [2025-02-06 16:13:36] Performing value conformance check for 'Amount of credit' (5d061425eb)
INFO [2025-02-06 16:13:36] Analyzing variable 'Amount of credit' with type 'integer' (source_data)... (d9f44d5c97)
INFO [2025-02-06 16:13:36] Analyzing variable 'Amount of credit' with type 'integer' (target_data)... (d9f44d5c97)
INFO [2025-02-06 16:13:36] Performing value conformance check for 'Birthdate' (5d061425eb)
INFO [2025-02-06 16:13:36] Analyzing variable 'Birthdate' with type 'datetime' (source_data)... (d9f44d5c97)
INFO [2025-02-06 16:13:36] Found the path to the csv files in the environment: '/home/hornik/tmp/R.check/r-devel-clang/Work/build/Packages/DQAstats/demo_data (d45dad8b72)
INFO [2025-02-06 16:13:36] /home/hornik/tmp/R.check/r-devel-clang/Work/build/Packages/DQAstats/demo_data/dqa_example_data_01.csv (208282630a)
INFO [2025-02-06 16:13:36] /home/hornik/tmp/R.check/r-devel-clang/Work/build/Packages/DQAstats/demo_data/dqa_example_data_02.csv (208282630a)
INFO [2025-02-06 16:13:36] Reading dqa_example_data_01.csv from CSV. (73c0aae8d4)
INFO [2025-02-06 16:13:36] Getting dqa_example_data_01.csv (81ba7f702f)
INFO [2025-02-06 16:13:36] Transforming source variable types dqa_example_data_01.csv (776ba03cbf)
INFO [2025-02-06 16:13:36] Found the path to the csv files in the environment: '/home/hornik/tmp/R.check/r-devel-clang/Work/build/Packages/DQAstats/demo_data (d45dad8b72)
INFO [2025-02-06 16:13:36] /home/hornik/tmp/R.check/r-devel-clang/Work/build/Packages/DQAstats/demo_data/dqa_example_data_01.csv (208282630a)
INFO [2025-02-06 16:13:36] /home/hornik/tmp/R.check/r-devel-clang/Work/build/Packages/DQAstats/demo_data/dqa_example_data_02.csv (208282630a)
INFO [2025-02-06 16:13:36] Reading dqa_example_data_02.csv from CSV. (73c0aae8d4)
INFO [2025-02-06 16:13:36] Getting dqa_example_data_02.csv (81ba7f702f)
INFO [2025-02-06 16:13:36] Transforming source variable types dqa_example_data_02.csv (776ba03cbf)
INFO [2025-02-06 16:13:36] Start the time_compare (tc5a1dwezt)
INFO [2025-02-06 16:13:36] Start comparing timestamps of: dqa_example_data_01.csv (tcst1dwe12)
INFO [2025-02-06 16:13:36] End of time-compare (tcen1dwe67)
[ FAIL 7 | WARN 1 | SKIP 4 | PASS 90 ]
══ Skipped tests (4) ═══════════════════════════════════════════════════════════
• On CRAN (4): 'test-datetime_restrictions.R:57:3',
'test-datetime_restrictions.R:98:3', 'test-lints.R:29:5', 'test-stats.R:47:3'
══ Failed tests ════════════════════════════════════════════════════════════════
── Error ('test-DQA.R:35:3'): correct functioning of DQA ───────────────────────
<subscriptOutOfBoundsError/error/condition>
Error in `.subset2(x, ..2, exact = exact)`: subscript out of bounds
Backtrace:
▆
1. └─DQAstats::dqa(...) at test-DQA.R:35:3
2. └─DQAstats::value_conformance(...)
3. └─future.apply::future_sapply(...)
4. └─future.apply::future_lapply(...)
5. └─future.apply:::future_xapply(...)
6. ├─base::withCallingHandlers(...)
7. └─(function() {...
8. ├─future::value(fs)
9. └─future:::value.list(fs)
10. ├─future::resolve(...)
11. └─future:::resolve.list(...)
12. └─future (local) signalConditionsASAP(obj, resignal = FALSE, pos = ii)
13. └─future:::signalConditions(...)
── Error ('test-conformance.R:132:3'): correct functioning of conformance ──────
<subscriptOutOfBoundsError/error/condition>
Error in `.subset2(x, ..2, exact = exact)`: subscript out of bounds
Backtrace:
▆
1. └─DQAstats::value_conformance(...) at test-conformance.R:132:3
2. └─future.apply::future_sapply(...)
3. └─future.apply::future_lapply(...)
4. └─future.apply:::future_xapply(...)
5. ├─base::withCallingHandlers(...)
6. └─(function() {...
7. ├─future::value(fs)
8. └─future:::value.list(fs)
9. ├─future::resolve(...)
10. └─future:::resolve.list(...)
11. └─future (local) signalConditionsASAP(obj, resignal = FALSE, pos = ii)
12. └─future:::signalConditions(...)
── Error ('test-descriptive_results.R:146:3'): correct functioning of descriptive results ──
<subscriptOutOfBoundsError/error/condition>
Error in `.subset2(x, ..2, exact = exact)`: subscript out of bounds
Backtrace:
▆
1. └─DQAstats::value_conformance(...) at test-descriptive_results.R:146:3
2. └─future.apply::future_sapply(...)
3. └─future.apply::future_lapply(...)
4. └─future.apply:::future_xapply(...)
5. ├─base::withCallingHandlers(...)
6. └─(function() {...
7. ├─future::value(fs)
8. └─future:::value.list(fs)
9. ├─future::resolve(...)
10. └─future:::resolve.list(...)
11. └─future (local) signalConditionsASAP(obj, resignal = FALSE, pos = ii)
12. └─future:::signalConditions(...)
── Error ('test-descriptive_results.R:295:3'): correct functioning of descriptive results - single source ──
<subscriptOutOfBoundsError/error/condition>
Error in `.subset2(x, ..2, exact = exact)`: subscript out of bounds
Backtrace:
▆
1. └─DQAstats::value_conformance(...) at test-descriptive_results.R:295:3
2. └─future.apply::future_sapply(...)
3. └─future.apply::future_lapply(...)
4. └─future.apply:::future_xapply(...)
5. ├─base::withCallingHandlers(...)
6. └─(function() {...
7. ├─future::value(fs)
8. └─future:::value.list(fs)
9. ├─future::resolve(...)
10. └─future:::resolve.list(...)
11. └─future (local) signalConditionsASAP(obj, resignal = FALSE, pos = ii)
12. └─future:::signalConditions(...)
── Error ('test-readme.R:32:3'): correct functioning of readme example (parallel = FALSE) ──
<subscriptOutOfBoundsError/error/condition>
Error in `.subset2(x, ..2, exact = exact)`: subscript out of bounds
Backtrace:
▆
1. └─DQAstats::dqa(...) at test-readme.R:32:3
2. └─DQAstats::value_conformance(...)
3. └─future.apply::future_sapply(...)
4. └─future.apply::future_lapply(...)
5. └─future.apply:::future_xapply(...)
6. ├─base::withCallingHandlers(...)
7. └─(function() {...
8. ├─future::value(fs)
9. └─future:::value.list(fs)
10. ├─future::resolve(...)
11. └─future:::resolve.list(...)
12. └─future (local) signalConditionsASAP(obj, resignal = FALSE, pos = ii)
13. └─future:::signalConditions(...)
── Error ('test-readme.R:64:3'): correct functioning of readme example (parallel = TRUE) ──
<subscriptOutOfBoundsError/error/condition>
Error in `.subset2(x, ..2, exact = exact)`: subscript out of bounds
Backtrace:
▆
1. └─DQAstats::dqa(...) at test-readme.R:64:3
2. └─DQAstats::value_conformance(...)
3. └─future.apply::future_sapply(...)
4. └─future.apply::future_lapply(...)
5. └─future.apply:::future_xapply(...)
6. ├─base::withCallingHandlers(...)
7. └─(function() {...
8. ├─future::value(fs)
9. └─future:::value.list(fs)
10. ├─future::resolve(...)
11. └─future:::resolve.list(...)
12. └─future (local) signalConditionsASAP(obj, resignal = FALSE, pos = ii)
13. └─future:::signalConditions(...)
── Error ('test-render_conformance.R:132:3'): correct functioning of rendering the conformance results ──
<subscriptOutOfBoundsError/error/condition>
Error in `.subset2(x, ..2, exact = exact)`: subscript out of bounds
Backtrace:
▆
1. └─DQAstats::value_conformance(...) at test-render_conformance.R:132:3
2. └─future.apply::future_sapply(...)
3. └─future.apply::future_lapply(...)
4. └─future.apply:::future_xapply(...)
5. ├─base::withCallingHandlers(...)
6. └─(function() {...
7. ├─future::value(fs)
8. └─future:::value.list(fs)
9. ├─future::resolve(...)
10. └─future:::resolve.list(...)
11. └─future (local) signalConditionsASAP(obj, resignal = FALSE, pos = ii)
12. └─future:::signalConditions(...)
[ FAIL 7 | WARN 1 | SKIP 4 | PASS 90 ]
Error: Test failures
Execution halted
Flavor: r-devel-linux-x86_64-debian-clang