Last updated on 2024-08-18 04:48:10 CEST.
Flavor | Version | Tinstall | Tcheck | Ttotal | Status | Flags |
---|---|---|---|---|---|---|
r-devel-linux-x86_64-debian-clang | 0.1.2 | 32.17 | 44.92 | 77.09 | OK | |
r-devel-linux-x86_64-debian-gcc | 0.1.2 | 27.42 | 32.33 | 59.75 | OK | |
r-devel-linux-x86_64-fedora-clang | 0.1.2 | 137.20 | OK | |||
r-devel-linux-x86_64-fedora-gcc | 0.1.2 | 161.01 | OK | |||
r-devel-windows-x86_64 | 0.1.2 | 38.00 | 81.00 | 119.00 | OK | |
r-patched-linux-x86_64 | 0.1.2 | 37.89 | 43.49 | 81.38 | OK | |
r-release-linux-x86_64 | 0.1.2 | 36.20 | 42.47 | 78.67 | OK | |
r-release-macos-arm64 | 0.1.2 | 42.00 | NOTE | |||
r-release-macos-x86_64 | 0.1.2 | 72.00 | NOTE | |||
r-release-windows-x86_64 | 0.1.2 | 35.00 | 85.00 | 120.00 | OK | |
r-oldrel-macos-arm64 | 0.1.2 | 49.00 | NOTE | |||
r-oldrel-macos-x86_64 | 0.1.2 | 84.00 | NOTE | |||
r-oldrel-windows-x86_64 | 0.1.2 | 46.00 | 95.00 | 141.00 | OK |
Version: 0.1.2
Check: installed package size
Result: NOTE
installed size is 6.3Mb
sub-directories of 1Mb or more:
libs 5.7Mb
Flavors: r-release-macos-arm64, r-release-macos-x86_64, r-oldrel-macos-arm64, r-oldrel-macos-x86_64