Last updated on 2025-02-10 03:49:16 CET.
Flavor | Version | Tinstall | Tcheck | Ttotal | Status | Flags |
---|---|---|---|---|---|---|
r-devel-linux-x86_64-debian-clang | 1.0.0 | 7.34 | 58.77 | 66.11 | OK | |
r-devel-linux-x86_64-debian-gcc | 1.0.0 | 5.22 | 43.82 | 49.04 | OK | |
r-devel-linux-x86_64-fedora-clang | 1.0.0 | 106.10 | NOTE | |||
r-devel-linux-x86_64-fedora-gcc | 1.0.0 | 99.26 | NOTE | |||
r-devel-windows-x86_64 | 1.0.0 | 7.00 | 70.00 | 77.00 | OK | |
r-patched-linux-x86_64 | 1.0.0 | 6.71 | 55.27 | 61.98 | OK | |
r-release-linux-x86_64 | 1.0.0 | 6.31 | 56.05 | 62.36 | OK | |
r-release-macos-arm64 | 1.0.0 | 27.00 | OK | |||
r-release-macos-x86_64 | 1.0.0 | 52.00 | OK | |||
r-release-windows-x86_64 | 1.0.0 | 9.00 | 70.00 | 79.00 | OK | |
r-oldrel-macos-arm64 | 1.0.0 | 35.00 | OK | |||
r-oldrel-macos-x86_64 | 1.0.0 | 56.00 | OK | |||
r-oldrel-windows-x86_64 | 1.0.0 | 10.00 | 87.00 | 97.00 | OK |
Version: 1.0.0
Check: dependencies in R code
Result: NOTE
Namespace in Imports field not imported from: ‘MASS’
All declared Imports should be used.
Flavors: r-devel-linux-x86_64-fedora-clang, r-devel-linux-x86_64-fedora-gcc