Last updated on 2024-08-18 04:48:09 CEST.
Flavor | Version | Tinstall | Tcheck | Ttotal | Status | Flags |
---|---|---|---|---|---|---|
r-devel-linux-x86_64-debian-clang | 1.0 | 97.34 | 284.96 | 382.30 | OK | |
r-devel-linux-x86_64-debian-gcc | 1.0 | 71.04 | 171.58 | 242.62 | OK | |
r-devel-linux-x86_64-fedora-clang | 1.0 | 700.26 | OK | |||
r-devel-linux-x86_64-fedora-gcc | 1.0 | 639.94 | OK | |||
r-devel-windows-x86_64 | 1.0 | 99.00 | 238.00 | 337.00 | OK | |
r-patched-linux-x86_64 | 1.0 | 105.61 | 246.56 | 352.17 | OK | |
r-release-linux-x86_64 | 1.0 | 103.86 | 246.09 | 349.95 | OK | |
r-release-macos-arm64 | 1.0 | 172.00 | NOTE | |||
r-release-macos-x86_64 | 1.0 | 213.00 | NOTE | |||
r-release-windows-x86_64 | 1.0 | 106.00 | 240.00 | 346.00 | OK | |
r-oldrel-macos-arm64 | 1.0 | 176.00 | NOTE | |||
r-oldrel-macos-x86_64 | 1.0 | 348.00 | NOTE | |||
r-oldrel-windows-x86_64 | 1.0 | 126.00 | 305.00 | 431.00 | OK |
Version: 1.0
Check: installed package size
Result: NOTE
installed size is 6.7Mb
sub-directories of 1Mb or more:
libs 6.1Mb
Flavors: r-release-macos-arm64, r-release-macos-x86_64, r-oldrel-macos-arm64, r-oldrel-macos-x86_64