CRAN Package Check Results for Package DALEX

Last updated on 2025-02-11 03:50:07 CET.

Flavor Version Tinstall Tcheck Ttotal Status Flags
r-devel-linux-x86_64-debian-clang 2.4.3 8.04 173.77 181.81 NOTE
r-devel-linux-x86_64-debian-gcc 2.4.3 5.58 127.55 133.13 NOTE
r-devel-linux-x86_64-fedora-clang 2.4.3 304.93 NOTE
r-devel-linux-x86_64-fedora-gcc 2.4.3 295.70 NOTE
r-devel-windows-x86_64 2.4.3 12.00 169.00 181.00 NOTE
r-patched-linux-x86_64 2.4.3 13.39 164.76 178.15 NOTE
r-release-linux-x86_64 2.4.3 7.37 166.79 174.16 NOTE
r-release-macos-arm64 2.4.3 78.00 NOTE
r-release-macos-x86_64 2.4.3 98.00 NOTE
r-release-windows-x86_64 2.4.3 15.00 171.00 186.00 NOTE
r-oldrel-macos-arm64 2.4.3 78.00 OK
r-oldrel-macos-x86_64 2.4.3 107.00 OK
r-oldrel-windows-x86_64 2.4.3 15.00 212.00 227.00 OK

Check Details

Version: 2.4.3
Check: Rd files
Result: NOTE checkRd: (-1) plot.model_parts.Rd:25: Lost braces in \itemize; meant \describe ? checkRd: (-1) plot.model_parts.Rd:26: Lost braces in \itemize; meant \describe ? checkRd: (-1) plot.model_parts.Rd:27: Lost braces in \itemize; meant \describe ? checkRd: (-1) plot.model_parts.Rd:28: Lost braces in \itemize; meant \describe ? checkRd: (-1) plot.model_parts.Rd:29: Lost braces in \itemize; meant \describe ? checkRd: (-1) plot.model_parts.Rd:30-31: Lost braces in \itemize; meant \describe ? checkRd: (-1) plot.model_profile.Rd:21-22: Lost braces in \itemize; \value handles \item{}{} directly checkRd: (-1) plot.model_profile.Rd:23: Lost braces in \itemize; \value handles \item{}{} directly checkRd: (-1) plot.model_profile.Rd:24: Lost braces in \itemize; \value handles \item{}{} directly checkRd: (-1) plot.model_profile.Rd:25: Lost braces in \itemize; \value handles \item{}{} directly checkRd: (-1) plot.model_profile.Rd:26: Lost braces in \itemize; \value handles \item{}{} directly checkRd: (-1) plot.model_profile.Rd:27: Lost braces in \itemize; \value handles \item{}{} directly checkRd: (-1) plot.model_profile.Rd:28: Lost braces in \itemize; \value handles \item{}{} directly checkRd: (-1) plot.predict_parts.Rd:25: Lost braces in \itemize; meant \describe ? checkRd: (-1) plot.predict_parts.Rd:26-27: Lost braces in \itemize; meant \describe ? checkRd: (-1) plot.predict_parts.Rd:28: Lost braces in \itemize; meant \describe ? checkRd: (-1) plot.predict_parts.Rd:29: Lost braces in \itemize; meant \describe ? checkRd: (-1) plot.predict_parts.Rd:30: Lost braces in \itemize; meant \describe ? checkRd: (-1) plot.predict_parts.Rd:31: Lost braces in \itemize; meant \describe ? checkRd: (-1) plot.predict_parts.Rd:32: Lost braces in \itemize; meant \describe ? checkRd: (-1) plot.predict_parts.Rd:33: Lost braces in \itemize; meant \describe ? checkRd: (-1) plot.predict_parts.Rd:34-35: Lost braces in \itemize; meant \describe ? checkRd: (-1) plot.predict_parts.Rd:36: Lost braces in \itemize; meant \describe ? checkRd: (-1) plot.predict_parts.Rd:37: Lost braces in \itemize; meant \describe ? checkRd: (-1) plot.predict_parts.Rd:38-39: Lost braces in \itemize; meant \describe ? checkRd: (-1) plot.predict_parts.Rd:40: Lost braces in \itemize; meant \describe ? checkRd: (-1) plot.predict_parts.Rd:45: Lost braces in \itemize; meant \describe ? checkRd: (-1) plot.predict_parts.Rd:46: Lost braces in \itemize; meant \describe ? checkRd: (-1) plot.predict_parts.Rd:47: Lost braces in \itemize; meant \describe ? checkRd: (-1) plot.predict_parts.Rd:48: Lost braces in \itemize; meant \describe ? checkRd: (-1) plot.predict_parts.Rd:53: Lost braces in \itemize; meant \describe ? checkRd: (-1) plot.predict_profile.Rd:25: Lost braces in \itemize; meant \describe ? checkRd: (-1) plot.predict_profile.Rd:26: Lost braces in \itemize; meant \describe ? checkRd: (-1) plot.predict_profile.Rd:27: Lost braces in \itemize; meant \describe ? checkRd: (-1) plot.predict_profile.Rd:28: Lost braces in \itemize; meant \describe ? checkRd: (-1) plot.predict_profile.Rd:29: Lost braces in \itemize; meant \describe ? checkRd: (-1) plot.predict_profile.Rd:30-31: Lost braces in \itemize; meant \describe ? checkRd: (-1) plot.predict_profile.Rd:32: Lost braces in \itemize; meant \describe ? checkRd: (-1) plot.predict_profile.Rd:33-34: Lost braces in \itemize; meant \describe ? checkRd: (-1) plot.predict_profile.Rd:35: Lost braces in \itemize; meant \describe ? Flavors: r-devel-linux-x86_64-debian-clang, r-devel-linux-x86_64-debian-gcc, r-devel-linux-x86_64-fedora-clang, r-devel-linux-x86_64-fedora-gcc, r-devel-windows-x86_64, r-patched-linux-x86_64, r-release-linux-x86_64, r-release-macos-arm64, r-release-macos-x86_64, r-release-windows-x86_64

Version: 2.4.3
Check: Rd cross-references
Result: NOTE Found the following Rd file(s) with Rd \link{} targets missing package anchors: plot.predict_parts.Rd: break_down, local_attributions, local_interactions Please provide package anchors for all Rd \link{} targets not in the package itself and the base packages. Flavors: r-devel-linux-x86_64-debian-clang, r-devel-linux-x86_64-debian-gcc, r-devel-windows-x86_64