Last updated on 2025-02-04 05:50:16 CET.
Flavor | Version | Tinstall | Tcheck | Ttotal | Status | Flags |
---|---|---|---|---|---|---|
r-devel-linux-x86_64-debian-clang | 2.1.17 | 12.33 | 119.39 | 131.72 | OK | |
r-devel-linux-x86_64-debian-gcc | 2.1.17 | 8.66 | 90.42 | 99.08 | OK | |
r-devel-linux-x86_64-fedora-clang | 2.1.17 | 227.84 | OK | |||
r-devel-linux-x86_64-fedora-gcc | 2.1.17 | 225.82 | OK | |||
r-devel-windows-x86_64 | 2.1.17 | 13.00 | 138.00 | 151.00 | OK | |
r-patched-linux-x86_64 | 2.1.17 | 12.69 | 111.49 | 124.18 | OK | |
r-release-linux-x86_64 | 2.1.17 | 11.52 | 109.73 | 121.25 | OK | |
r-release-macos-arm64 | 2.1.17 | 84.00 | OK | |||
r-release-macos-x86_64 | 2.1.17 | 155.00 | OK | |||
r-release-windows-x86_64 | 2.1.17 | 14.00 | 138.00 | 152.00 | OK | |
r-oldrel-macos-arm64 | 2.1.17 | 80.00 | WARN | |||
r-oldrel-macos-x86_64 | 2.1.17 | 155.00 | WARN | |||
r-oldrel-windows-x86_64 | 2.1.17 | 19.00 | 166.00 | 185.00 | WARN |
Version: 2.1.17
Check: whether package can be installed
Result: WARN
Found the following significant warnings:
Warning: jpegReport.Rd:22: unknown macro '\abbr'
Warning: jpegReport.Rd:50: unknown macro '\abbr'
Warning: jpegReport.Rd:53: unknown macro '\abbr'
Warning: jpegReport.Rd:56: unknown macro '\abbr'
Warning: jpegReport.Rd:58: unknown macro '\abbr'
Warning: jpegReport.Rd:62: unknown macro '\abbr'
Warning: pdfReport.Rd:101: unknown macro '\abbr'
Warning: pngReport.Rd:22: unknown macro '\abbr'
Warning: pngReport.Rd:50: unknown macro '\abbr'
Warning: pngReport.Rd:53: unknown macro '\abbr'
Warning: pngReport.Rd:55: unknown macro '\abbr'
Warning: pngReport.Rd:59: unknown macro '\abbr'
Warning: readReportTable.Rd:35: unknown macro '\abbr'
Warning: readReportTable.Rd:167: unknown macro '\abbr'
Warning: scanReport.Rd:45: unknown macro '\abbr'
Warning: scanReport.Rd:60: unknown macro '\abbr'
Warning: scanReport.Rd:61: unknown macro '\abbr'
Warning: scanReport.Rd:162: unknown macro '\abbr'
Flavors: r-oldrel-macos-arm64, r-oldrel-macos-x86_64, r-oldrel-windows-x86_64
Version: 2.1.17
Check: Rd files
Result: WARN
prepare_Rd: jpegReport.Rd:22: unknown macro '\abbr'
prepare_Rd: jpegReport.Rd:50: unknown macro '\abbr'
prepare_Rd: jpegReport.Rd:53: unknown macro '\abbr'
prepare_Rd: jpegReport.Rd:56: unknown macro '\abbr'
prepare_Rd: jpegReport.Rd:58: unknown macro '\abbr'
prepare_Rd: jpegReport.Rd:62: unknown macro '\abbr'
prepare_Rd: pdfReport.Rd:101: unknown macro '\abbr'
prepare_Rd: pngReport.Rd:22: unknown macro '\abbr'
prepare_Rd: pngReport.Rd:50: unknown macro '\abbr'
prepare_Rd: pngReport.Rd:53: unknown macro '\abbr'
prepare_Rd: pngReport.Rd:55: unknown macro '\abbr'
prepare_Rd: pngReport.Rd:59: unknown macro '\abbr'
prepare_Rd: readReportTable.Rd:35: unknown macro '\abbr'
prepare_Rd: readReportTable.Rd:167: unknown macro '\abbr'
prepare_Rd: scanReport.Rd:45: unknown macro '\abbr'
prepare_Rd: scanReport.Rd:60: unknown macro '\abbr'
prepare_Rd: scanReport.Rd:61: unknown macro '\abbr'
prepare_Rd: scanReport.Rd:162: unknown macro '\abbr'
Flavors: r-oldrel-macos-arm64, r-oldrel-macos-x86_64, r-oldrel-windows-x86_64