Last updated on 2025-02-04 05:50:16 CET.
Flavor | Version | Tinstall | Tcheck | Ttotal | Status | Flags |
---|---|---|---|---|---|---|
r-devel-linux-x86_64-debian-clang | 1.0.4 | 13.14 | 135.47 | 148.61 | NOTE | |
r-devel-linux-x86_64-debian-gcc | 1.0.4 | 9.89 | 104.42 | 114.31 | NOTE | |
r-devel-linux-x86_64-fedora-clang | 1.0.4 | 243.61 | NOTE | |||
r-devel-linux-x86_64-fedora-gcc | 1.0.4 | 235.88 | NOTE | |||
r-devel-windows-x86_64 | 1.0.4 | 14.00 | 138.00 | 152.00 | NOTE | |
r-patched-linux-x86_64 | 1.0.4 | 11.11 | 125.90 | 137.01 | NOTE | |
r-release-linux-x86_64 | 1.0.4 | 12.02 | 122.90 | 134.92 | NOTE | |
r-release-macos-arm64 | 1.0.4 | 89.00 | NOTE | |||
r-release-macos-x86_64 | 1.0.4 | 127.00 | NOTE | |||
r-release-windows-x86_64 | 1.0.4 | 13.00 | 135.00 | 148.00 | NOTE | |
r-oldrel-macos-arm64 | 1.0.4 | 80.00 | OK | |||
r-oldrel-macos-x86_64 | 1.0.4 | 137.00 | OK | |||
r-oldrel-windows-x86_64 | 1.0.4 | 18.00 | 173.00 | 191.00 | OK |
Version: 1.0.4
Check: Rd files
Result: NOTE
checkRd: (-1) binary_class_cm.Rd:19: Lost braces in \itemize; \value handles \item{}{} directly
checkRd: (-1) binary_class_cm.Rd:20: Lost braces in \itemize; \value handles \item{}{} directly
checkRd: (-1) binary_class_cm.Rd:21: Lost braces in \itemize; \value handles \item{}{} directly
checkRd: (-1) binary_class_cm.Rd:22: Lost braces in \itemize; \value handles \item{}{} directly
checkRd: (-1) multi_class_cm.Rd:19: Lost braces in \itemize; \value handles \item{}{} directly
checkRd: (-1) multi_class_cm.Rd:20: Lost braces in \itemize; \value handles \item{}{} directly
checkRd: (-1) multi_class_cm.Rd:21: Lost braces in \itemize; \value handles \item{}{} directly
checkRd: (-1) multi_class_cm.Rd:22: Lost braces in \itemize; \value handles \item{}{} directly
Flavors: r-devel-linux-x86_64-debian-clang, r-devel-linux-x86_64-debian-gcc, r-devel-linux-x86_64-fedora-clang, r-devel-linux-x86_64-fedora-gcc, r-devel-windows-x86_64, r-patched-linux-x86_64, r-release-linux-x86_64, r-release-macos-arm64, r-release-macos-x86_64, r-release-windows-x86_64