CRAN Package Check Results for Package CondMVT

Last updated on 2025-02-10 03:49:15 CET.

Flavor Version Tinstall Tcheck Ttotal Status Flags
r-devel-linux-x86_64-debian-clang 0.1.0 2.53 33.15 35.68 NOTE
r-devel-linux-x86_64-debian-gcc 0.1.0 1.84 22.21 24.05 NOTE
r-devel-linux-x86_64-fedora-clang 0.1.0 56.28 OK
r-devel-linux-x86_64-fedora-gcc 0.1.0 52.05 OK
r-devel-windows-x86_64 0.1.0 3.00 52.00 55.00 NOTE
r-patched-linux-x86_64 0.1.0 3.31 29.54 32.85 OK
r-release-linux-x86_64 0.1.0 2.50 29.02 31.52 OK
r-release-macos-arm64 0.1.0 20.00 OK
r-release-macos-x86_64 0.1.0 27.00 OK
r-release-windows-x86_64 0.1.0 4.00 52.00 56.00 OK
r-oldrel-macos-arm64 0.1.0 20.00 OK
r-oldrel-macos-x86_64 0.1.0 30.00 OK
r-oldrel-windows-x86_64 0.1.0 3.00 56.00 59.00 OK

Check Details

Version: 0.1.0
Check: Rd cross-references
Result: NOTE Found the following Rd file(s) with Rd \link{} targets missing package anchors: pcmvt.Rd: pmvt, GenzBretz Please provide package anchors for all Rd \link{} targets not in the package itself and the base packages. Flavors: r-devel-linux-x86_64-debian-clang, r-devel-linux-x86_64-debian-gcc, r-devel-windows-x86_64