Last updated on 2025-02-10 03:49:14 CET.
Flavor | Version | Tinstall | Tcheck | Ttotal | Status | Flags |
---|---|---|---|---|---|---|
r-devel-linux-x86_64-debian-clang | 0.5.0 | 7.61 | 77.56 | 85.17 | NOTE | |
r-devel-linux-x86_64-debian-gcc | 0.5.0 | 6.26 | 55.37 | 61.63 | NOTE | |
r-devel-linux-x86_64-fedora-clang | 0.5.0 | 137.28 | OK | |||
r-devel-linux-x86_64-fedora-gcc | 0.5.0 | 140.56 | OK | |||
r-devel-windows-x86_64 | 0.5.0 | 9.00 | 97.00 | 106.00 | NOTE | |
r-patched-linux-x86_64 | 0.5.0 | 14.63 | 69.24 | 83.87 | OK | |
r-release-linux-x86_64 | 0.5.0 | 5.95 | 71.11 | 77.06 | OK | |
r-release-macos-arm64 | 0.5.0 | 42.00 | OK | |||
r-release-macos-x86_64 | 0.5.0 | 71.00 | OK | |||
r-release-windows-x86_64 | 0.5.0 | 9.00 | 99.00 | 108.00 | OK | |
r-oldrel-macos-arm64 | 0.5.0 | 47.00 | OK | |||
r-oldrel-macos-x86_64 | 0.5.0 | 74.00 | OK | |||
r-oldrel-windows-x86_64 | 0.5.0 | 13.00 | 113.00 | 126.00 | OK |
Version: 0.5.0
Check: Rd cross-references
Result: NOTE
Found the following Rd file(s) with Rd \link{} targets missing package
anchors:
hats_alignSpectra2D.Rd: rowDist
Please provide package anchors for all Rd \link{} targets not in the
package itself and the base packages.
Flavors: r-devel-linux-x86_64-debian-clang, r-devel-linux-x86_64-debian-gcc, r-devel-windows-x86_64