Last updated on 2024-08-17 05:49:18 CEST.
Flavor | Version | Tinstall | Tcheck | Ttotal | Status | Flags |
---|---|---|---|---|---|---|
r-devel-linux-x86_64-debian-clang | 3.6 | 47.34 | 370.50 | 417.84 | OK | |
r-devel-linux-x86_64-debian-gcc | 3.6 | 34.81 | 256.26 | 291.07 | OK | |
r-devel-linux-x86_64-fedora-clang | 3.6 | 715.16 | NOTE | |||
r-devel-linux-x86_64-fedora-gcc | 3.6 | 670.25 | NOTE | |||
r-devel-windows-x86_64 | 3.6 | 28.00 | 225.00 | 253.00 | OK | |
r-patched-linux-x86_64 | 3.6 | 46.39 | 352.81 | 399.20 | OK | |
r-release-linux-x86_64 | 3.6 | 42.34 | 354.47 | 396.81 | OK | |
r-release-macos-arm64 | 3.6 | 294.00 | OK | |||
r-release-macos-x86_64 | 3.6 | 293.00 | OK | |||
r-release-windows-x86_64 | 3.6 | 30.00 | 240.00 | 270.00 | OK | |
r-oldrel-macos-arm64 | 3.6 | 123.00 | OK | |||
r-oldrel-macos-x86_64 | 3.6 | 265.00 | OK | |||
r-oldrel-windows-x86_64 | 3.6 | 40.00 | 296.00 | 336.00 | OK |
Version: 3.6
Check: dependencies in R code
Result: NOTE
Namespace in Imports field not imported from: ‘Rcpp’
All declared Imports should be used.
Flavors: r-devel-linux-x86_64-fedora-clang, r-devel-linux-x86_64-fedora-gcc