Last updated on 2024-08-17 05:49:18 CEST.
Flavor | Version | Tinstall | Tcheck | Ttotal | Status | Flags |
---|---|---|---|---|---|---|
r-devel-linux-x86_64-debian-clang | 0.2.0 | 6.42 | 42.96 | 49.38 | NOTE | |
r-devel-linux-x86_64-debian-gcc | 0.2.0 | 4.52 | 32.07 | 36.59 | NOTE | |
r-devel-linux-x86_64-fedora-clang | 0.2.0 | 78.21 | NOTE | |||
r-devel-linux-x86_64-fedora-gcc | 0.2.0 | 73.31 | NOTE | |||
r-devel-windows-x86_64 | 0.2.0 | 8.00 | 64.00 | 72.00 | NOTE | |
r-patched-linux-x86_64 | 0.2.0 | 11.56 | 40.03 | 51.59 | NOTE | |
r-release-linux-x86_64 | 0.2.0 | 4.54 | 41.28 | 45.82 | NOTE | |
r-release-macos-arm64 | 0.2.0 | 27.00 | NOTE | |||
r-release-macos-x86_64 | 0.2.0 | 38.00 | NOTE | |||
r-release-windows-x86_64 | 0.2.0 | 9.00 | 63.00 | 72.00 | NOTE | |
r-oldrel-macos-arm64 | 0.2.0 | 26.00 | NOTE | |||
r-oldrel-macos-x86_64 | 0.2.0 | 37.00 | NOTE | |||
r-oldrel-windows-x86_64 | 0.2.0 | 10.00 | 70.00 | 80.00 | NOTE |
Version: 0.2.0
Check: Rd cross-references
Result: NOTE
Found the following Rd file(s) with Rd \link{} targets missing package
anchors:
myCarousel.Rd: carouselItem
Please provide package anchors for all Rd \link{} targets not in the
package itself and the base packages.
Flavors: r-devel-linux-x86_64-debian-clang, r-devel-linux-x86_64-debian-gcc, r-devel-windows-x86_64
Version: 0.2.0
Check: LazyData
Result: NOTE
'LazyData' is specified without a 'data' directory
Flavors: r-devel-linux-x86_64-debian-clang, r-devel-linux-x86_64-debian-gcc, r-devel-linux-x86_64-fedora-clang, r-devel-linux-x86_64-fedora-gcc, r-devel-windows-x86_64, r-patched-linux-x86_64, r-release-linux-x86_64, r-release-macos-arm64, r-release-macos-x86_64, r-release-windows-x86_64, r-oldrel-macos-arm64, r-oldrel-macos-x86_64, r-oldrel-windows-x86_64
Version: 0.2.0
Check: dependencies in R code
Result: NOTE
Namespaces in Imports field not imported from:
‘htmltools’ ‘shinydashboard’
All declared Imports should be used.
Flavors: r-devel-linux-x86_64-fedora-clang, r-devel-linux-x86_64-fedora-gcc