Last updated on 2025-02-04 05:50:16 CET.
Flavor | Version | Tinstall | Tcheck | Ttotal | Status | Flags |
---|---|---|---|---|---|---|
r-devel-linux-x86_64-debian-clang | 1.2.0 | 13.69 | 107.69 | 121.38 | OK | |
r-devel-linux-x86_64-debian-gcc | 1.2.0 | 9.37 | 80.83 | 90.20 | OK | |
r-devel-linux-x86_64-fedora-clang | 1.2.0 | 204.72 | OK | |||
r-devel-linux-x86_64-fedora-gcc | 1.2.0 | 180.54 | OK | |||
r-devel-windows-x86_64 | 1.2.0 | 15.00 | 107.00 | 122.00 | OK | |
r-patched-linux-x86_64 | 1.2.0 | 10.61 | 99.16 | 109.77 | NOTE | |
r-release-linux-x86_64 | 1.2.0 | 10.34 | 99.24 | 109.58 | NOTE | |
r-release-macos-arm64 | 1.2.0 | 50.00 | NOTE | |||
r-release-macos-x86_64 | 1.2.0 | 81.00 | NOTE | |||
r-release-windows-x86_64 | 1.2.0 | 14.00 | 101.00 | 115.00 | NOTE | |
r-oldrel-macos-arm64 | 1.2.0 | 54.00 | NOTE | |||
r-oldrel-macos-x86_64 | 1.2.0 | 113.00 | NOTE | |||
r-oldrel-windows-x86_64 | 1.2.0 | 15.00 | 126.00 | 141.00 | NOTE |
Version: 1.2.0
Check: LazyData
Result: NOTE
'LazyData' is specified without a 'data' directory
Flavors: r-patched-linux-x86_64, r-release-linux-x86_64, r-release-macos-arm64, r-release-macos-x86_64, r-release-windows-x86_64, r-oldrel-macos-arm64, r-oldrel-macos-x86_64, r-oldrel-windows-x86_64