Last updated on 2025-02-10 03:49:15 CET.
Flavor | Version | Tinstall | Tcheck | Ttotal | Status | Flags |
---|---|---|---|---|---|---|
r-devel-linux-x86_64-debian-clang | 1.3.4 | 2.99 | 44.52 | 47.51 | NOTE | |
r-devel-linux-x86_64-debian-gcc | 1.3.4 | 2.19 | 34.46 | 36.65 | NOTE | |
r-devel-linux-x86_64-fedora-clang | 1.3.4 | 77.93 | NOTE | |||
r-devel-linux-x86_64-fedora-gcc | 1.3.4 | 75.32 | NOTE | |||
r-devel-windows-x86_64 | 1.3.4 | 5.00 | 85.00 | 90.00 | NOTE | |
r-patched-linux-x86_64 | 1.3.4 | 3.62 | 42.28 | 45.90 | NOTE | |
r-release-linux-x86_64 | 1.3.4 | 2.46 | 42.71 | 45.17 | NOTE | |
r-release-macos-arm64 | 1.3.4 | 29.00 | NOTE | |||
r-release-macos-x86_64 | 1.3.4 | 45.00 | NOTE | |||
r-release-windows-x86_64 | 1.3.4 | 5.00 | 85.00 | 90.00 | NOTE | |
r-oldrel-macos-arm64 | 1.3.4 | 28.00 | OK | |||
r-oldrel-macos-x86_64 | 1.3.4 | 44.00 | OK | |||
r-oldrel-windows-x86_64 | 1.3.4 | 5.00 | 93.00 | 98.00 | OK |
Version: 1.3.4
Check: Rd files
Result: NOTE
checkRd: (-1) fasttrakg.Rd:18: Lost braces
18 | \item{\code{killip}}{Killip level of cardiac event severity (1-4)age75}{1= Age>75; 0=Age<=75}
| ^
Flavors: r-devel-linux-x86_64-debian-clang, r-devel-linux-x86_64-debian-gcc, r-devel-linux-x86_64-fedora-clang, r-devel-linux-x86_64-fedora-gcc, r-devel-windows-x86_64, r-patched-linux-x86_64, r-release-linux-x86_64, r-release-macos-arm64, r-release-macos-x86_64, r-release-windows-x86_64
Version: 1.3.4
Check: Rd cross-references
Result: NOTE
Found the following Rd file(s) with Rd \link{} targets missing package
anchors:
ml.nb1.Rd: glm.nb
ml.nb2.Rd: glm.nb
ml.nbc.Rd: glm.nb
ml.pois.Rd: glm.nb
modelfit.Rd: glm.nb
Please provide package anchors for all Rd \link{} targets not in the
package itself and the base packages.
Flavors: r-devel-linux-x86_64-debian-clang, r-devel-linux-x86_64-debian-gcc, r-devel-windows-x86_64